NOAA-Style Climate Reports
Select a Year or Month report
2024: jan feb maa apr mei jun jul aug sep okt nov dec
2023: jan feb maa apr mei jun jul aug sep okt nov dec
2022: jan feb maa apr mei jun jul aug sep okt nov dec
2021: jan feb maa apr mei jun jul aug sep okt nov dec
2020: jan feb maa apr mei jun jul aug sep okt nov dec
2019: jan feb maa apr mei jun jul aug sep okt nov dec
2018: jan feb maa apr mei jun jul aug sep okt nov dec
2017: jan feb maa apr mei jun jul aug sep okt nov dec
2016: jan feb maa apr mei jun jul aug sep okt nov dec
2015: jan feb maa apr mei jun jul aug sep okt nov dec
2014: jan feb maa apr mei jun jul aug sep okt nov dec
2013: jan feb maa apr mei jun jul aug sep okt nov dec
2012: jan feb maa apr mei jun jul aug sep okt nov dec
2011: jan feb maa apr mei jun jul aug sep okt nov dec
2010: jan feb maa apr mei jun jul aug sep okt nov dec
2024: jan feb maa apr mei jun jul aug sep okt nov dec
2023: jan feb maa apr mei jun jul aug sep okt nov dec
2022: jan feb maa apr mei jun jul aug sep okt nov dec
2021: jan feb maa apr mei jun jul aug sep okt nov dec
2020: jan feb maa apr mei jun jul aug sep okt nov dec
2019: jan feb maa apr mei jun jul aug sep okt nov dec
2018: jan feb maa apr mei jun jul aug sep okt nov dec
2017: jan feb maa apr mei jun jul aug sep okt nov dec
2016: jan feb maa apr mei jun jul aug sep okt nov dec
2015: jan feb maa apr mei jun jul aug sep okt nov dec
2014: jan feb maa apr mei jun jul aug sep okt nov dec
2013: jan feb maa apr mei jun jul aug sep okt nov dec
2012: jan feb maa apr mei jun jul aug sep okt nov dec
2011: jan feb maa apr mei jun jul aug sep okt nov dec
2010: jan feb maa apr mei jun jul aug sep okt nov dec
Rapport voor 2023 juni
Daily noaa report MONTHLY CLIMATOLOGICAL SUMMARY for JUN. 2023 NAME: Ekeren CITY: Antwerp STATE: Belgium ELEV: 14 LAT: 51:17:80 LONG: -4:25:20 TEMPERATURE ( °C), RAIN (mm), WIND SPEED (kmh) HEAT COOL AVG MEAN DEG DEG WIND DOM DAY TEMP HIGH TIME LOW TIME DAYS DAYS RAIN SPEED HIGH TIME DIR -------------------------------------------------------------------------------------------------------- 15 22.5 25.8 19:01 19.7 00:00 00.0 04.2 00.0 00.5 25.9 19:05 N 16 22.0 28.7 16:53 14.2 05:54 00.0 03.7 00.0 00.2 22.2 17:34 N 17 22.3 29.2 15:50 14.3 05:56 00.0 04.0 00.0 00.1 11.1 15:20 E 18 21.8 26.2 18:04 17.7 05:59 00.0 03.5 00.2 00.2 22.2 23:46 SSE 19 22.3 27.3 17:58 18.4 09:24 00.0 04.0 00.0 04.0 35.1 02:05 SSW 20 22.8 30.0 15:28 18.7 23:49 00.0 04.5 12.6 00.4 22.2 17:06 SSW 21 21.7 26.9 15:35 18.4 03:07 00.0 03.4 00.2 04.9 24.1 12:47 SW 22 18.7 21.1 12:12 16.1 05:35 00.0 00.4 09.0 01.8 18.5 19:04 NNW 23 21.0 26.3 18:04 14.9 04:31 00.0 02.7 00.0 03.1 18.5 15:03 WNW 24 22.0 28.4 16:29 15.7 03:32 00.0 03.7 00.0 01.8 22.2 13:20 SW 25 25.3 32.6 16:42 15.9 05:54 00.0 07.0 00.0 00.7 25.9 17:03 S 26 21.2 27.3 00:20 18.6 07:05 00.0 02.9 00.0 01.7 27.8 13:32 W 27 19.4 22.9 15:32 15.8 06:38 00.0 01.1 00.0 00.7 22.2 18:14 W 28 19.6 23.6 16:05 15.9 04:52 00.0 01.3 00.6 00.2 18.5 12:12 W 29 19.5 24.0 13:39 15.3 22:52 00.0 01.2 00.6 00.9 24.1 13:02 WNW 30 18.1 23.7 16:59 11.2 06:13 00.2 00.0 00.2 03.5 35.1 20:56 SSW -------------------------------------------------------------------------------------------------------- 21.3 (21.4) 32.6 day 25 11.2 day 30 000.2 047.6 023.4 01.6 35.2 day 30 SW Max > 30: 2 Min < 30: 16 Max Rain: 12.6 ON 20-06-23 Days of Rain: 7 (> .2mm) 2 (> 2mm) 0 (> 20mm)