NOAA-Style Climate Reports
Select a Year or Month report
2024: jan feb maa apr mei jun jul aug sep okt nov dec
2023: jan feb maa apr mei jun jul aug sep okt nov dec
2022: jan feb maa apr mei jun jul aug sep okt nov dec
2021: jan feb maa apr mei jun jul aug sep okt nov dec
2020: jan feb maa apr mei jun jul aug sep okt nov dec
2019: jan feb maa apr mei jun jul aug sep okt nov dec
2018: jan feb maa apr mei jun jul aug sep okt nov dec
2017: jan feb maa apr mei jun jul aug sep okt nov dec
2016: jan feb maa apr mei jun jul aug sep okt nov dec
2015: jan feb maa apr mei jun jul aug sep okt nov dec
2014: jan feb maa apr mei jun jul aug sep okt nov dec
2013: jan feb maa apr mei jun jul aug sep okt nov dec
2012: jan feb maa apr mei jun jul aug sep okt nov dec
2011: jan feb maa apr mei jun jul aug sep okt nov dec
2010: jan feb maa apr mei jun jul aug sep okt nov dec
2024: jan feb maa apr mei jun jul aug sep okt nov dec
2023: jan feb maa apr mei jun jul aug sep okt nov dec
2022: jan feb maa apr mei jun jul aug sep okt nov dec
2021: jan feb maa apr mei jun jul aug sep okt nov dec
2020: jan feb maa apr mei jun jul aug sep okt nov dec
2019: jan feb maa apr mei jun jul aug sep okt nov dec
2018: jan feb maa apr mei jun jul aug sep okt nov dec
2017: jan feb maa apr mei jun jul aug sep okt nov dec
2016: jan feb maa apr mei jun jul aug sep okt nov dec
2015: jan feb maa apr mei jun jul aug sep okt nov dec
2014: jan feb maa apr mei jun jul aug sep okt nov dec
2013: jan feb maa apr mei jun jul aug sep okt nov dec
2012: jan feb maa apr mei jun jul aug sep okt nov dec
2011: jan feb maa apr mei jun jul aug sep okt nov dec
2010: jan feb maa apr mei jun jul aug sep okt nov dec
Rapport voor 2023 januari
Daily noaa report MONTHLY CLIMATOLOGICAL SUMMARY for JAN. 2023 NAME: Ekeren CITY: Antwerp STATE: Belgium ELEV: 14 LAT: 51:17:80 LONG: -4:25:20 TEMPERATURE ( °C), RAIN (mm), WIND SPEED (kmh) HEAT COOL AVG MEAN DEG DEG WIND DOM DAY TEMP HIGH TIME LOW TIME DAYS DAYS RAIN SPEED HIGH TIME DIR -------------------------------------------------------------------------------------------------------- 12 10.9 11.3 21:58 10.4 00:00 07.4 00.0 03.4 12.7 44.4 22:45 SSW 13 09.2 10.4 00:09 08.1 07:49 09.1 00.0 00.8 12.2 46.3 16:18 SSW 14 09.3 12.1 18:35 06.7 03:19 09.0 00.0 09.8 14.2 51.8 16:41 SSW 15 06.8 08.8 00:05 04.8 23:49 11.5 00.0 01.2 13.3 57.4 12:23 SSW 16 04.9 06.3 15:10 03.2 00:00 13.4 00.0 12.6 07.9 37.0 21:56 S 17 01.4 04.6 15:20 -01.5 00:00 16.9 00.0 01.0 02.6 24.1 00:42 SSW 18 01.3 05.4 15:07 -02.9 04:57 17.0 00.0 00.4 06.6 29.6 15:54 SSW 19 02.3 04.6 13:21 00.7 23:23 16.0 00.0 01.4 07.3 25.9 00:08 SSW 20 01.4 03.1 11:12 00.1 00:00 16.9 00.0 16.0 05.0 22.2 21:41 SSW 21 -00.4 02.1 15:38 -02.1 09:11 18.7 00.0 00.8 02.2 16.6 23:53 NNE 22 00.4 01.4 16:27 -01.2 06:43 17.9 00.0 00.2 03.5 18.5 15:16 N 23 02.5 03.8 16:44 01.3 04:08 15.8 00.0 00.4 02.7 22.2 18:54 NNE 24 02.1 03.1 00:45 00.9 00:00 16.2 00.0 00.0 02.8 18.5 11:26 ENE 25 00.2 01.0 00:04 -00.4 18:59 18.1 00.0 00.0 02.8 22.2 17:37 S 26 04.1 07.8 15:39 00.1 00:14 14.2 00.0 02.2 04.0 25.9 14:06 N 27 04.7 06.1 01:04 03.8 07:47 13.6 00.0 00.0 05.2 24.1 05:07 NNE 28 02.7 05.1 14:41 -01.3 00:00 15.6 00.0 00.0 02.2 16.6 10:48 NNE 29 02.4 05.4 00:00 -01.8 02:45 15.9 00.0 00.0 06.7 31.4 18:34 SSW 30 07.2 09.1 11:47 05.4 23:53 11.1 00.0 00.0 08.3 44.4 14:16 W 31 06.6 09.4 17:58 04.0 05:51 11.7 00.0 00.4 07.8 33.3 11:40 SW -------------------------------------------------------------------------------------------------------- 04.0 (4.0) 12.1 day 14 -02.9 day 18 286.0 000.0 103.4 06.5 57.4 day 15 SSW Min < 30: 20 Max Rain: 16.0 ON 20-01-23 Days of Rain: 14 (> .2mm) 5 (> 2mm) 0 (> 20mm)