NOAA-Style Climate Reports
Select a Year or Month report
2024: jan feb maa apr mei jun jul aug sep okt nov dec
2023: jan feb maa apr mei jun jul aug sep okt nov dec
2022: jan feb maa apr mei jun jul aug sep okt nov dec
2021: jan feb maa apr mei jun jul aug sep okt nov dec
2020: jan feb maa apr mei jun jul aug sep okt nov dec
2019: jan feb maa apr mei jun jul aug sep okt nov dec
2018: jan feb maa apr mei jun jul aug sep okt nov dec
2017: jan feb maa apr mei jun jul aug sep okt nov dec
2016: jan feb maa apr mei jun jul aug sep okt nov dec
2015: jan feb maa apr mei jun jul aug sep okt nov dec
2014: jan feb maa apr mei jun jul aug sep okt nov dec
2013: jan feb maa apr mei jun jul aug sep okt nov dec
2012: jan feb maa apr mei jun jul aug sep okt nov dec
2011: jan feb maa apr mei jun jul aug sep okt nov dec
2010: jan feb maa apr mei jun jul aug sep okt nov dec
2024: jan feb maa apr mei jun jul aug sep okt nov dec
2023: jan feb maa apr mei jun jul aug sep okt nov dec
2022: jan feb maa apr mei jun jul aug sep okt nov dec
2021: jan feb maa apr mei jun jul aug sep okt nov dec
2020: jan feb maa apr mei jun jul aug sep okt nov dec
2019: jan feb maa apr mei jun jul aug sep okt nov dec
2018: jan feb maa apr mei jun jul aug sep okt nov dec
2017: jan feb maa apr mei jun jul aug sep okt nov dec
2016: jan feb maa apr mei jun jul aug sep okt nov dec
2015: jan feb maa apr mei jun jul aug sep okt nov dec
2014: jan feb maa apr mei jun jul aug sep okt nov dec
2013: jan feb maa apr mei jun jul aug sep okt nov dec
2012: jan feb maa apr mei jun jul aug sep okt nov dec
2011: jan feb maa apr mei jun jul aug sep okt nov dec
2010: jan feb maa apr mei jun jul aug sep okt nov dec
Rapport voor 2022 september
Daily noaa report MONTHLY CLIMATOLOGICAL SUMMARY for SEP. 2022 NAME: Ekeren CITY: Antwerp STATE: Belgium ELEV: 14 LAT: 51:17:80 LONG: -4:25:20 TEMPERATURE ( °C), RAIN (mm), WIND SPEED (kmh) HEAT COOL AVG MEAN DEG DEG WIND DOM DAY TEMP HIGH TIME LOW TIME DAYS DAYS RAIN SPEED HIGH TIME DIR -------------------------------------------------------------------------------------------------------- 16 12.9 15.2 15:34 10.8 20:13 05.4 00.0 15.8 04.6 27.8 16:44 WNW 17 12.6 17.5 14:54 09.4 05:15 05.7 00.0 06.0 04.0 33.3 16:42 NNW 18 12.9 15.7 14:50 10.0 23:52 05.4 00.0 09.0 04.8 31.4 18:35 WNW 19 13.0 17.7 14:47 08.5 07:16 05.3 00.0 00.2 03.0 29.6 16:56 NNW 20 13.3 17.4 13:30 09.3 00:00 05.0 00.0 00.0 01.7 18.5 17:17 NW 21 11.8 18.8 15:40 06.9 07:43 06.5 00.0 00.0 00.3 14.8 17:26 NNE 22 12.2 20.0 16:01 05.6 07:47 06.1 00.0 00.0 00.1 18.5 15:00 S 23 13.4 18.8 15:20 08.3 05:13 04.9 00.0 01.4 00.5 24.1 23:34 SSW 24 13.4 15.1 14:11 12.3 00:00 04.9 00.0 05.4 05.3 29.6 05:02 SSW 25 12.6 18.1 16:14 07.3 07:38 05.7 00.0 00.2 02.5 24.1 16:28 NNW 26 12.2 13.2 18:37 10.4 00:00 06.1 00.0 09.2 06.5 40.7 12:44 SSW 27 10.3 13.4 13:17 08.0 21:46 08.0 00.0 17.0 05.2 46.3 13:47 SW 28 10.6 14.7 16:47 06.9 00:00 07.7 00.0 01.6 04.0 22.2 16:17 WSW 29 09.8 16.8 16:06 04.6 07:35 08.5 00.0 00.0 01.2 14.8 16:10 WSW 30 11.6 17.4 16:01 04.7 07:03 06.7 00.0 00.8 06.2 37.0 22:47 SSW -------------------------------------------------------------------------------------------------------- 12.2 (12.4) 20.0 day 22 04.6 day 29 091.9 000.0 121.6 03.3 46.3 day 27 WSW Min < 30: 15 Max Rain: 17.0 ON 27-09-22 Days of Rain: 11 (> .2mm) 6 (> 2mm) 0 (> 20mm)