NOAA-Style Climate Reports
Select a Year or Month report
2024: jan feb maa apr mei jun jul aug sep okt nov dec
2023: jan feb maa apr mei jun jul aug sep okt nov dec
2022: jan feb maa apr mei jun jul aug sep okt nov dec
2021: jan feb maa apr mei jun jul aug sep okt nov dec
2020: jan feb maa apr mei jun jul aug sep okt nov dec
2019: jan feb maa apr mei jun jul aug sep okt nov dec
2018: jan feb maa apr mei jun jul aug sep okt nov dec
2017: jan feb maa apr mei jun jul aug sep okt nov dec
2016: jan feb maa apr mei jun jul aug sep okt nov dec
2015: jan feb maa apr mei jun jul aug sep okt nov dec
2014: jan feb maa apr mei jun jul aug sep okt nov dec
2013: jan feb maa apr mei jun jul aug sep okt nov dec
2012: jan feb maa apr mei jun jul aug sep okt nov dec
2011: jan feb maa apr mei jun jul aug sep okt nov dec
2010: jan feb maa apr mei jun jul aug sep okt nov dec
2024: jan feb maa apr mei jun jul aug sep okt nov dec
2023: jan feb maa apr mei jun jul aug sep okt nov dec
2022: jan feb maa apr mei jun jul aug sep okt nov dec
2021: jan feb maa apr mei jun jul aug sep okt nov dec
2020: jan feb maa apr mei jun jul aug sep okt nov dec
2019: jan feb maa apr mei jun jul aug sep okt nov dec
2018: jan feb maa apr mei jun jul aug sep okt nov dec
2017: jan feb maa apr mei jun jul aug sep okt nov dec
2016: jan feb maa apr mei jun jul aug sep okt nov dec
2015: jan feb maa apr mei jun jul aug sep okt nov dec
2014: jan feb maa apr mei jun jul aug sep okt nov dec
2013: jan feb maa apr mei jun jul aug sep okt nov dec
2012: jan feb maa apr mei jun jul aug sep okt nov dec
2011: jan feb maa apr mei jun jul aug sep okt nov dec
2010: jan feb maa apr mei jun jul aug sep okt nov dec
Rapport voor 2022 augustus
Daily noaa report MONTHLY CLIMATOLOGICAL SUMMARY for AUG. 2022 NAME: Ekeren CITY: Antwerp STATE: Belgium ELEV: 14 LAT: 51:17:80 LONG: -4:25:20 TEMPERATURE ( °C), RAIN (mm), WIND SPEED (kmh) HEAT COOL AVG MEAN DEG DEG WIND DOM DAY TEMP HIGH TIME LOW TIME DAYS DAYS RAIN SPEED HIGH TIME DIR -------------------------------------------------------------------------------------------------------- 09 25.2 28.8 17:08 19.7 00:00 00.0 06.9 00.0 02.6 24.1 16:32 NNE 10 23.5 32.1 17:21 15.3 07:09 00.0 05.2 00.0 01.3 22.2 16:53 NE 11 25.2 33.5 17:20 17.2 07:12 00.0 06.9 00.0 00.9 18.5 17:24 NE 12 25.7 33.7 16:07 17.2 07:08 00.0 07.4 00.0 00.9 27.8 17:39 ENE 13 25.3 33.6 16:34 16.3 06:59 00.0 07.0 00.0 00.4 22.2 13:59 ESE 14 25.5 33.4 16:51 16.9 07:04 00.0 07.2 00.0 00.4 25.9 13:25 SE 15 23.7 28.9 15:48 19.2 05:33 00.0 05.4 03.0 00.3 22.2 13:18 SSW 16 23.2 28.8 15:54 17.8 05:11 00.0 04.9 00.0 00.3 22.2 12:47 WSW 17 20.1 21.9 02:30 17.7 00:00 00.0 01.8 07.0 00.3 11.1 19:23 NNE 18 20.8 26.4 17:26 15.6 07:00 00.0 02.5 00.0 01.5 18.5 18:15 NNW 19 19.9 24.8 16:03 17.2 07:45 00.0 01.6 03.6 03.5 25.9 16:30 SSW 20 19.7 24.1 13:31 15.1 00:00 00.0 01.4 00.0 03.7 22.2 17:48 WSW 21 19.1 23.9 14:53 14.5 01:16 00.0 00.8 00.0 01.2 22.2 11:54 SW 22 21.2 27.8 17:03 16.2 07:00 00.0 02.9 00.0 00.1 14.8 13:23 NNE 23 18.5 23.8 08:00 16.3 07:31 00.0 00.2 00.0 00.0 09.3 09:18 SSE 24 26.8 31.6 16:29 18.8 08:03 00.0 08.5 00.0 00.2 16.6 15:06 ENE 25 24.2 33.8 14:53 18.7 06:18 00.0 05.9 00.0 01.6 25.9 23:02 N 26 20.1 22.7 17:37 16.3 00:00 00.0 01.8 00.0 03.8 22.2 15:43 NNW 27 18.1 23.3 17:50 13.1 06:57 00.2 00.0 00.0 00.1 18.5 23:23 N 28 18.7 24.9 16:02 13.2 07:57 00.0 00.4 00.0 00.4 29.6 14:32 NNE 29 17.9 24.2 15:47 12.2 07:37 00.4 00.0 00.0 00.2 18.5 17:46 N 30 19.8 26.7 16:21 15.1 07:18 00.0 01.5 00.0 00.6 24.1 11:43 NNE 31 19.8 26.3 16:35 14.1 07:38 00.0 01.5 00.0 00.7 25.9 11:37 NNE -------------------------------------------------------------------------------------------------------- 21.8 (22.0) 33.8 day 25 12.2 day 29 000.5 081.8 014.0 01.1 29.6 day 14 N Max > 30: 7 Min < 30: 23 Max Rain: 7.0 ON 17-08-22 Days of Rain: 3 (> .2mm) 3 (> 2mm) 0 (> 20mm)