NOAA-Style Climate Reports
Select a Year or Month report
2024: jan feb maa apr mei jun jul aug sep okt nov dec
2023: jan feb maa apr mei jun jul aug sep okt nov dec
2022: jan feb maa apr mei jun jul aug sep okt nov dec
2021: jan feb maa apr mei jun jul aug sep okt nov dec
2020: jan feb maa apr mei jun jul aug sep okt nov dec
2019: jan feb maa apr mei jun jul aug sep okt nov dec
2018: jan feb maa apr mei jun jul aug sep okt nov dec
2017: jan feb maa apr mei jun jul aug sep okt nov dec
2016: jan feb maa apr mei jun jul aug sep okt nov dec
2015: jan feb maa apr mei jun jul aug sep okt nov dec
2014: jan feb maa apr mei jun jul aug sep okt nov dec
2013: jan feb maa apr mei jun jul aug sep okt nov dec
2012: jan feb maa apr mei jun jul aug sep okt nov dec
2011: jan feb maa apr mei jun jul aug sep okt nov dec
2010: jan feb maa apr mei jun jul aug sep okt nov dec
2024: jan feb maa apr mei jun jul aug sep okt nov dec
2023: jan feb maa apr mei jun jul aug sep okt nov dec
2022: jan feb maa apr mei jun jul aug sep okt nov dec
2021: jan feb maa apr mei jun jul aug sep okt nov dec
2020: jan feb maa apr mei jun jul aug sep okt nov dec
2019: jan feb maa apr mei jun jul aug sep okt nov dec
2018: jan feb maa apr mei jun jul aug sep okt nov dec
2017: jan feb maa apr mei jun jul aug sep okt nov dec
2016: jan feb maa apr mei jun jul aug sep okt nov dec
2015: jan feb maa apr mei jun jul aug sep okt nov dec
2014: jan feb maa apr mei jun jul aug sep okt nov dec
2013: jan feb maa apr mei jun jul aug sep okt nov dec
2012: jan feb maa apr mei jun jul aug sep okt nov dec
2011: jan feb maa apr mei jun jul aug sep okt nov dec
2010: jan feb maa apr mei jun jul aug sep okt nov dec
Rapport voor 2022 april
Daily noaa report MONTHLY CLIMATOLOGICAL SUMMARY for APR. 2022 NAME: Ekeren CITY: Antwerp STATE: Belgium ELEV: 14 LAT: 51:17:80 LONG: -4:25:20 TEMPERATURE ( °C), RAIN (mm), WIND SPEED (kmh) HEAT COOL AVG MEAN DEG DEG WIND DOM DAY TEMP HIGH TIME LOW TIME DAYS DAYS RAIN SPEED HIGH TIME DIR -------------------------------------------------------------------------------------------------------- 12 18.9 22.4 17:06 14.6 00:00 00.0 00.6 00.0 05.4 24.1 17:22 SSW 13 14.1 16.5 17:40 11.0 07:10 04.2 00.0 00.6 01.3 16.7 16:18 WSW 14 13.8 19.6 14:31 08.3 07:44 04.5 00.0 00.0 02.9 22.2 17:40 WNW 15 11.0 18.0 17:14 06.5 07:36 07.3 00.0 00.0 02.1 18.5 18:27 NNE 16 12.4 19.0 16:23 06.5 07:26 05.9 00.0 00.0 02.4 22.2 15:08 E 21 09.8 16.4 20:03 03.8 07:16 08.5 00.0 00.0 00.7 14.8 21:24 E 22 11.7 15.9 14:47 08.7 07:17 06.6 00.0 00.0 00.2 22.2 10:55 ENE 23 14.9 21.4 17:06 09.6 07:38 03.4 00.0 00.0 00.7 29.6 16:25 ENE 24 14.6 20.7 15:26 09.6 07:50 03.7 00.0 00.0 01.4 27.8 14:58 NNE 25 10.1 14.7 12:59 06.6 06:13 08.2 00.0 00.0 00.2 24.1 16:57 NNE 26 10.9 16.1 15:33 07.9 00:00 07.4 00.0 00.0 01.4 33.3 13:30 N 27 10.7 17.2 16:29 04.5 06:53 07.6 00.0 00.0 00.7 22.2 20:03 N 28 11.4 18.7 14:49 04.7 06:55 06.9 00.0 00.0 00.6 22.2 15:32 NNE 29 10.8 17.2 16:19 06.6 07:16 07.5 00.0 00.0 00.8 24.1 23:00 NNE 30 09.1 12.8 13:46 04.5 06:55 09.2 00.0 00.0 00.5 22.2 15:36 N -------------------------------------------------------------------------------------------------------- 12.3 (12.7) 22.4 day 12 03.8 day 17 091.0 000.6 023.2 01.4 33.3 day 12 NNE Min < 30: 15 Max Rain: 0.6 ON 13-04-22 Days of Rain: 1 (> .2mm) 0 (> 2mm) 0 (> 20mm)