NOAA-Style Climate Reports
Select a Year or Month report
2024: jan feb maa apr mei jun jul aug sep okt nov dec
2023: jan feb maa apr mei jun jul aug sep okt nov dec
2022: jan feb maa apr mei jun jul aug sep okt nov dec
2021: jan feb maa apr mei jun jul aug sep okt nov dec
2020: jan feb maa apr mei jun jul aug sep okt nov dec
2019: jan feb maa apr mei jun jul aug sep okt nov dec
2018: jan feb maa apr mei jun jul aug sep okt nov dec
2017: jan feb maa apr mei jun jul aug sep okt nov dec
2016: jan feb maa apr mei jun jul aug sep okt nov dec
2015: jan feb maa apr mei jun jul aug sep okt nov dec
2014: jan feb maa apr mei jun jul aug sep okt nov dec
2013: jan feb maa apr mei jun jul aug sep okt nov dec
2012: jan feb maa apr mei jun jul aug sep okt nov dec
2011: jan feb maa apr mei jun jul aug sep okt nov dec
2010: jan feb maa apr mei jun jul aug sep okt nov dec
2024: jan feb maa apr mei jun jul aug sep okt nov dec
2023: jan feb maa apr mei jun jul aug sep okt nov dec
2022: jan feb maa apr mei jun jul aug sep okt nov dec
2021: jan feb maa apr mei jun jul aug sep okt nov dec
2020: jan feb maa apr mei jun jul aug sep okt nov dec
2019: jan feb maa apr mei jun jul aug sep okt nov dec
2018: jan feb maa apr mei jun jul aug sep okt nov dec
2017: jan feb maa apr mei jun jul aug sep okt nov dec
2016: jan feb maa apr mei jun jul aug sep okt nov dec
2015: jan feb maa apr mei jun jul aug sep okt nov dec
2014: jan feb maa apr mei jun jul aug sep okt nov dec
2013: jan feb maa apr mei jun jul aug sep okt nov dec
2012: jan feb maa apr mei jun jul aug sep okt nov dec
2011: jan feb maa apr mei jun jul aug sep okt nov dec
2010: jan feb maa apr mei jun jul aug sep okt nov dec
Rapport voor 2021 november
Daily noaa report MONTHLY CLIMATOLOGICAL SUMMARY for NOV. 2021 NAME: Ekeren CITY: Antwerp STATE: Belgium ELEV: 14 LAT: 51:17:80 LONG: -4:25:20 TEMPERATURE ( °C), RAIN (mm), WIND SPEED (kmh) HEAT COOL AVG MEAN DEG DEG WIND DOM DAY TEMP HIGH TIME LOW TIME DAYS DAYS RAIN SPEED HIGH TIME DIR -------------------------------------------------------------------------------------------------------- 01 10.1 13.1 13:15 07.3 22:25 08.2 00.0 06.2 11.3 42.5 07:41 S 02 08.0 10.7 16:38 04.1 00:00 10.3 00.0 01.6 03.5 22.2 09:47 SSW 03 05.8 11.1 14:36 01.9 07:14 12.5 00.0 00.2 00.6 18.5 16:22 WSW 04 07.0 11.7 14:43 01.7 07:18 11.3 00.0 01.6 01.9 22.2 14:09 NW 05 08.7 12.2 11:25 04.1 07:29 09.6 00.0 00.4 01.9 14.8 19:12 WNW 06 08.6 10.7 22:12 05.8 03:28 09.7 00.0 00.0 10.3 31.4 13:12 SSW 07 10.9 12.4 12:18 06.6 00:00 07.4 00.0 00.8 05.9 35.1 11:19 SW 08 07.5 11.6 14:11 04.0 00:00 10.8 00.0 00.0 01.1 11.1 16:12 WSW 09 07.4 12.0 15:34 03.2 06:54 10.9 00.0 00.0 02.1 18.5 12:22 SSW 10 07.5 11.9 14:42 02.4 07:45 10.8 00.0 00.0 01.5 14.8 12:26 SSW 11 09.8 12.7 14:36 07.9 05:38 08.5 00.0 00.0 02.1 14.8 15:15 SSW 12 07.7 11.6 15:04 02.9 08:41 10.6 00.0 00.4 06.0 27.8 23:38 S 13 11.5 13.3 12:24 10.0 00:03 06.8 00.0 02.6 04.6 25.9 01:32 SW 14 09.7 11.2 14:41 05.6 00:00 08.6 00.0 00.0 00.9 18.5 12:43 NE 15 06.8 07.7 13:28 05.1 01:39 11.5 00.0 00.2 01.0 16.6 10:03 NE 16 05.7 06.0 00:00 05.5 05:34 12.6 00.0 00.0 01.8 18.5 00:00 SSE 17 08.5 12.4 14:04 06.0 00:13 09.8 00.0 00.0 04.6 22.2 15:01 SSW 18 09.3 12.5 14:11 06.4 09:07 09.0 00.0 00.0 06.9 24.1 14:04 SSW 19 12.3 14.2 13:29 11.3 05:18 06.0 00.0 00.0 04.8 22.2 14:19 SW 20 10.3 11.8 01:09 08.0 23:11 08.0 00.0 00.2 06.4 22.2 00:00 SSW 21 07.6 10.9 14:14 03.1 00:00 10.7 00.0 03.2 01.9 22.2 00:02 W 22 04.6 08.8 14:20 00.7 23:23 13.7 00.0 00.2 02.0 14.8 14:20 NNE 23 05.0 09.9 13:19 -00.2 03:19 13.3 00.0 00.4 00.5 07.4 14:05 NNW 24 06.7 07.6 14:19 05.3 00:00 11.6 00.0 00.0 00.2 07.4 17:07 ENE 25 06.4 09.1 15:08 04.8 06:00 11.9 00.0 00.4 01.2 12.9 22:15 WSW 26 05.1 06.1 01:13 02.5 00:00 13.2 00.0 10.8 09.7 44.4 14:14 SSW 27 03.0 05.5 13:22 -00.3 09:03 15.3 00.0 01.8 04.4 22.2 15:25 SSW 28 03.5 04.8 11:25 01.6 09:03 14.8 00.0 00.6 01.8 16.6 13:14 NNW 29 04.6 08.6 13:09 01.8 01:05 13.7 00.0 00.6 04.6 31.4 14:08 WNW 30 08.3 10.6 23:01 04.2 00:21 10.0 00.0 07.6 10.2 31.4 10:11 SSW -------------------------------------------------------------------------------------------------------- 07.6 (7.4) 14.2 day 19 -00.3 day 27 321.1 000.0 323.6 03.9 44.4 day 26 SSW Min < 30: 30 Max Rain: 10.8 ON 26-11-21 Days of Rain: 19 (> .2mm) 5 (> 2mm) 0 (> 20mm)