NOAA-Style Climate Reports
Select a Year or Month report
2024: jan feb maa apr mei jun jul aug sep okt nov dec
2023: jan feb maa apr mei jun jul aug sep okt nov dec
2022: jan feb maa apr mei jun jul aug sep okt nov dec
2021: jan feb maa apr mei jun jul aug sep okt nov dec
2020: jan feb maa apr mei jun jul aug sep okt nov dec
2019: jan feb maa apr mei jun jul aug sep okt nov dec
2018: jan feb maa apr mei jun jul aug sep okt nov dec
2017: jan feb maa apr mei jun jul aug sep okt nov dec
2016: jan feb maa apr mei jun jul aug sep okt nov dec
2015: jan feb maa apr mei jun jul aug sep okt nov dec
2014: jan feb maa apr mei jun jul aug sep okt nov dec
2013: jan feb maa apr mei jun jul aug sep okt nov dec
2012: jan feb maa apr mei jun jul aug sep okt nov dec
2011: jan feb maa apr mei jun jul aug sep okt nov dec
2010: jan feb maa apr mei jun jul aug sep okt nov dec
2024: jan feb maa apr mei jun jul aug sep okt nov dec
2023: jan feb maa apr mei jun jul aug sep okt nov dec
2022: jan feb maa apr mei jun jul aug sep okt nov dec
2021: jan feb maa apr mei jun jul aug sep okt nov dec
2020: jan feb maa apr mei jun jul aug sep okt nov dec
2019: jan feb maa apr mei jun jul aug sep okt nov dec
2018: jan feb maa apr mei jun jul aug sep okt nov dec
2017: jan feb maa apr mei jun jul aug sep okt nov dec
2016: jan feb maa apr mei jun jul aug sep okt nov dec
2015: jan feb maa apr mei jun jul aug sep okt nov dec
2014: jan feb maa apr mei jun jul aug sep okt nov dec
2013: jan feb maa apr mei jun jul aug sep okt nov dec
2012: jan feb maa apr mei jun jul aug sep okt nov dec
2011: jan feb maa apr mei jun jul aug sep okt nov dec
2010: jan feb maa apr mei jun jul aug sep okt nov dec
Rapport voor 2021 augustus
Daily noaa report MONTHLY CLIMATOLOGICAL SUMMARY for AUG. 2021 NAME: Ekeren CITY: Antwerp STATE: Belgium ELEV: 14 LAT: 51:17:80 LONG: -4:25:20 TEMPERATURE ( °C), RAIN (mm), WIND SPEED (kmh) HEAT COOL AVG MEAN DEG DEG WIND DOM DAY TEMP HIGH TIME LOW TIME DAYS DAYS RAIN SPEED HIGH TIME DIR -------------------------------------------------------------------------------------------------------- 01 16.1 19.6 14:03 14.8 23:18 02.2 00.0 13.6 03.6 20.4 11:16 SW 02 16.4 20.4 18:04 13.3 00:00 01.9 00.0 00.2 02.5 20.4 16:19 NNW 03 16.5 22.2 17:02 12.5 06:00 01.8 00.0 00.0 02.3 18.5 18:24 NNW 04 16.9 22.6 13:24 12.3 06:10 01.4 00.0 00.0 01.3 16.6 16:08 N 05 19.6 24.7 18:07 15.0 06:16 00.0 01.3 00.0 02.6 20.4 18:04 S 06 19.3 22.4 19:06 16.8 00:00 00.0 01.0 01.2 10.4 40.7 14:10 SSW 07 17.7 22.8 14:29 15.2 17:58 00.6 00.0 08.8 08.7 42.5 17:42 S 08 17.0 19.9 17:04 15.2 14:27 01.3 00.0 01.4 12.9 44.4 16:15 SSW 09 17.7 21.8 19:00 15.1 02:28 00.6 00.0 01.0 09.1 29.6 18:26 SSW 10 17.5 20.6 19:10 15.3 06:13 00.8 00.0 01.0 05.9 22.2 07:02 SSW 11 18.3 23.9 17:35 12.6 05:24 00.0 00.0 00.0 03.9 20.4 14:46 SSW 12 19.6 25.3 16:40 13.6 06:14 00.0 01.3 00.0 02.3 18.5 15:02 SSW 13 19.3 23.7 17:21 15.9 23:20 00.0 01.0 00.0 03.2 22.2 09:41 W 14 18.6 24.1 17:09 14.9 06:05 00.0 00.3 00.0 04.0 20.4 07:19 WSW 15 20.1 27.7 16:00 14.7 04:20 00.0 01.8 00.0 05.4 29.6 21:28 SW 16 16.0 18.1 12:11 13.8 16:31 02.3 00.0 06.6 07.6 27.8 15:01 WSW 17 14.9 16.3 11:25 13.7 07:07 03.4 00.0 07.0 06.1 31.4 14:10 SSW 18 17.6 19.9 17:10 15.6 00:02 00.7 00.0 01.6 04.7 20.4 23:26 SW 19 17.8 19.3 18:17 14.9 23:00 00.5 00.0 00.0 06.9 22.2 19:17 SSW 20 18.1 21.2 17:24 15.8 01:27 00.2 00.0 00.8 04.0 20.4 09:28 SSW 21 19.2 25.3 15:01 14.1 04:06 00.0 00.9 21.0 01.3 14.8 14:21 SSE 22 18.1 20.6 12:25 17.0 08:10 00.2 00.0 22.6 05.5 20.4 17:08 SW 23 18.8 22.1 18:15 16.2 00:00 00.0 00.5 00.0 04.7 20.4 13:04 N 24 17.8 23.7 16:12 12.4 07:11 00.5 00.0 00.0 02.4 20.4 13:24 NNE 25 17.1 23.3 16:24 12.1 07:05 01.2 00.0 00.0 03.3 20.4 18:21 N 26 16.6 18.4 17:10 14.8 00:00 01.7 00.0 00.0 06.2 25.9 15:00 NNW 27 15.6 21.1 15:05 11.2 07:15 02.7 00.0 00.0 04.7 25.9 15:08 N 28 17.1 22.3 15:10 13.4 07:00 01.2 00.0 00.4 03.9 29.6 16:12 N -------------------------------------------------------------------------------------------------------- 17.7 (18.1) 27.7 day 15 11.2 day 27 024.9 008.1 179.6 05.0 44.4 day 08 SSW Min < 30: 28 Max Rain: 22.6 ON 22-08-21 Days of Rain: 14 (> .2mm) 6 (> 2mm) 2 (> 20mm)