NOAA-Style Climate Reports
Select a Year or Month report
2024: jan feb maa apr mei jun jul aug sep okt nov dec
2023: jan feb maa apr mei jun jul aug sep okt nov dec
2022: jan feb maa apr mei jun jul aug sep okt nov dec
2021: jan feb maa apr mei jun jul aug sep okt nov dec
2020: jan feb maa apr mei jun jul aug sep okt nov dec
2019: jan feb maa apr mei jun jul aug sep okt nov dec
2018: jan feb maa apr mei jun jul aug sep okt nov dec
2017: jan feb maa apr mei jun jul aug sep okt nov dec
2016: jan feb maa apr mei jun jul aug sep okt nov dec
2015: jan feb maa apr mei jun jul aug sep okt nov dec
2014: jan feb maa apr mei jun jul aug sep okt nov dec
2013: jan feb maa apr mei jun jul aug sep okt nov dec
2012: jan feb maa apr mei jun jul aug sep okt nov dec
2011: jan feb maa apr mei jun jul aug sep okt nov dec
2010: jan feb maa apr mei jun jul aug sep okt nov dec
2024: jan feb maa apr mei jun jul aug sep okt nov dec
2023: jan feb maa apr mei jun jul aug sep okt nov dec
2022: jan feb maa apr mei jun jul aug sep okt nov dec
2021: jan feb maa apr mei jun jul aug sep okt nov dec
2020: jan feb maa apr mei jun jul aug sep okt nov dec
2019: jan feb maa apr mei jun jul aug sep okt nov dec
2018: jan feb maa apr mei jun jul aug sep okt nov dec
2017: jan feb maa apr mei jun jul aug sep okt nov dec
2016: jan feb maa apr mei jun jul aug sep okt nov dec
2015: jan feb maa apr mei jun jul aug sep okt nov dec
2014: jan feb maa apr mei jun jul aug sep okt nov dec
2013: jan feb maa apr mei jun jul aug sep okt nov dec
2012: jan feb maa apr mei jun jul aug sep okt nov dec
2011: jan feb maa apr mei jun jul aug sep okt nov dec
2010: jan feb maa apr mei jun jul aug sep okt nov dec
Rapport voor 2021 juni
Daily noaa report MONTHLY CLIMATOLOGICAL SUMMARY for JUN. 2021 NAME: Ekeren CITY: Antwerp STATE: Belgium ELEV: 14 LAT: 51:17:80 LONG: -4:25:20 TEMPERATURE ( °C), RAIN (mm), WIND SPEED (kmh) HEAT COOL AVG MEAN DEG DEG WIND DOM DAY TEMP HIGH TIME LOW TIME DAYS DAYS RAIN SPEED HIGH TIME DIR -------------------------------------------------------------------------------------------------------- 01 19.9 27.1 17:03 10.8 06:07 00.0 01.6 00.0 02.4 29.6 16:30 ESE 02 22.0 29.9 17:16 12.3 06:02 00.0 03.7 00.0 02.0 24.1 23:05 SE 03 21.0 25.2 15:18 18.5 01:14 00.0 02.7 00.2 05.6 22.2 12:09 SW 04 19.6 26.9 13:17 14.4 05:10 00.0 01.3 07.8 01.0 12.9 20:13 NNW 05 15.4 16.3 01:03 13.7 00:00 02.9 00.0 00.2 04.4 22.2 15:30 NNW 06 17.4 23.2 15:24 10.9 06:13 00.9 00.0 00.0 04.0 20.4 19:21 NNW 07 18.4 25.2 17:22 10.3 06:05 00.0 00.1 00.0 02.2 18.5 12:29 NE 08 19.8 25.6 13:22 12.9 06:02 00.0 01.5 00.0 03.0 18.5 18:10 NNW 09 19.9 25.3 16:18 14.1 04:19 00.0 01.6 00.0 03.1 20.4 19:10 NW 10 20.3 26.9 17:04 13.6 06:02 00.0 02.0 00.0 03.7 22.2 16:06 WNW 11 20.1 25.3 17:17 14.7 05:18 00.0 01.8 00.0 03.7 18.5 21:08 NW 12 18.2 22.1 16:02 14.4 00:00 00.1 00.0 00.0 05.2 25.9 15:03 NW 13 18.2 25.3 19:08 10.1 06:00 00.1 00.0 00.0 02.0 16.6 14:11 NW 14 20.8 28.9 15:25 12.6 06:00 00.0 02.5 00.0 04.0 20.4 19:19 W 15 20.5 26.5 16:03 15.8 04:20 00.0 02.2 00.0 02.0 14.8 18:05 NNE 16 25.2 30.7 17:56 14.4 05:16 00.0 06.9 00.0 03.0 20.4 18:34 SSW 17 25.1 29.6 17:16 19.9 06:04 00.0 06.8 00.0 05.2 40.7 08:09 SSW 18 24.6 31.8 15:24 19.0 06:20 00.0 06.3 11.0 06.7 42.5 18:41 S 19 19.3 23.6 00:01 17.2 11:23 00.0 01.0 04.0 05.7 25.9 04:23 SW 20 19.8 24.9 15:16 16.5 03:24 00.0 01.5 03.4 06.0 24.1 09:03 W 21 15.9 18.8 00:39 14.3 09:26 02.4 00.0 06.8 02.8 20.4 18:34 N 22 14.6 17.4 16:35 12.6 05:26 03.7 00.0 00.2 02.5 18.5 22:34 NNE 23 15.0 18.8 15:29 11.6 06:06 03.3 00.0 00.6 02.7 16.6 18:00 N 24 16.5 19.7 15:06 13.0 00:00 01.8 00.0 00.0 03.0 16.6 20:20 NNW 25 15.3 19.1 15:27 10.2 02:30 03.0 00.0 04.4 05.2 31.4 13:11 SSW 26 19.2 23.4 17:11 15.5 01:03 00.0 00.9 00.0 02.2 20.4 18:09 NNW 27 19.9 28.3 15:14 15.8 04:23 00.0 01.6 02.2 00.9 20.4 16:39 ESE 28 19.6 23.4 17:22 15.5 05:44 00.0 01.3 00.2 01.0 14.8 19:27 SW 29 19.0 23.1 15:05 15.2 00:00 00.0 00.7 01.8 04.7 22.2 17:37 NNW -------------------------------------------------------------------------------------------------------- 19.3 (19.3) 31.8 day 18 10.1 day 13 018.3 047.8 135.4 03.4 42.6 day 18 WNW Max > 30: 2 Min < 30: 29 Max Rain: 11.0 ON 18-06-21 Days of Rain: 13 (> .2mm) 7 (> 2mm) 0 (> 20mm)