NOAA-Style Climate Reports
Select a Year or Month report
2024: jan feb maa apr mei jun jul aug sep okt nov dec
2023: jan feb maa apr mei jun jul aug sep okt nov dec
2022: jan feb maa apr mei jun jul aug sep okt nov dec
2021: jan feb maa apr mei jun jul aug sep okt nov dec
2020: jan feb maa apr mei jun jul aug sep okt nov dec
2019: jan feb maa apr mei jun jul aug sep okt nov dec
2018: jan feb maa apr mei jun jul aug sep okt nov dec
2017: jan feb maa apr mei jun jul aug sep okt nov dec
2016: jan feb maa apr mei jun jul aug sep okt nov dec
2015: jan feb maa apr mei jun jul aug sep okt nov dec
2014: jan feb maa apr mei jun jul aug sep okt nov dec
2013: jan feb maa apr mei jun jul aug sep okt nov dec
2012: jan feb maa apr mei jun jul aug sep okt nov dec
2011: jan feb maa apr mei jun jul aug sep okt nov dec
2010: jan feb maa apr mei jun jul aug sep okt nov dec
2024: jan feb maa apr mei jun jul aug sep okt nov dec
2023: jan feb maa apr mei jun jul aug sep okt nov dec
2022: jan feb maa apr mei jun jul aug sep okt nov dec
2021: jan feb maa apr mei jun jul aug sep okt nov dec
2020: jan feb maa apr mei jun jul aug sep okt nov dec
2019: jan feb maa apr mei jun jul aug sep okt nov dec
2018: jan feb maa apr mei jun jul aug sep okt nov dec
2017: jan feb maa apr mei jun jul aug sep okt nov dec
2016: jan feb maa apr mei jun jul aug sep okt nov dec
2015: jan feb maa apr mei jun jul aug sep okt nov dec
2014: jan feb maa apr mei jun jul aug sep okt nov dec
2013: jan feb maa apr mei jun jul aug sep okt nov dec
2012: jan feb maa apr mei jun jul aug sep okt nov dec
2011: jan feb maa apr mei jun jul aug sep okt nov dec
2010: jan feb maa apr mei jun jul aug sep okt nov dec
Rapport voor 2021 april
Daily noaa report MONTHLY CLIMATOLOGICAL SUMMARY for APR. 2021 NAME: Ekeren CITY: Antwerp STATE: Belgium ELEV: 14 LAT: 51:17:80 LONG: -4:25:20 TEMPERATURE ( °C), RAIN (mm), WIND SPEED (kmh) HEAT COOL AVG MEAN DEG DEG WIND DOM DAY TEMP HIGH TIME LOW TIME DAYS DAYS RAIN SPEED HIGH TIME DIR -------------------------------------------------------------------------------------------------------- 01 13.6 18.6 13:56 06.6 00:00 04.7 00.0 00.0 05.8 25.9 16:46 NNE 02 06.5 10.2 11:55 02.6 07:11 11.8 00.0 00.0 05.6 33.3 18:31 N 03 07.8 12.5 15:23 04.4 23:45 10.5 00.0 00.0 06.2 25.9 19:32 N 04 06.5 09.1 18:12 04.2 00:18 11.8 00.0 00.0 02.5 20.4 17:33 NW 05 04.9 08.2 08:31 01.4 22:39 13.4 00.0 01.2 12.0 48.1 17:17 NNW 06 02.3 05.2 14:27 00.6 17:33 16.0 00.0 07.0 08.3 37.0 14:10 NNW 07 03.7 07.0 16:17 00.9 01:07 14.6 00.0 03.2 07.6 35.1 10:11 WNW 08 06.7 10.3 17:02 03.6 08:00 11.6 00.0 00.0 07.4 27.8 15:18 SSW 09 08.9 13.8 16:06 05.2 07:11 09.4 00.0 00.0 06.2 27.8 12:26 SW 10 06.9 08.9 00:03 04.2 00:00 11.4 00.0 09.8 03.1 20.4 22:29 NNE 11 05.2 09.5 15:29 03.1 07:00 13.1 00.0 00.8 07.0 31.4 18:14 N 12 04.8 08.9 16:13 01.2 11:21 13.5 00.0 01.8 03.8 27.8 11:09 NW 13 06.4 12.1 16:59 -01.1 06:14 11.9 00.0 00.0 03.2 20.4 18:52 NNW 14 05.9 10.4 15:57 01.9 03:02 12.4 00.0 00.0 03.2 22.2 14:58 N 15 05.3 10.7 17:26 -00.1 06:44 13.0 00.0 00.0 02.2 18.5 16:47 NNE 16 07.3 13.1 15:06 01.2 06:40 11.0 00.0 00.0 04.6 22.2 15:41 NNE 17 07.8 13.8 17:12 03.1 07:05 10.5 00.0 00.0 05.8 25.9 20:04 NNE 18 08.7 14.4 16:53 02.8 06:17 09.6 00.0 00.0 03.7 22.2 15:44 NNW 19 09.6 14.3 17:14 05.2 06:11 08.7 00.0 00.6 01.8 16.6 11:28 N 20 10.9 17.3 13:33 03.7 06:33 07.4 00.0 00.0 02.1 20.4 18:02 NNE 21 10.6 16.8 14:24 06.0 00:00 07.7 00.0 00.0 05.1 27.8 15:15 N 22 08.0 14.4 16:36 01.2 06:38 10.3 00.0 00.0 03.9 22.2 10:38 NNE 23 08.7 16.2 16:06 00.8 06:30 09.6 00.0 00.0 03.8 24.1 19:13 NNE 24 09.7 16.1 16:27 03.7 06:37 08.6 00.0 00.0 04.0 27.8 12:27 NE 25 08.3 13.4 17:11 04.1 05:15 10.0 00.0 00.0 05.1 37.0 17:41 NNE 26 08.5 16.1 17:08 02.3 07:01 09.8 00.0 00.0 05.0 24.1 16:18 NNE 27 10.8 18.7 16:09 02.8 07:06 07.5 00.0 00.0 02.5 18.5 17:06 ENE 28 12.4 19.8 16:03 05.0 07:06 05.9 00.0 00.0 04.1 20.4 19:09 NNE 29 08.5 12.1 00:02 06.4 12:08 09.8 00.0 03.8 06.2 35.1 12:07 WSW -------------------------------------------------------------------------------------------------------- 07.8 (7.9) 19.8 day 28 -01.1 day 13 305.4 000.0 295.8 04.9 48.1 day 05 N Min < 30: 29 Max Rain: 9.8 ON 10-04-21 Days of Rain: 8 (> .2mm) 4 (> 2mm) 0 (> 20mm)