NOAA-Style Climate Reports
Select a Year or Month report
2024: jan feb maa apr mei jun jul aug sep okt nov dec
2023: jan feb maa apr mei jun jul aug sep okt nov dec
2022: jan feb maa apr mei jun jul aug sep okt nov dec
2021: jan feb maa apr mei jun jul aug sep okt nov dec
2020: jan feb maa apr mei jun jul aug sep okt nov dec
2019: jan feb maa apr mei jun jul aug sep okt nov dec
2018: jan feb maa apr mei jun jul aug sep okt nov dec
2017: jan feb maa apr mei jun jul aug sep okt nov dec
2016: jan feb maa apr mei jun jul aug sep okt nov dec
2015: jan feb maa apr mei jun jul aug sep okt nov dec
2014: jan feb maa apr mei jun jul aug sep okt nov dec
2013: jan feb maa apr mei jun jul aug sep okt nov dec
2012: jan feb maa apr mei jun jul aug sep okt nov dec
2011: jan feb maa apr mei jun jul aug sep okt nov dec
2010: jan feb maa apr mei jun jul aug sep okt nov dec
2024: jan feb maa apr mei jun jul aug sep okt nov dec
2023: jan feb maa apr mei jun jul aug sep okt nov dec
2022: jan feb maa apr mei jun jul aug sep okt nov dec
2021: jan feb maa apr mei jun jul aug sep okt nov dec
2020: jan feb maa apr mei jun jul aug sep okt nov dec
2019: jan feb maa apr mei jun jul aug sep okt nov dec
2018: jan feb maa apr mei jun jul aug sep okt nov dec
2017: jan feb maa apr mei jun jul aug sep okt nov dec
2016: jan feb maa apr mei jun jul aug sep okt nov dec
2015: jan feb maa apr mei jun jul aug sep okt nov dec
2014: jan feb maa apr mei jun jul aug sep okt nov dec
2013: jan feb maa apr mei jun jul aug sep okt nov dec
2012: jan feb maa apr mei jun jul aug sep okt nov dec
2011: jan feb maa apr mei jun jul aug sep okt nov dec
2010: jan feb maa apr mei jun jul aug sep okt nov dec
Rapport voor 2021 february
Daily noaa report MONTHLY CLIMATOLOGICAL SUMMARY for FEB. 2021 NAME: Ekeren CITY: Antwerp STATE: Belgium ELEV: 14 LAT: 51:17:80 LONG: -4:25:20 TEMPERATURE ( °C), RAIN (mm), WIND SPEED (kmh) HEAT COOL AVG MEAN DEG DEG WIND DOM DAY TEMP HIGH TIME LOW TIME DAYS DAYS RAIN SPEED HIGH TIME DIR -------------------------------------------------------------------------------------------------------- 01 03.1 04.6 00:00 01.9 00:01 15.2 00.0 00.8 00.9 16.6 17:13 NNE 02 07.8 11.6 15:27 04.5 00:02 10.5 00.0 07.2 05.2 22.2 15:21 SSW 03 09.5 10.9 03:28 07.8 20:18 08.8 00.0 14.8 07.0 29.6 05:03 SSW 04 08.2 10.7 13:24 05.6 09:08 10.1 00.0 01.0 04.6 27.8 02:02 SSW 05 08.4 11.5 15:13 07.0 06:14 09.9 00.0 00.0 01.9 18.5 15:17 S 06 05.4 08.4 12:56 00.0 00:00 12.9 00.0 01.2 03.6 33.3 20:33 ENE 07 -02.3 00.0 00:06 -04.2 23:52 20.6 00.0 00.0 05.0 24.1 00:03 NE 08 -04.7 -03.4 14:40 -06.4 23:49 23.0 00.0 00.0 05.8 24.1 14:43 NE 09 -04.6 00.1 14:19 -07.1 08:46 22.9 00.0 05.0 03.6 24.1 16:18 NE 10 -03.4 01.2 14:25 -06.2 01:26 21.7 00.0 01.0 03.5 20.4 16:17 NE 11 -03.3 02.6 15:01 -08.2 08:21 21.6 00.0 01.8 01.4 18.5 12:34 ENE 12 -04.5 00.4 14:27 -07.8 08:30 22.8 00.0 00.2 03.9 27.8 18:43 ENE 13 -03.4 01.6 14:01 -07.7 08:04 21.7 00.0 00.2 04.6 25.9 14:00 ESE 14 00.1 06.7 15:21 -07.4 08:17 18.2 00.0 01.0 04.6 27.8 16:08 SSE 15 04.3 06.2 21:21 02.1 07:07 14.0 00.0 03.6 10.1 42.5 12:25 S 16 08.8 12.9 13:23 05.2 08:04 09.5 00.0 03.4 09.0 33.3 19:24 SSW 17 10.2 12.8 16:02 07.6 09:10 08.1 00.0 00.0 12.0 31.4 11:24 SSW 18 09.2 13.9 12:27 06.4 00:00 09.1 00.0 05.4 08.2 31.4 16:13 S 19 07.8 11.2 16:24 03.6 08:14 10.5 00.0 00.0 07.5 29.6 12:18 S 20 13.0 18.2 15:16 08.7 00:04 05.3 00.0 00.0 05.9 27.8 15:18 SSE 21 13.1 19.5 15:14 08.2 00:00 05.2 00.0 00.0 03.6 22.2 11:15 SSE 22 13.4 17.2 15:15 08.3 00:04 04.9 00.0 00.0 06.4 20.4 23:18 S 23 15.0 18.6 14:28 11.1 04:17 03.3 00.0 00.0 10.8 42.5 13:21 S 24 15.7 19.6 15:14 12.9 08:26 02.6 00.0 00.0 11.9 33.3 14:20 S 25 12.2 17.4 14:02 08.8 00:00 06.1 00.0 00.6 03.3 20.4 17:04 SW 26 08.3 11.6 13:13 04.1 00:00 10.0 00.0 00.2 03.7 24.1 16:20 NNW 27 03.7 07.0 16:19 01.2 07:21 14.6 00.0 00.2 00.6 11.1 15:14 N 28 06.0 12.8 15:24 00.9 05:24 12.3 00.0 00.2 02.2 18.5 11:08 NE -------------------------------------------------------------------------------------------------------- 05.6 (5.8) 19.6 day 24 -08.2 day 11 355.5 000.0 234.8 05.4 42.6 day 15 SSE Max < 0: 2 Min < 30: 28 Min < -5: 7 Max Rain: 14.8 ON 3-02-21 Days of Rain: 18 (> .2mm) 6 (> 2mm) 0 (> 20mm)