NOAA-Style Climate Reports
Select a Year or Month report
2024: jan feb maa apr mei jun jul aug sep okt nov dec
2023: jan feb maa apr mei jun jul aug sep okt nov dec
2022: jan feb maa apr mei jun jul aug sep okt nov dec
2021: jan feb maa apr mei jun jul aug sep okt nov dec
2020: jan feb maa apr mei jun jul aug sep okt nov dec
2019: jan feb maa apr mei jun jul aug sep okt nov dec
2018: jan feb maa apr mei jun jul aug sep okt nov dec
2017: jan feb maa apr mei jun jul aug sep okt nov dec
2016: jan feb maa apr mei jun jul aug sep okt nov dec
2015: jan feb maa apr mei jun jul aug sep okt nov dec
2014: jan feb maa apr mei jun jul aug sep okt nov dec
2013: jan feb maa apr mei jun jul aug sep okt nov dec
2012: jan feb maa apr mei jun jul aug sep okt nov dec
2011: jan feb maa apr mei jun jul aug sep okt nov dec
2010: jan feb maa apr mei jun jul aug sep okt nov dec
2024: jan feb maa apr mei jun jul aug sep okt nov dec
2023: jan feb maa apr mei jun jul aug sep okt nov dec
2022: jan feb maa apr mei jun jul aug sep okt nov dec
2021: jan feb maa apr mei jun jul aug sep okt nov dec
2020: jan feb maa apr mei jun jul aug sep okt nov dec
2019: jan feb maa apr mei jun jul aug sep okt nov dec
2018: jan feb maa apr mei jun jul aug sep okt nov dec
2017: jan feb maa apr mei jun jul aug sep okt nov dec
2016: jan feb maa apr mei jun jul aug sep okt nov dec
2015: jan feb maa apr mei jun jul aug sep okt nov dec
2014: jan feb maa apr mei jun jul aug sep okt nov dec
2013: jan feb maa apr mei jun jul aug sep okt nov dec
2012: jan feb maa apr mei jun jul aug sep okt nov dec
2011: jan feb maa apr mei jun jul aug sep okt nov dec
2010: jan feb maa apr mei jun jul aug sep okt nov dec
Rapport voor 2020 december
Daily noaa report MONTHLY CLIMATOLOGICAL SUMMARY for DEC. 2020 NAME: Ekeren CITY: Antwerp STATE: Belgium ELEV: 14 LAT: 51:17:80 LONG: -4:25:20 TEMPERATURE ( °C), RAIN (mm), WIND SPEED (kmh) HEAT COOL AVG MEAN DEG DEG WIND DOM DAY TEMP HIGH TIME LOW TIME DAYS DAYS RAIN SPEED HIGH TIME DIR -------------------------------------------------------------------------------------------------------- 21 09.6 12.5 08:00 09.0 09:03 08.7 00.0 00.0 11.8 29.6 10:33 S 22 12.5 14.2 13:03 11.6 21:56 05.8 00.0 05.2 03.6 38.9 08:05 WSW 23 12.2 13.1 18:10 10.2 00:00 06.1 00.0 08.6 09.9 38.9 22:25 SSW 24 06.5 10.2 00:07 04.4 00:00 11.8 00.0 03.6 06.7 33.3 16:45 NW 25 03.9 07.6 14:33 01.1 23:10 14.4 00.0 00.2 01.6 16.6 12:00 NNW 26 04.6 06.2 16:39 02.1 00:08 13.7 00.0 00.2 12.8 55.5 00:00 SSW 27 06.1 07.2 11:35 05.0 00:00 12.2 00.0 11.8 20.3 70.3 09:27 S 28 03.6 05.0 00:04 01.8 08:13 14.7 00.0 00.6 02.5 22.2 04:20 SSE 29 04.0 05.1 15:01 02.2 00:16 14.3 00.0 00.6 05.9 25.9 10:17 SSW 30 04.5 06.2 14:18 02.6 07:27 13.8 00.0 00.4 07.3 22.2 14:17 SSW 31 03.4 05.4 15:00 01.5 20:01 14.9 00.0 01.8 02.0 16.6 00:13 SSW -------------------------------------------------------------------------------------------------------- 06.5 (6.6) 14.2 day 22 01.1 day 25 130.3 000.0 089.2 07.7 70.3 day 27 SSW Min < 30: 11 Max Rain: 11.8 ON 27-12-21 Days of Rain: 10 (> .2mm) 4 (> 2mm) 0 (> 20mm)