NOAA-Style Climate Reports
Select a Year or Month report
2024: jan feb maa apr mei jun jul aug sep okt nov dec
2023: jan feb maa apr mei jun jul aug sep okt nov dec
2022: jan feb maa apr mei jun jul aug sep okt nov dec
2021: jan feb maa apr mei jun jul aug sep okt nov dec
2020: jan feb maa apr mei jun jul aug sep okt nov dec
2019: jan feb maa apr mei jun jul aug sep okt nov dec
2018: jan feb maa apr mei jun jul aug sep okt nov dec
2017: jan feb maa apr mei jun jul aug sep okt nov dec
2016: jan feb maa apr mei jun jul aug sep okt nov dec
2015: jan feb maa apr mei jun jul aug sep okt nov dec
2014: jan feb maa apr mei jun jul aug sep okt nov dec
2013: jan feb maa apr mei jun jul aug sep okt nov dec
2012: jan feb maa apr mei jun jul aug sep okt nov dec
2011: jan feb maa apr mei jun jul aug sep okt nov dec
2010: jan feb maa apr mei jun jul aug sep okt nov dec
2024: jan feb maa apr mei jun jul aug sep okt nov dec
2023: jan feb maa apr mei jun jul aug sep okt nov dec
2022: jan feb maa apr mei jun jul aug sep okt nov dec
2021: jan feb maa apr mei jun jul aug sep okt nov dec
2020: jan feb maa apr mei jun jul aug sep okt nov dec
2019: jan feb maa apr mei jun jul aug sep okt nov dec
2018: jan feb maa apr mei jun jul aug sep okt nov dec
2017: jan feb maa apr mei jun jul aug sep okt nov dec
2016: jan feb maa apr mei jun jul aug sep okt nov dec
2015: jan feb maa apr mei jun jul aug sep okt nov dec
2014: jan feb maa apr mei jun jul aug sep okt nov dec
2013: jan feb maa apr mei jun jul aug sep okt nov dec
2012: jan feb maa apr mei jun jul aug sep okt nov dec
2011: jan feb maa apr mei jun jul aug sep okt nov dec
2010: jan feb maa apr mei jun jul aug sep okt nov dec
Rapport voor 2020 november
Daily noaa report Monthly Climatological Summary for nov 2020 Name: Weather in Ekeren and Port of Antwerp City: Ekeren, Antwerp State: Belgium Elevation: 11 m Lat: N 51° 28' 04" Lon: E 004° 04' 01" Temperature (°C), Rain (mm), Wind Speed (km/h) Heat Cool Avg Mean Deg Deg Wind Dom Day Temp High Time Low Time Days Days Rain Speed High Time Dir ---------------------------------------------------------------------------------- 01 15,0 18,3 19:25 11,3 06:26 3,3 0,0 1,4 9,6 47,0 14:06 S 02 16,6 20,1 12:49 11,6 23:46 1,9 0,2 4,6 13,1 51,0 12:58 SSW 03 9,6 12,2 15:47 7,7 23:58 5,7 0,0 0,4 7,2 35,0 16:00 SSW 04 7,9 13,7 14:03 2,9 23:57 9,6 0,0 0,2 2,6 19,0 00:41 SSW 05 5,6 13,3 14:40 0,4 07:45 12,7 0,0 0,0 0,4 10,0 11:13 WSW 06 6,5 14,8 14:40 1,5 07:15 11,8 0,0 0,0 0,6 14,0 15:51 ESE 07 7,9 16,5 14:29 2,7 07:31 10,4 0,0 0,0 0,3 11,0 12:05 SE 08 9,9 16,4 14:56 4,9 05:26 8,3 0,0 0,0 0,6 11,0 14:02 SE 09 11,4 15,9 14:18 7,3 08:25 6,9 0,0 0,0 0,4 10,0 10:57 SSE 10 11,7 16,3 13:05 8,4 03:19 6,6 0,0 3,0 1,3 14,0 15:37 SSW 11 11,1 13,7 14:45 9,1 09:24 7,2 0,0 0,0 2,3 23,0 13:32 SSE 12 11,5 13,2 11:57 8,8 23:54 6,8 0,0 2,0 6,9 34,0 06:28 S 13 10,4 13,9 15:09 5,8 05:40 7,9 0,0 4,2 4,3 26,0 16:53 S 14 13,3 15,3 15:44 11,1 04:27 5,0 0,0 0,4 6,3 37,0 23:37 S 15 13,5 15,7 11:44 10,5 20:24 4,8 0,0 10,4 12,0 51,0 22:14 S 16 10,8 12,4 12:04 9,2 05:14 7,5 0,0 0,0 8,3 34,0 15:51 SSW 17 12,3 13,4 13:01 10,7 02:28 6,0 0,0 0,2 9,0 37,0 11:39 SSW 18 13,6 17,4 14:49 9,8 08:49 4,7 0,0 0,0 9,5 37,0 18:56 S 19 9,2 14,6 00:00 5,8 21:49 9,1 0,0 5,6 5,7 40,0 11:26 WSW 20 6,8 10,2 12:20 5,1 09:18 11,5 0,0 1,0 3,0 21,0 23:10 SSW 21 8,9 10,7 15:35 5,9 00:00 9,4 0,0 0,0 10,3 32,0 14:37 SSW 22 9,8 10,7 14:00 8,7 23:22 8,5 0,0 1,4 5,1 27,0 04:14 SSW 23 7,7 9,9 23:27 3,7 08:35 5,8 0,0 0,0 1,1 18,0 22:38 SSW 24 9,2 12,1 14:35 6,2 23:55 9,1 0,0 0,0 5,4 23,0 09:26 S 25 4,9 6,2 00:00 4,4 07:08 5,7 0,0 0,0 2,4 13,0 02:16 SE 26 9,6 11,2 14:42 0,0 08:36 5,6 0,0 0,0 0,3 6,0 11:18 SSW 27 7,8 8,7 00:12 6,5 23:38 9,6 0,0 0,2 0,4 8,0 01:56 NNE 28 6,1 11,6 14:11 3,1 08:31 12,2 0,0 0,2 1,1 14,0 21:03 ENE 29 2,8 4,2 15:03 -0,8 23:51 15,5 0,0 0,0 1,2 14,0 00:11 ENE 30 2,8 8,8 23:45 -1,6 02:50 15,5 0,0 3,6 5,9 27,0 17:34 SSW ---------------------------------------------------------------------------------- 9,5 20,1 2 -1,6 30 244,6 0,2 38,8 4,7 51,0 2 SSW Max > 27,0 0 Max < 0,0 0 Min < 0,0 3 Min < -18,0 0 Max Rain: 10,4 on day 15 Days of Rain: 16 (> 0,2 mm) 7 (> 2,0 mm) 0 (> 20,0 mm) Heat Base: 18,3 Cool Base: 18,3 Method: Integration