NOAA-Style Climate Reports
Select a Year or Month report
2024: jan feb maa apr mei jun jul aug sep okt nov dec
2023: jan feb maa apr mei jun jul aug sep okt nov dec
2022: jan feb maa apr mei jun jul aug sep okt nov dec
2021: jan feb maa apr mei jun jul aug sep okt nov dec
2020: jan feb maa apr mei jun jul aug sep okt nov dec
2019: jan feb maa apr mei jun jul aug sep okt nov dec
2018: jan feb maa apr mei jun jul aug sep okt nov dec
2017: jan feb maa apr mei jun jul aug sep okt nov dec
2016: jan feb maa apr mei jun jul aug sep okt nov dec
2015: jan feb maa apr mei jun jul aug sep okt nov dec
2014: jan feb maa apr mei jun jul aug sep okt nov dec
2013: jan feb maa apr mei jun jul aug sep okt nov dec
2012: jan feb maa apr mei jun jul aug sep okt nov dec
2011: jan feb maa apr mei jun jul aug sep okt nov dec
2010: jan feb maa apr mei jun jul aug sep okt nov dec
2024: jan feb maa apr mei jun jul aug sep okt nov dec
2023: jan feb maa apr mei jun jul aug sep okt nov dec
2022: jan feb maa apr mei jun jul aug sep okt nov dec
2021: jan feb maa apr mei jun jul aug sep okt nov dec
2020: jan feb maa apr mei jun jul aug sep okt nov dec
2019: jan feb maa apr mei jun jul aug sep okt nov dec
2018: jan feb maa apr mei jun jul aug sep okt nov dec
2017: jan feb maa apr mei jun jul aug sep okt nov dec
2016: jan feb maa apr mei jun jul aug sep okt nov dec
2015: jan feb maa apr mei jun jul aug sep okt nov dec
2014: jan feb maa apr mei jun jul aug sep okt nov dec
2013: jan feb maa apr mei jun jul aug sep okt nov dec
2012: jan feb maa apr mei jun jul aug sep okt nov dec
2011: jan feb maa apr mei jun jul aug sep okt nov dec
2010: jan feb maa apr mei jun jul aug sep okt nov dec
Rapport voor 2020 september
Daily noaa report MONTHLY CLIMATOLOGICAL SUMMARY for SEP. 2020 NAME: weerstation davis CITY: Ekeren STATE: Antwerp ELEV: 14 m LAT: 51° 28' 03" N LONG: 4° 42' 07" E TEMPERATURE (°C), RAIN (mm), WIND SPEED (km/hr) HEAT COOL AVG MEAN DEG DEG WIND DOM DAY TEMP HIGH TIME LOW TIME DAYS DAYS RAIN SPEED HIGH TIME DIR ------------------------------------------------------------------------------------ 1 14.5 21.4 15:00 10.1 7:00 4.0 0.2 0.0 1.3 16.1 16:30 NNW 2 15.3 22.2 14:30 9.0 8:00 3.8 0.8 0.0 1.4 16.1 14:00 NNW 3 17.4 22.2 15:30 12.3 2:00 2.1 1.2 1.4 6.4 37.0 23:00 SSW 4 19.1 22.8 14:30 15.7 23:00 0.4 1.2 0.6 4.5 30.6 1:00 SSW 5 17.0 20.6 14:00 14.6 7:30 1.5 0.2 0.4 4.2 25.7 14:00 SSW 6 15.7 21.3 15:00 11.5 7:30 2.9 0.2 0.0 3.2 19.3 17:30 SSW 7 16.2 23.0 17:30 8.9 7:30 3.3 1.2 0.0 3.1 22.5 13:00 SSW 8 17.7 19.4 16:00 15.5 3:30 1.0 0.4 0.0 6.1 24.1 11:00 SSW 9 19.3 25.6 14:00 17.1 00:00 0.2 1.3 0.0 4.7 29.0 14:30 SSW 10 17.1 24.1 16:00 10.6 8:00 2.6 1.3 0.0 1.0 12.9 0:30 N 11 16.0 23.6 17:00 10.2 6:30 3.5 1.2 0.0 1.1 16.1 14:30 SSW 12 16.8 21.9 16:00 11.7 2:00 2.3 0.8 0.0 3.5 24.1 11:00 SSW 13 18.5 24.7 16:30 14.0 1:30 1.7 1.9 0.0 3.9 19.3 10:00 SSW 14 21.2 32.2 16:00 12.1 7:30 2.0 4.9 0.0 0.6 14.5 15:30 SSE 15 24.4 35.9 17:00 15.2 8:00 0.7 6.8 0.0 1.1 12.9 15:00 SSE 16 21.1 27.2 13:30 16.6 00:00 0.3 3.1 0.0 2.9 25.7 16:00 N 17 16.1 22.7 16:00 10.4 8:30 3.0 0.8 0.0 2.7 24.1 1:30 N 18 16.6 25.6 17:00 8.8 7:30 3.6 1.8 0.0 2.1 20.9 11:30 ENE 19 18.8 28.4 16:30 10.8 8:00 2.5 2.9 0.0 1.1 16.1 13:00 ENE 20 18.7 27.0 16:30 11.6 8:30 2.0 2.4 0.0 1.3 16.1 16:00 N 21 16.8 26.6 16:30 8.8 8:00 3.5 2.0 0.0 1.3 16.1 17:30 N 22 16.8 25.1 16:30 9.3 8:00 3.3 1.8 0.0 1.4 16.1 16:30 SSW 23 17.8 22.1 15:00 13.4 1:00 1.6 1.0 5.8 6.4 37.0 13:00 S 24 14.7 18.0 14:30 11.9 23:30 3.6 0.0 5.4 9.8 41.8 13:30 S 25 11.3 14.0 13:00 9.3 7:00 7.0 0.0 15.0 9.8 48.3 23:00 S 26 12.8 17.4 16:30 10.8 8:00 5.5 0.0 18.6 4.5 43.5 0:30 NNW 27 14.3 16.1 9:30 12.4 0:30 3.7 0.0 7.4 4.3 38.6 5:00 N 28 13.9 15.9 18:30 12.8 9:30 4.4 0.0 9.6 3.1 25.7 23:30 S 29 16.1 20.4 14:30 12.4 9:30 2.5 0.3 1.0 3.4 19.3 19:00 SSW 30 14.6 16.0 0:30 13.5 7:00 1.1 0.0 0.0 2.1 11.3 0:30 SSW ------------------------------------------------------------------------------------- 16.9 35.9 15 8.8 18 79.4 39.6 65.2 3.4 48.3 25 SSW Max > 32.0: 2 Max < 0.0: 0 Min < 0.0: 0 Min < -18.0: 0 Max Rain: 18.59 ON 26-09-20 Days of Rain: 10 (> .2 mm) 6 (> 2 mm) 0 (> 20 mm) Heat Base: 18.3 Cool Base: 18.3 Method: Integration