NOAA-Style Climate Reports
Select a Year or Month report
2024: jan feb maa apr mei jun jul aug sep okt nov dec
2023: jan feb maa apr mei jun jul aug sep okt nov dec
2022: jan feb maa apr mei jun jul aug sep okt nov dec
2021: jan feb maa apr mei jun jul aug sep okt nov dec
2020: jan feb maa apr mei jun jul aug sep okt nov dec
2019: jan feb maa apr mei jun jul aug sep okt nov dec
2018: jan feb maa apr mei jun jul aug sep okt nov dec
2017: jan feb maa apr mei jun jul aug sep okt nov dec
2016: jan feb maa apr mei jun jul aug sep okt nov dec
2015: jan feb maa apr mei jun jul aug sep okt nov dec
2014: jan feb maa apr mei jun jul aug sep okt nov dec
2013: jan feb maa apr mei jun jul aug sep okt nov dec
2012: jan feb maa apr mei jun jul aug sep okt nov dec
2011: jan feb maa apr mei jun jul aug sep okt nov dec
2010: jan feb maa apr mei jun jul aug sep okt nov dec
2024: jan feb maa apr mei jun jul aug sep okt nov dec
2023: jan feb maa apr mei jun jul aug sep okt nov dec
2022: jan feb maa apr mei jun jul aug sep okt nov dec
2021: jan feb maa apr mei jun jul aug sep okt nov dec
2020: jan feb maa apr mei jun jul aug sep okt nov dec
2019: jan feb maa apr mei jun jul aug sep okt nov dec
2018: jan feb maa apr mei jun jul aug sep okt nov dec
2017: jan feb maa apr mei jun jul aug sep okt nov dec
2016: jan feb maa apr mei jun jul aug sep okt nov dec
2015: jan feb maa apr mei jun jul aug sep okt nov dec
2014: jan feb maa apr mei jun jul aug sep okt nov dec
2013: jan feb maa apr mei jun jul aug sep okt nov dec
2012: jan feb maa apr mei jun jul aug sep okt nov dec
2011: jan feb maa apr mei jun jul aug sep okt nov dec
2010: jan feb maa apr mei jun jul aug sep okt nov dec
Rapport voor 2020 juli
Daily NOAA report MONTHLY CLIMATOLOGICAL SUMMARY for JUL. 2020 NAME: CITY: STATE: ELEV: LAT: LONG: TEMPERATURE ( °C), RAIN (mm), WIND SPEED (kmh) HEAT COOL AVG MEAN DEG DEG WIND DOM DAY TEMP HIGH TIME LOW TIME DAYS DAYS RAIN SPEED HIGH TIME DIR ---------------------------------------------------------------------------------------------------------------------------------------------------------- 01 18.3 22.2 17:21 14.9 04:21 00.6 00.0 00.0 06.6 37.0 17:24 SSW 02 18.3 23.2 15:30 14.7 04:37 00.6 00.0 00.0 08.0 42.6 17:14 SW 03 17.6 20.2 19:06 15.5 05:30 01.3 00.0 00.0 10.2 40.7 18:42 SSW 04 19.2 23.3 17:31 16.4 23:00 00.0 00.3 00.0 12.5 55.5 13:47 SSW 05 16.1 20.2 16:25 13.1 11:05 02.8 00.0 00.2 07.2 37.0 12:46 SSW 06 17.1 21.1 16:07 13.0 06:14 01.8 00.0 00.0 03.0 24.1 12:22 WSW 07 15.8 17.8 17:06 13.2 06:30 03.1 00.0 00.0 03.8 18.5 13:10 WNW 08 18.5 21.7 18:03 16.6 08:44 00.4 00.0 00.0 07.6 31.5 18:53 SSW 09 17.3 19.4 17:19 14.2 23:00 01.6 00.0 00.0 06.9 29.6 07:02 SSW 10 15.3 20.4 17:41 09.1 06:34 03.6 00.0 00.0 03.4 24.1 17:32 NW 11 16.9 24.0 15:33 09.6 06:46 02.0 00.0 00.0 01.4 20.4 13:51 NNW 12 18.5 25.7 15:41 10.6 06:36 00.4 00.0 00.0 01.8 20.4 17:06 N 13 17.0 18.2 23:01 15.9 02:49 01.9 00.0 00.0 03.6 18.5 18:48 NNW 14 16.5 23.1 13:55 11.1 06:54 02.4 00.0 00.0 01.7 18.5 17:10 SW 15 16.7 18.9 18:15 14.8 04:19 02.2 00.0 00.0 04.5 29.6 12:50 NW 16 19.0 24.7 19:30 16.2 05:41 00.0 00.1 00.0 01.8 13.0 17:29 NW 17 21.1 27.2 15:36 15.0 06:40 00.0 02.2 00.0 03.3 22.2 15:22 W 18 18.9 25.6 16:25 14.1 06:16 00.0 00.0 00.0 03.7 25.9 19:08 SW 19 17.8 22.8 13:38 13.7 06:57 01.1 00.0 00.0 04.6 27.8 19:09 NW 20 16.1 22.6 14:47 09.4 06:51 02.8 00.0 00.0 03.3 20.4 19:43 N 21 16.4 23.8 15:30 09.5 06:32 02.5 00.0 00.0 01.9 18.5 20:08 NNW 22 19.0 27.1 16:14 11.0 04:58 00.0 00.1 00.0 03.4 27.8 14:36 N 23 19.6 22.8 14:19 16.8 07:05 00.0 00.7 00.0 04.1 20.4 14:32 SSW 24 19.7 23.7 18:57 16.6 05:23 00.0 00.8 00.0 06.1 31.5 14:13 SW 25 19.7 23.6 16:20 17.1 07:42 00.0 00.8 00.0 06.3 33.3 00:12 SSW 26 20.5 28.5 18:20 16.1 09:41 00.0 01.6 00.8 04.4 31.5 17:02 SW 27 19.7 22.3 15:05 17.5 07:59 00.0 00.8 00.0 06.5 31.5 03:02 S 28 18.6 23.4 15:56 13.4 07:13 00.3 00.0 00.0 03.5 20.4 15:57 SW 29 20.8 30.7 17:23 11.4 06:56 00.0 01.9 00.0 01.2 18.5 13:37 WNW ---------------------------------------------------------------------------------------------------------------------------------------------------------- 18.1 (18.4) 30.7 day 30 09.1 day 11 032.4 009.3 047.2 04.8 55.5 day 05 SW Min < 30: 30 Max Rain: 0.8 ON 26-07-20 Days of Rain: 1 (> .2mm) 0 (> 2mm) 0 (> 20mm)