NOAA-Style Climate Reports
Select a Year or Month report
2024: jan feb maa apr mei jun jul aug sep okt nov dec
2023: jan feb maa apr mei jun jul aug sep okt nov dec
2022: jan feb maa apr mei jun jul aug sep okt nov dec
2021: jan feb maa apr mei jun jul aug sep okt nov dec
2020: jan feb maa apr mei jun jul aug sep okt nov dec
2019: jan feb maa apr mei jun jul aug sep okt nov dec
2018: jan feb maa apr mei jun jul aug sep okt nov dec
2017: jan feb maa apr mei jun jul aug sep okt nov dec
2016: jan feb maa apr mei jun jul aug sep okt nov dec
2015: jan feb maa apr mei jun jul aug sep okt nov dec
2014: jan feb maa apr mei jun jul aug sep okt nov dec
2013: jan feb maa apr mei jun jul aug sep okt nov dec
2012: jan feb maa apr mei jun jul aug sep okt nov dec
2011: jan feb maa apr mei jun jul aug sep okt nov dec
2010: jan feb maa apr mei jun jul aug sep okt nov dec
2024: jan feb maa apr mei jun jul aug sep okt nov dec
2023: jan feb maa apr mei jun jul aug sep okt nov dec
2022: jan feb maa apr mei jun jul aug sep okt nov dec
2021: jan feb maa apr mei jun jul aug sep okt nov dec
2020: jan feb maa apr mei jun jul aug sep okt nov dec
2019: jan feb maa apr mei jun jul aug sep okt nov dec
2018: jan feb maa apr mei jun jul aug sep okt nov dec
2017: jan feb maa apr mei jun jul aug sep okt nov dec
2016: jan feb maa apr mei jun jul aug sep okt nov dec
2015: jan feb maa apr mei jun jul aug sep okt nov dec
2014: jan feb maa apr mei jun jul aug sep okt nov dec
2013: jan feb maa apr mei jun jul aug sep okt nov dec
2012: jan feb maa apr mei jun jul aug sep okt nov dec
2011: jan feb maa apr mei jun jul aug sep okt nov dec
2010: jan feb maa apr mei jun jul aug sep okt nov dec
Rapport voor 2019 september
Daily NOAA report MONTHLY CLIMATOLOGICAL SUMMARY for SEP. 2019 NAME: CITY: STATE: ELEV: LAT: LONG: TEMPERATURE ( °C), RAIN (mm), WIND SPEED (kmh) HEAT COOL AVG MEAN DEG DEG WIND DOM DAY TEMP HIGH TIME LOW TIME DAYS DAYS RAIN SPEED HIGH TIME DIR ---------------------------------------------------------------------------------------------------------------------------------------------------------- 16 11.9 13.4 20:01 10.7 23:00 07.0 00.0 00.4 05.6 21:42 NNE 17 12.7 18.9 15:37 07.4 08:08 06.2 00.0 00.0 02.0 22.2 18:47 NNE 18 13.5 18.8 16:03 09.3 01:14 05.4 00.0 00.0 01.3 16.7 15:37 N 19 13.7 22.1 15:38 06.8 08:15 05.2 00.0 00.0 01.3 18.5 17:49 N 20 16.6 26.7 17:00 08.0 07:35 02.3 00.0 00.0 02.1 18.5 16:59 ENE 21 19.4 26.8 15:43 14.0 08:12 00.0 00.5 00.0 04.2 27.8 19:05 SE 22 17.6 21.7 15:29 15.2 22:57 01.3 00.0 00.0 05.7 25.9 13:57 S 23 15.9 18.2 12:35 14.5 22:30 03.0 00.0 00.0 03.8 25.9 13:26 SSW 24 15.6 17.5 17:02 14.3 04:55 03.3 00.0 00.0 08.6 29.6 14:12 S 25 16.6 19.7 16:41 15.0 23:00 02.3 00.0 00.0 09.0 33.3 20:29 S 26 15.9 18.7 14:05 14.2 04:28 03.0 00.0 00.0 09.0 38.9 22:55 S 27 15.7 18.3 15:33 14.0 08:34 03.2 00.0 00.0 10.6 38.9 12:43 S 28 16.0 18.7 15:32 14.1 09:51 02.9 00.0 00.0 12.1 42.6 22:37 SSW 29 16.0 19.1 16:45 14.2 09:05 02.9 00.0 00.0 07.0 44.4 00:35 S ---------------------------------------------------------------------------------------------------------------------------------------------------------- 15.5 (16.1) 26.8 day 22 06.8 day 20 048.1 000.5 000.0 05.5 44.4 day 29 S Min < 30: 14 Max Rain: 0.0 ON 0-09-19 Days of Rain: 0 (> .2mm) 0 (> 2mm) 0 (> 20mm)