NOAA-Style Climate Reports
Select a Year or Month report
2024: jan feb maa apr mei jun jul aug sep okt nov dec
2023: jan feb maa apr mei jun jul aug sep okt nov dec
2022: jan feb maa apr mei jun jul aug sep okt nov dec
2021: jan feb maa apr mei jun jul aug sep okt nov dec
2020: jan feb maa apr mei jun jul aug sep okt nov dec
2019: jan feb maa apr mei jun jul aug sep okt nov dec
2018: jan feb maa apr mei jun jul aug sep okt nov dec
2017: jan feb maa apr mei jun jul aug sep okt nov dec
2016: jan feb maa apr mei jun jul aug sep okt nov dec
2015: jan feb maa apr mei jun jul aug sep okt nov dec
2014: jan feb maa apr mei jun jul aug sep okt nov dec
2013: jan feb maa apr mei jun jul aug sep okt nov dec
2012: jan feb maa apr mei jun jul aug sep okt nov dec
2011: jan feb maa apr mei jun jul aug sep okt nov dec
2010: jan feb maa apr mei jun jul aug sep okt nov dec
2024: jan feb maa apr mei jun jul aug sep okt nov dec
2023: jan feb maa apr mei jun jul aug sep okt nov dec
2022: jan feb maa apr mei jun jul aug sep okt nov dec
2021: jan feb maa apr mei jun jul aug sep okt nov dec
2020: jan feb maa apr mei jun jul aug sep okt nov dec
2019: jan feb maa apr mei jun jul aug sep okt nov dec
2018: jan feb maa apr mei jun jul aug sep okt nov dec
2017: jan feb maa apr mei jun jul aug sep okt nov dec
2016: jan feb maa apr mei jun jul aug sep okt nov dec
2015: jan feb maa apr mei jun jul aug sep okt nov dec
2014: jan feb maa apr mei jun jul aug sep okt nov dec
2013: jan feb maa apr mei jun jul aug sep okt nov dec
2012: jan feb maa apr mei jun jul aug sep okt nov dec
2011: jan feb maa apr mei jun jul aug sep okt nov dec
2010: jan feb maa apr mei jun jul aug sep okt nov dec
Rapport voor 2019 juli
Daily NOAA report MONTHLY CLIMATOLOGICAL SUMMARY for JUL. 2019 NAME: CITY: STATE: ELEV: LAT: LONG: TEMPERATURE ( °C), RAIN (mm), WIND SPEED (kmh) HEAT COOL AVG MEAN DEG DEG WIND DOM DAY TEMP HIGH TIME LOW TIME DAYS DAYS RAIN SPEED HIGH TIME DIR ---------------------------------------------------------------------------------------------------------------------------------------------------------- 01 19.4 24.8 16:26 14.7 05:57 00.0 00.5 00.0 04.5 27.8 18:21 NW 02 17.3 23.3 16:09 11.2 06:52 01.6 00.0 00.0 03.5 31.5 17:38 N 03 17.6 26.0 17:33 09.9 06:11 01.3 00.0 00.0 02.7 24.1 14:15 NNE 04 20.5 26.5 13:50 15.9 03:02 00.0 01.6 00.0 03.7 25.9 17:32 N 05 19.2 24.7 13:56 15.0 04:49 00.0 00.3 00.0 03.8 24.1 16:53 NNW 06 17.1 21.7 16:21 14.1 06:24 01.8 00.0 00.0 04.2 24.1 17:44 NNW 07 15.4 19.7 16:11 10.7 03:36 03.5 00.0 00.0 04.9 29.6 17:33 N 08 15.8 22.0 14:36 09.3 06:17 03.1 00.0 00.0 02.6 18.5 16:05 N 09 17.3 22.4 16:28 11.9 04:57 01.6 00.0 00.0 01.6 14.8 13:29 N 10 20.4 24.9 15:07 15.9 06:51 00.0 01.5 00.0 03.4 24.1 18:21 NW 11 18.8 23.1 11:50 15.1 06:12 00.1 00.0 00.0 04.3 29.6 17:12 W 12 18.0 21.7 17:27 15.8 07:27 00.9 00.0 00.0 05.9 29.6 17:50 NNW 13 16.9 20.3 17:15 14.9 23:00 02.0 00.0 00.0 04.4 25.9 17:39 NNW 14 15.4 18.9 15:23 11.8 02:43 03.5 00.0 00.0 03.0 18.5 19:21 N 15 17.4 22.0 18:23 14.8 07:09 01.5 00.0 00.0 02.6 18.5 17:41 N 16 19.1 27.3 16:42 10.9 06:47 00.0 00.2 00.0 01.1 14.8 14:34 NNW 17 19.9 23.3 16:29 17.1 03:34 00.0 01.0 00.0 05.1 29.6 18:36 E 18 21.2 25.9 16:51 16.4 07:03 00.0 02.3 00.0 05.8 29.6 17:34 SSW 19 20.5 26.3 16:01 18.4 06:07 00.0 01.6 00.0 03.1 33.3 19:09 SSW 20 20.4 24.3 16:00 16.6 06:34 00.0 01.5 00.0 04.3 29.6 23:19 SSW 21 22.4 30.6 18:42 14.7 06:35 00.0 03.5 00.0 03.5 25.9 10:49 W 23 29.0 38.4 15:30 16.6 05:50 00.0 10.1 03.0 05.6 22.2 17:08 S 24 30.6 42.1 18:11 20.3 06:51 00.0 11.7 00.0 02.2 24.1 16:48 S 25 28.4 36.6 13:09 22.7 23:00 00.0 09.5 00.0 04.4 35.1 01:37 SE 26 20.5 22.7 23:10 18.8 23:00 00.0 01.6 00.0 03.3 18.5 10:32 NNW 27 18.3 19.0 20:43 17.7 06:53 00.6 00.0 00.0 03.6 22.2 21:17 NW 28 20.8 27.4 17:08 15.1 06:54 00.0 01.9 00.4 03.7 18.5 13:12 WSW 29 21.7 27.8 15:01 14.8 06:32 00.0 02.8 00.0 06.1 35.1 18:00 S 30 19.2 22.0 23:01 16.8 06:20 00.0 00.3 00.0 09.3 40.7 16:33 S ---------------------------------------------------------------------------------------------------------------------------------------------------------- 20.1 (20.2) 42.1 day 25 09.3 day 09 021.6 056.3 000.0 03.9 40.7 day 31 WNW Max > 30: 3 Min < 30: 30 Max Rain: 0.4 ON 28-07-19 Days of Rain: 1 (> .2mm) 0 (> 2mm) 0 (> 20mm)