NOAA-Style Climate Reports
Select a Year or Month report
2024: jan feb maa apr mei jun jul aug sep okt nov dec
2023: jan feb maa apr mei jun jul aug sep okt nov dec
2022: jan feb maa apr mei jun jul aug sep okt nov dec
2021: jan feb maa apr mei jun jul aug sep okt nov dec
2020: jan feb maa apr mei jun jul aug sep okt nov dec
2019: jan feb maa apr mei jun jul aug sep okt nov dec
2018: jan feb maa apr mei jun jul aug sep okt nov dec
2017: jan feb maa apr mei jun jul aug sep okt nov dec
2016: jan feb maa apr mei jun jul aug sep okt nov dec
2015: jan feb maa apr mei jun jul aug sep okt nov dec
2014: jan feb maa apr mei jun jul aug sep okt nov dec
2013: jan feb maa apr mei jun jul aug sep okt nov dec
2012: jan feb maa apr mei jun jul aug sep okt nov dec
2011: jan feb maa apr mei jun jul aug sep okt nov dec
2010: jan feb maa apr mei jun jul aug sep okt nov dec
2024: jan feb maa apr mei jun jul aug sep okt nov dec
2023: jan feb maa apr mei jun jul aug sep okt nov dec
2022: jan feb maa apr mei jun jul aug sep okt nov dec
2021: jan feb maa apr mei jun jul aug sep okt nov dec
2020: jan feb maa apr mei jun jul aug sep okt nov dec
2019: jan feb maa apr mei jun jul aug sep okt nov dec
2018: jan feb maa apr mei jun jul aug sep okt nov dec
2017: jan feb maa apr mei jun jul aug sep okt nov dec
2016: jan feb maa apr mei jun jul aug sep okt nov dec
2015: jan feb maa apr mei jun jul aug sep okt nov dec
2014: jan feb maa apr mei jun jul aug sep okt nov dec
2013: jan feb maa apr mei jun jul aug sep okt nov dec
2012: jan feb maa apr mei jun jul aug sep okt nov dec
2011: jan feb maa apr mei jun jul aug sep okt nov dec
2010: jan feb maa apr mei jun jul aug sep okt nov dec
Rapport voor 2019 juni
Daily NOAA report MONTHLY CLIMATOLOGICAL SUMMARY for JUN. 2019 NAME: CITY: STATE: ELEV: LAT: LONG: TEMPERATURE ( °C), RAIN (mm), WIND SPEED (kmh) HEAT COOL AVG MEAN DEG DEG WIND DOM DAY TEMP HIGH TIME LOW TIME DAYS DAYS RAIN SPEED HIGH TIME DIR ---------------------------------------------------------------------------------------------------------------------------------------------------------- 07 16.7 17.9 15:05 08.0 13:00 02.2 00.0 14.5 37.0 14:14 09 18.9 23.4 17:25 04.3 10:18 00.0 00.0 02.8 16.7 23:19 11 15.1 21.5 16:28 11.2 05:30 03.8 00.0 04.1 18.5 19:12 13 19.3 24.5 17:22 13.9 08:02 00.0 00.4 09.8 37.0 16:26 14 17.0 22.5 17:19 14.7 09:03 01.9 00.0 08.2 02.3 14.8 18:23 SSW 15 17.2 23.0 16:10 13.6 04:12 01.7 00.0 08.2 04.9 22.2 18:07 NW 16 19.6 27.4 17:04 12.3 06:08 00.0 00.7 00.0 02.9 18.5 13:06 SSW 17 25.5 30.4 16:33 15.2 06:00 00.0 06.6 00.0 01.6 13.0 18:18 SSW 18 20.1 28.8 16:14 16.9 09:42 00.0 01.2 00.0 02.3 31.5 07:39 ESE 19 17.9 21.2 13:10 15.7 07:04 01.0 00.0 00.0 05.6 29.6 09:24 SE 20 16.8 20.6 14:44 12.7 06:57 02.1 00.0 00.0 05.1 24.1 15:27 SW 21 18.0 25.7 18:34 10.1 06:05 00.9 00.0 00.0 02.1 18.5 19:11 WSW 22 23.0 31.8 15:41 14.1 06:21 00.0 04.1 00.0 02.1 25.9 14:26 NNE 23 26.1 33.7 16:57 19.4 06:36 00.0 07.2 00.0 02.4 16.7 19:49 ESE 24 26.7 34.8 14:51 20.5 06:24 00.0 07.8 00.0 03.6 25.9 16:49 SSE 25 20.9 28.1 16:43 17.2 07:36 00.0 02.0 00.0 04.1 22.2 20:37 SW 26 19.7 26.7 15:51 14.8 05:36 00.0 00.8 00.0 03.8 22.2 23:12 N 27 19.9 28.8 18:19 12.2 06:02 00.0 01.0 00.0 02.4 16.7 11:13 NNE 28 25.3 35.9 17:38 14.4 06:28 00.0 06.4 00.0 01.8 18.5 19:25 NE 29 23.2 26.1 16:24 20.1 23:00 00.0 04.3 00.0 04.1 29.6 12:18 SE ---------------------------------------------------------------------------------------------------------------------------------------------------------- 20.3 (20.4) 35.9 day 29 04.3 day 09 013.6 042.6 000.0 04.1 37.0 day 08 SSW Max > 30: 3 Min < 30: 20 Max Rain: 8.2 ON 14-06-19 Days of Rain: 2 (> .2mm) 2 (> 2mm) 0 (> 20mm)