NOAA-Style Climate Reports
Select a Year or Month report
2024: jan feb maa apr mei jun jul aug sep okt nov dec
2023: jan feb maa apr mei jun jul aug sep okt nov dec
2022: jan feb maa apr mei jun jul aug sep okt nov dec
2021: jan feb maa apr mei jun jul aug sep okt nov dec
2020: jan feb maa apr mei jun jul aug sep okt nov dec
2019: jan feb maa apr mei jun jul aug sep okt nov dec
2018: jan feb maa apr mei jun jul aug sep okt nov dec
2017: jan feb maa apr mei jun jul aug sep okt nov dec
2016: jan feb maa apr mei jun jul aug sep okt nov dec
2015: jan feb maa apr mei jun jul aug sep okt nov dec
2014: jan feb maa apr mei jun jul aug sep okt nov dec
2013: jan feb maa apr mei jun jul aug sep okt nov dec
2012: jan feb maa apr mei jun jul aug sep okt nov dec
2011: jan feb maa apr mei jun jul aug sep okt nov dec
2010: jan feb maa apr mei jun jul aug sep okt nov dec
2024: jan feb maa apr mei jun jul aug sep okt nov dec
2023: jan feb maa apr mei jun jul aug sep okt nov dec
2022: jan feb maa apr mei jun jul aug sep okt nov dec
2021: jan feb maa apr mei jun jul aug sep okt nov dec
2020: jan feb maa apr mei jun jul aug sep okt nov dec
2019: jan feb maa apr mei jun jul aug sep okt nov dec
2018: jan feb maa apr mei jun jul aug sep okt nov dec
2017: jan feb maa apr mei jun jul aug sep okt nov dec
2016: jan feb maa apr mei jun jul aug sep okt nov dec
2015: jan feb maa apr mei jun jul aug sep okt nov dec
2014: jan feb maa apr mei jun jul aug sep okt nov dec
2013: jan feb maa apr mei jun jul aug sep okt nov dec
2012: jan feb maa apr mei jun jul aug sep okt nov dec
2011: jan feb maa apr mei jun jul aug sep okt nov dec
2010: jan feb maa apr mei jun jul aug sep okt nov dec
Rapport voor 2019 mei
Daily NOAA report MONTHLY CLIMATOLOGICAL SUMMARY for MAY. 2019 NAME: CITY: STATE: ELEV: LAT: LONG: TEMPERATURE ( °C), RAIN (mm), WIND SPEED (kmh) HEAT COOL AVG MEAN DEG DEG WIND DOM DAY TEMP HIGH TIME LOW TIME DAYS DAYS RAIN SPEED HIGH TIME DIR ---------------------------------------------------------------------------------------------------------------------------------------------------------- 01 10.7 15.7 15:52 04.7 06:49 08.2 00.0 00.0 02.9 18.5 19:39 N 02 09.9 12.6 15:21 07.7 23:00 09.0 00.0 00.0 03.2 18.5 14:18 NW 03 06.9 10.7 17:03 04.7 06:14 12.0 00.0 00.0 05.7 48.1 13:48 NNW 04 07.4 12.3 15:12 03.4 02:12 11.5 00.0 00.8 04.8 38.9 10:07 N 05 08.3 12.9 16:39 03.4 03:25 10.6 00.0 00.0 03.8 24.1 16:44 N 06 10.2 15.9 17:01 05.1 07:15 08.7 00.0 00.0 02.5 18.5 16:01 SW 07 11.3 16.5 18:35 08.8 01:32 07.6 00.0 00.0 04.6 27.8 21:27 SSW 08 11.8 17.3 16:28 07.3 06:52 07.1 00.0 00.0 04.1 25.9 22:23 S 09 11.7 15.1 17:10 09.7 23:00 07.2 00.0 00.0 02.8 27.8 13:41 SSW 10 11.6 16.6 15:42 07.8 08:05 07.3 00.0 00.2 04.6 29.6 18:24 WSW 11 10.3 15.5 16:57 05.2 04:09 08.6 00.0 00.0 04.3 25.9 17:29 N 12 11.2 18.5 17:22 03.9 06:58 07.7 00.0 00.0 03.0 25.9 18:09 N 13 12.3 19.3 16:18 05.6 06:31 06.6 00.0 00.0 03.1 24.1 19:21 NNE 14 13.7 20.7 16:10 06.2 06:57 05.2 00.0 00.0 02.4 22.2 15:38 NE 15 13.5 20.0 18:31 06.3 06:37 05.4 00.0 00.0 02.6 18.5 18:31 NE 16 12.5 14.9 17:11 10.1 07:34 06.4 00.0 00.0 01.5 13.0 16:19 NNE 17 14.9 21.7 14:45 09.2 02:05 04.0 00.0 00.0 02.2 18.5 20:58 E 18 14.6 18.4 14:36 12.1 23:00 04.3 00.0 00.0 04.3 27.8 18:13 NNE 19 12.5 14.1 15:17 11.2 23:00 06.4 00.0 00.0 04.8 18.5 22:17 NNW 20 12.4 16.3 15:43 10.1 06:00 06.5 00.0 00.0 07.6 31.5 17:10 NNW 21 14.8 21.3 14:21 09.9 07:20 04.1 00.0 00.0 03.7 27.8 15:00 NNW 22 16.6 23.3 18:51 08.1 06:30 02.3 00.0 00.0 02.7 25.9 12:16 NW 23 17.1 23.4 14:04 10.9 06:31 01.8 00.0 00.0 03.8 27.8 19:14 WSW 24 14.3 20.3 18:36 08.8 05:36 04.6 00.0 00.0 02.1 16.7 19:31 NNW 25 16.2 22.1 14:38 10.2 03:14 02.7 00.0 00.0 06.9 33.3 15:37 NW 26 15.9 19.8 15:17 12.3 06:05 03.0 00.0 00.0 04.3 22.2 16:24 SSW 27 13.2 16.1 17:06 11.2 12:11 05.7 00.0 01.2 03.4 25.9 15:56 WNW 28 13.7 21.6 17:26 05.9 06:26 05.2 00.0 00.0 03.2 25.9 16:42 NW 29 17.7 21.9 14:51 13.7 04:06 01.2 00.0 00.0 08.4 33.3 16:04 SSW 30 18.1 21.1 18:31 14.5 06:49 00.8 00.0 00.0 05.6 22.2 00:04 SSW ---------------------------------------------------------------------------------------------------------------------------------------------------------- 12.8 (13.1) 23.4 day 24 03.4 day 06 181.8 000.0 000.0 04.0 48.1 day 04 NW Min < 30: 30 Max Rain: 1.2 ON 27-05-19 Days of Rain: 2 (> .2mm) 0 (> 2mm) 0 (> 20mm)