NOAA-Style Climate Reports
Select a Year or Month report
2024: jan feb maa apr mei jun jul aug sep okt nov dec
2023: jan feb maa apr mei jun jul aug sep okt nov dec
2022: jan feb maa apr mei jun jul aug sep okt nov dec
2021: jan feb maa apr mei jun jul aug sep okt nov dec
2020: jan feb maa apr mei jun jul aug sep okt nov dec
2019: jan feb maa apr mei jun jul aug sep okt nov dec
2018: jan feb maa apr mei jun jul aug sep okt nov dec
2017: jan feb maa apr mei jun jul aug sep okt nov dec
2016: jan feb maa apr mei jun jul aug sep okt nov dec
2015: jan feb maa apr mei jun jul aug sep okt nov dec
2014: jan feb maa apr mei jun jul aug sep okt nov dec
2013: jan feb maa apr mei jun jul aug sep okt nov dec
2012: jan feb maa apr mei jun jul aug sep okt nov dec
2011: jan feb maa apr mei jun jul aug sep okt nov dec
2010: jan feb maa apr mei jun jul aug sep okt nov dec
2024: jan feb maa apr mei jun jul aug sep okt nov dec
2023: jan feb maa apr mei jun jul aug sep okt nov dec
2022: jan feb maa apr mei jun jul aug sep okt nov dec
2021: jan feb maa apr mei jun jul aug sep okt nov dec
2020: jan feb maa apr mei jun jul aug sep okt nov dec
2019: jan feb maa apr mei jun jul aug sep okt nov dec
2018: jan feb maa apr mei jun jul aug sep okt nov dec
2017: jan feb maa apr mei jun jul aug sep okt nov dec
2016: jan feb maa apr mei jun jul aug sep okt nov dec
2015: jan feb maa apr mei jun jul aug sep okt nov dec
2014: jan feb maa apr mei jun jul aug sep okt nov dec
2013: jan feb maa apr mei jun jul aug sep okt nov dec
2012: jan feb maa apr mei jun jul aug sep okt nov dec
2011: jan feb maa apr mei jun jul aug sep okt nov dec
2010: jan feb maa apr mei jun jul aug sep okt nov dec
Rapport voor 2019 april
Daily NOAA report MONTHLY CLIMATOLOGICAL SUMMARY for APR. 2019 NAME: CITY: STATE: ELEV: LAT: LONG: TEMPERATURE ( °C), RAIN (mm), WIND SPEED (kmh) HEAT COOL AVG MEAN DEG DEG WIND DOM DAY TEMP HIGH TIME LOW TIME DAYS DAYS RAIN SPEED HIGH TIME DIR ---------------------------------------------------------------------------------------------------------------------------------------------------------- 01 09.7 19.6 16:03 02.4 07:50 09.2 00.0 00.0 03.6 44.4 16:50 NE 02 07.6 11.8 16:51 04.8 22:59 11.3 00.0 00.0 05.6 35.1 11:53 S 03 06.4 12.4 15:37 01.4 06:43 12.5 00.0 00.0 02.1 27.8 20:10 S 04 08.6 15.9 14:42 01.7 07:42 10.3 00.0 00.0 02.2 18.5 16:31 SSE 05 11.4 16.8 17:00 08.0 07:44 07.5 00.0 00.0 02.1 14.8 17:23 ESE 06 15.0 22.5 14:43 09.3 02:14 03.9 00.0 00.0 01.7 24.1 22:45 E 07 12.4 17.0 16:49 09.8 08:27 06.5 00.0 00.0 02.7 16.7 23:23 NE 08 11.8 16.5 16:52 09.0 09:18 07.1 00.0 00.0 03.1 24.1 15:54 WSW 09 09.4 14.8 14:45 04.6 08:49 09.5 00.0 00.0 05.2 27.8 17:58 NNE 10 07.0 13.6 16:02 01.2 07:26 11.9 00.0 00.0 04.8 25.9 13:14 NNE 11 06.0 10.8 15:15 01.9 06:25 12.9 00.0 00.0 03.1 22.2 18:40 NNE 12 04.2 09.9 16:58 -00.2 07:22 14.7 00.0 00.0 04.2 31.5 18:44 NNE 13 05.1 12.2 17:47 -00.8 06:58 13.8 00.0 00.0 02.5 18.5 18:27 NNE 14 09.5 18.7 17:16 01.3 07:18 09.4 00.0 00.0 02.7 24.1 10:58 NNE 15 14.2 20.7 15:33 07.7 07:16 04.7 00.0 00.0 03.8 25.9 15:26 ESE 16 13.5 17.1 15:39 10.3 07:10 05.4 00.0 00.0 01.9 16.7 12:38 SSE 17 16.7 24.8 17:12 08.3 07:12 02.2 00.0 00.0 02.5 24.1 17:22 SSE 18 18.7 27.3 15:45 10.0 07:08 00.2 00.0 00.0 02.5 18.5 18:43 E 19 19.1 28.2 16:47 09.9 07:45 00.0 00.2 00.0 02.3 18.5 19:25 ENE 20 18.7 27.6 16:38 09.7 07:39 00.2 00.0 00.0 01.8 18.5 18:27 NNE 21 19.2 28.7 15:36 09.6 07:08 00.0 00.3 00.0 02.2 25.9 14:34 ENE 22 17.6 23.9 14:42 11.9 07:26 01.3 00.0 00.0 02.6 22.2 16:37 ESE 23 17.0 24.8 16:04 11.8 23:00 01.9 00.0 00.0 06.3 46.3 16:29 ESE 24 12.2 17.8 13:21 09.3 04:31 06.7 00.0 00.0 05.1 31.5 19:05 S 25 13.4 19.3 17:12 08.9 02:05 05.5 00.0 00.0 05.7 33.3 17:35 SSE 26 11.9 14.0 23:01 09.9 08:22 07.0 00.0 00.0 09.2 40.7 14:49 SSW 27 09.7 13.7 14:48 07.6 09:04 09.2 00.0 00.0 05.0 27.8 00:14 SSW 28 10.3 17.3 15:44 03.3 06:58 08.6 00.0 00.0 02.4 22.2 19:20 SSW 29 11.8 14.4 18:10 09.6 02:37 07.1 00.0 00.0 03.3 18.5 20:07 NNW ---------------------------------------------------------------------------------------------------------------------------------------------------------- 12.0 (12.5) 28.7 day 22 -00.8 day 14 200.5 000.5 000.0 03.5 46.3 day 24 SE Min < 30: 29 Max Rain: 0.0 ON 18-04-19 Days of Rain: 0 (> .2mm) 0 (> 2mm) 0 (> 20mm)