NOAA-Style Climate Reports
Select a Year or Month report
2024: jan feb maa apr mei jun jul aug sep okt nov dec
2023: jan feb maa apr mei jun jul aug sep okt nov dec
2022: jan feb maa apr mei jun jul aug sep okt nov dec
2021: jan feb maa apr mei jun jul aug sep okt nov dec
2020: jan feb maa apr mei jun jul aug sep okt nov dec
2019: jan feb maa apr mei jun jul aug sep okt nov dec
2018: jan feb maa apr mei jun jul aug sep okt nov dec
2017: jan feb maa apr mei jun jul aug sep okt nov dec
2016: jan feb maa apr mei jun jul aug sep okt nov dec
2015: jan feb maa apr mei jun jul aug sep okt nov dec
2014: jan feb maa apr mei jun jul aug sep okt nov dec
2013: jan feb maa apr mei jun jul aug sep okt nov dec
2012: jan feb maa apr mei jun jul aug sep okt nov dec
2011: jan feb maa apr mei jun jul aug sep okt nov dec
2010: jan feb maa apr mei jun jul aug sep okt nov dec
2024: jan feb maa apr mei jun jul aug sep okt nov dec
2023: jan feb maa apr mei jun jul aug sep okt nov dec
2022: jan feb maa apr mei jun jul aug sep okt nov dec
2021: jan feb maa apr mei jun jul aug sep okt nov dec
2020: jan feb maa apr mei jun jul aug sep okt nov dec
2019: jan feb maa apr mei jun jul aug sep okt nov dec
2018: jan feb maa apr mei jun jul aug sep okt nov dec
2017: jan feb maa apr mei jun jul aug sep okt nov dec
2016: jan feb maa apr mei jun jul aug sep okt nov dec
2015: jan feb maa apr mei jun jul aug sep okt nov dec
2014: jan feb maa apr mei jun jul aug sep okt nov dec
2013: jan feb maa apr mei jun jul aug sep okt nov dec
2012: jan feb maa apr mei jun jul aug sep okt nov dec
2011: jan feb maa apr mei jun jul aug sep okt nov dec
2010: jan feb maa apr mei jun jul aug sep okt nov dec
Rapport voor 2018 november
Daily NOAA report MONTHLY CLIMATOLOGICAL SUMMARY for NOV. 2018 NAME: CITY: STATE: ELEV: LAT: LONG: TEMPERATURE ( °C), RAIN (mm), WIND SPEED (kmh) HEAT COOL AVG MEAN DEG DEG WIND DOM DAY TEMP HIGH TIME LOW TIME DAYS DAYS RAIN SPEED HIGH TIME DIR ---------------------------------------------------------------------------------------------------------------------------------------------------------- 01 09.9 13.3 13:46 04.7 23:00 09.0 00.0 00.0 03.8 31.5 00:25 S 02 05.4 11.3 15:07 01.0 09:12 13.5 00.0 00.0 01.1 16.7 15:03 SW 03 05.4 13.0 15:45 -00.1 08:33 13.5 00.0 00.0 00.8 13.0 11:14 SSW 04 09.1 15.8 15:30 05.6 06:02 09.8 00.0 00.0 00.7 13.0 12:28 SSE 05 12.5 18.9 16:10 07.3 23:40 06.4 00.0 00.0 01.4 16.7 12:37 SE 06 12.1 13.9 14:36 09.9 09:02 06.8 00.0 00.0 06.6 35.1 14:19 SSE 07 10.7 14.7 15:28 06.4 23:00 08.2 00.0 00.0 05.2 27.8 02:59 S 08 08.6 13.7 16:05 05.8 09:45 10.3 00.0 00.0 01.4 18.5 12:23 S 09 11.8 13.4 12:40 09.4 23:35 07.1 00.0 00.0 06.9 33.3 07:57 SSE 10 12.1 13.7 13:12 09.6 23:22 06.8 00.0 00.0 09.0 35.1 13:53 S 11 10.7 11.6 15:10 10.2 20:36 08.2 00.0 00.0 02.7 18.5 21:08 S 12 11.3 14.4 14:48 09.8 09:32 07.6 00.0 00.0 08.3 38.9 15:01 S 13 09.6 14.0 14:49 06.1 08:37 09.3 00.0 00.0 02.8 22.2 13:42 SSW 14 08.4 15.5 14:54 04.7 07:32 10.5 00.0 00.0 01.3 14.8 13:23 S 15 05.2 06.1 13:23 01.7 23:00 13.7 00.0 00.0 00.9 13.0 11:17 SE 16 04.2 11.0 14:24 -00.2 08:13 14.7 00.0 00.0 01.6 18.5 15:33 ESE 17 03.4 09.2 14:17 -00.2 08:54 15.5 00.0 00.0 02.3 22.2 21:11 ENE 18 04.3 07.2 14:06 01.4 01:46 14.6 00.0 00.0 04.3 29.6 20:25 NE 19 03.9 04.7 15:27 02.8 06:35 15.0 00.0 00.0 04.5 25.9 05:21 NE 20 04.0 08.1 14:27 00.1 08:37 14.9 00.0 00.0 01.5 14.8 02:26 ENE 21 03.5 07.5 14:39 00.5 23:00 15.4 00.0 00.0 01.1 14.8 10:53 E 22 04.3 12.2 14:53 -00.5 03:10 14.6 00.0 00.0 00.7 14.8 14:36 E 23 03.5 05.9 13:32 02.2 09:38 15.4 00.0 00.0 00.4 07.4 09:56 ESE 24 03.7 04.3 18:48 02.8 10:33 15.2 00.0 00.0 01.2 18.5 19:33 E 25 05.2 06.1 15:11 04.1 23:35 13.7 00.0 00.2 00.9 13.0 12:48 NE 26 04.3 06.4 14:35 03.6 08:10 14.6 00.0 00.0 01.4 18.5 22:56 NE 27 07.4 11.3 22:36 04.6 23:03 11.5 00.0 00.0 05.6 31.5 21:56 ESE 28 11.4 12.9 16:22 10.1 11:28 07.5 00.0 00.2 09.5 33.3 15:46 SSE 29 10.7 12.2 14:27 08.1 23:00 08.2 00.0 00.0 09.0 31.5 13:00 S ---------------------------------------------------------------------------------------------------------------------------------------------------------- 07.5 (7.8) 18.9 day 06 -00.5 day 23 331.5 000.0 000.0 03.3 38.9 day 11 SSE Min < 30: 29 Max Rain: 0.2 ON 25-11-18 Days of Rain: 0 (> .2mm) 0 (> 2mm) 0 (> 20mm)