NOAA-Style Climate Reports
Select a Year or Month report
2024: jan feb maa apr mei jun jul aug sep okt nov dec
2023: jan feb maa apr mei jun jul aug sep okt nov dec
2022: jan feb maa apr mei jun jul aug sep okt nov dec
2021: jan feb maa apr mei jun jul aug sep okt nov dec
2020: jan feb maa apr mei jun jul aug sep okt nov dec
2019: jan feb maa apr mei jun jul aug sep okt nov dec
2018: jan feb maa apr mei jun jul aug sep okt nov dec
2017: jan feb maa apr mei jun jul aug sep okt nov dec
2016: jan feb maa apr mei jun jul aug sep okt nov dec
2015: jan feb maa apr mei jun jul aug sep okt nov dec
2014: jan feb maa apr mei jun jul aug sep okt nov dec
2013: jan feb maa apr mei jun jul aug sep okt nov dec
2012: jan feb maa apr mei jun jul aug sep okt nov dec
2011: jan feb maa apr mei jun jul aug sep okt nov dec
2010: jan feb maa apr mei jun jul aug sep okt nov dec
2024: jan feb maa apr mei jun jul aug sep okt nov dec
2023: jan feb maa apr mei jun jul aug sep okt nov dec
2022: jan feb maa apr mei jun jul aug sep okt nov dec
2021: jan feb maa apr mei jun jul aug sep okt nov dec
2020: jan feb maa apr mei jun jul aug sep okt nov dec
2019: jan feb maa apr mei jun jul aug sep okt nov dec
2018: jan feb maa apr mei jun jul aug sep okt nov dec
2017: jan feb maa apr mei jun jul aug sep okt nov dec
2016: jan feb maa apr mei jun jul aug sep okt nov dec
2015: jan feb maa apr mei jun jul aug sep okt nov dec
2014: jan feb maa apr mei jun jul aug sep okt nov dec
2013: jan feb maa apr mei jun jul aug sep okt nov dec
2012: jan feb maa apr mei jun jul aug sep okt nov dec
2011: jan feb maa apr mei jun jul aug sep okt nov dec
2010: jan feb maa apr mei jun jul aug sep okt nov dec
Rapport voor 2018 september
Daily NOAA report MONTHLY CLIMATOLOGICAL SUMMARY for SEP. 2018 NAME: CITY: STATE: ELEV: LAT: LONG: TEMPERATURE ( °C), RAIN (mm), WIND SPEED (kmh) HEAT COOL AVG MEAN DEG DEG WIND DOM DAY TEMP HIGH TIME LOW TIME DAYS DAYS RAIN SPEED HIGH TIME DIR ---------------------------------------------------------------------------------------------------------------------------------------------------------- 11 15.7 18.1 10:03 14.2 23:00 03.2 00.0 02.6 18.5 10:05 12 15.7 21.4 16:23 12.9 23:00 03.2 00.0 00.0 02.3 18.5 17:54 N 13 14.0 19.8 13:19 07.4 07:56 04.9 00.0 00.0 03.3 25.9 14:36 N 14 16.1 20.5 15:59 12.7 07:52 02.8 00.0 00.0 04.2 18.5 01:52 SW 15 16.1 23.3 14:37 09.5 07:49 02.8 00.0 00.0 02.9 24.1 11:44 SW 16 17.6 26.4 16:49 10.2 08:04 01.3 00.0 00.0 02.4 22.2 15:15 SSW 17 19.8 25.7 15:18 14.7 04:31 00.0 00.9 00.0 06.2 37.0 15:54 S 18 19.9 24.9 15:48 14.9 05:06 00.0 01.0 00.0 06.9 33.3 13:00 SSW 19 20.7 25.1 16:41 17.0 07:48 00.0 01.8 00.0 08.2 35.1 16:53 SSW 20 17.9 21.8 23:23 14.7 23:00 01.0 00.0 00.0 12.1 50.0 06:44 S 21 13.4 16.0 13:18 11.1 23:00 05.5 00.0 00.0 06.4 29.6 23:08 SSW 22 11.0 12.4 15:44 09.9 19:10 07.9 00.0 00.0 02.2 27.8 16:58 SSW 23 10.4 15.1 14:29 06.6 06:32 08.5 00.0 00.0 02.4 24.1 17:53 NNE 24 10.4 18.6 15:45 04.2 08:16 08.5 00.0 00.0 00.9 14.8 15:45 NNW 25 12.1 20.4 16:38 05.4 07:49 06.8 00.0 00.0 02.4 18.5 17:25 S 26 13.8 22.8 16:20 06.3 08:21 05.1 00.0 00.0 02.0 18.5 17:01 S 27 12.8 17.9 15:08 09.1 02:53 06.1 00.0 00.0 02.9 25.9 12:28 SSW 28 10.4 18.1 15:48 04.2 08:26 08.5 00.0 00.0 01.1 16.7 13:09 NNE 29 10.0 18.6 14:50 02.7 08:28 08.9 00.0 00.0 02.2 25.9 17:26 ESE ---------------------------------------------------------------------------------------------------------------------------------------------------------- 14.6 (15.1) 26.4 day 17 02.7 day 30 085.0 003.7 000.0 03.9 50.0 day 21 SSW Min < 30: 19 Max Rain: 0.0 ON 0-09-18 Days of Rain: 0 (> .2mm) 0 (> 2mm) 0 (> 20mm)