NOAA-Style Climate Reports
Select a Year or Month report
2024: jan feb maa apr mei jun jul aug sep okt nov dec
2023: jan feb maa apr mei jun jul aug sep okt nov dec
2022: jan feb maa apr mei jun jul aug sep okt nov dec
2021: jan feb maa apr mei jun jul aug sep okt nov dec
2020: jan feb maa apr mei jun jul aug sep okt nov dec
2019: jan feb maa apr mei jun jul aug sep okt nov dec
2018: jan feb maa apr mei jun jul aug sep okt nov dec
2017: jan feb maa apr mei jun jul aug sep okt nov dec
2016: jan feb maa apr mei jun jul aug sep okt nov dec
2015: jan feb maa apr mei jun jul aug sep okt nov dec
2014: jan feb maa apr mei jun jul aug sep okt nov dec
2013: jan feb maa apr mei jun jul aug sep okt nov dec
2012: jan feb maa apr mei jun jul aug sep okt nov dec
2011: jan feb maa apr mei jun jul aug sep okt nov dec
2010: jan feb maa apr mei jun jul aug sep okt nov dec
2024: jan feb maa apr mei jun jul aug sep okt nov dec
2023: jan feb maa apr mei jun jul aug sep okt nov dec
2022: jan feb maa apr mei jun jul aug sep okt nov dec
2021: jan feb maa apr mei jun jul aug sep okt nov dec
2020: jan feb maa apr mei jun jul aug sep okt nov dec
2019: jan feb maa apr mei jun jul aug sep okt nov dec
2018: jan feb maa apr mei jun jul aug sep okt nov dec
2017: jan feb maa apr mei jun jul aug sep okt nov dec
2016: jan feb maa apr mei jun jul aug sep okt nov dec
2015: jan feb maa apr mei jun jul aug sep okt nov dec
2014: jan feb maa apr mei jun jul aug sep okt nov dec
2013: jan feb maa apr mei jun jul aug sep okt nov dec
2012: jan feb maa apr mei jun jul aug sep okt nov dec
2011: jan feb maa apr mei jun jul aug sep okt nov dec
2010: jan feb maa apr mei jun jul aug sep okt nov dec
Rapport voor 2018 augustus
Daily NOAA report MONTHLY CLIMATOLOGICAL SUMMARY for AUG. 2018 NAME: CITY: STATE: ELEV: LAT: LONG: TEMPERATURE ( °C), RAIN (mm), WIND SPEED (kmh) HEAT COOL AVG MEAN DEG DEG WIND DOM DAY TEMP HIGH TIME LOW TIME DAYS DAYS RAIN SPEED HIGH TIME DIR ---------------------------------------------------------------------------------------------------------------------------------------------------------- 01 23.0 29.9 16:58 15.0 16:00 00.0 04.1 00.0 03.5 24.1 17:59 NNW 02 25.3 33.8 15:36 17.4 06:49 00.0 06.4 00.0 02.6 25.9 18:21 NNW 03 24.4 31.6 14:40 19.6 07:35 00.0 05.5 00.0 04.5 31.5 17:00 NNW 04 22.6 30.3 17:38 16.5 07:12 00.0 03.7 00.0 02.8 18.5 19:04 N 05 24.8 34.3 17:20 15.3 07:10 00.0 05.9 00.0 02.6 24.1 17:27 N 06 27.4 36.3 15:57 17.4 07:18 00.0 08.5 00.0 02.1 18.5 17:30 ESE 07 21.7 28.3 23:44 18.3 23:00 00.0 02.8 00.0 06.7 51.8 02:21 SSW 08 18.0 22.0 11:33 14.7 06:22 00.9 00.0 00.3 03.1 42.6 22:09 SSW 09 17.6 22.6 17:54 13.9 06:55 01.3 00.0 00.0 09.4 38.9 18:58 S 10 17.4 21.3 19:15 13.6 06:38 01.5 00.0 00.0 04.0 24.1 23:17 SSW 11 21.1 28.9 16:54 14.0 02:11 00.0 02.2 00.6 03.9 25.9 14:12 SW 12 20.2 23.4 16:01 18.3 09:35 00.0 01.3 00.0 04.1 33.3 14:55 SSW 13 19.7 23.0 16:31 17.7 03:27 00.0 00.8 00.0 04.5 27.8 19:04 SSW 14 19.8 22.0 17:56 17.8 05:54 00.0 00.9 00.0 06.7 22.2 18:32 W 15 20.7 26.4 16:12 17.2 05:46 00.0 01.8 00.0 06.2 24.1 16:11 SSW 16 18.9 23.6 13:06 15.6 07:06 00.0 00.0 00.0 02.7 18.5 17:13 SSW 17 18.4 21.9 17:36 13.8 01:18 00.5 00.0 02.2 05.3 18.5 22:58 NNW 18 21.6 24.3 17:03 17.9 03:08 00.0 02.7 00.0 07.7 29.6 16:17 SSW 19 20.8 22.6 18:06 19.4 04:05 00.0 01.9 00.0 03.1 18.5 00:20 SSW 20 22.0 27.9 16:19 17.2 06:44 00.0 03.1 00.0 01.9 16.7 14:55 W 21 21.2 25.5 15:50 17.0 07:40 00.0 02.3 00.0 02.2 18.5 17:23 WNW 22 19.6 23.4 16:06 16.2 03:26 00.0 00.7 00.0 05.4 25.9 16:22 WNW 23 17.9 19.9 12:24 16.0 08:29 01.0 00.0 00.0 06.3 35.1 20:49 SSW 24 14.7 18.8 16:16 11.8 08:36 04.2 00.0 00.0 06.5 35.1 00:41 SW 25 14.3 19.1 14:22 08.5 07:03 04.6 00.0 00.0 04.6 29.6 17:47 SW 26 17.6 20.1 17:46 14.0 23:20 01.3 00.0 00.0 08.0 33.3 10:47 S 27 18.4 23.3 16:40 14.7 07:43 00.5 00.0 00.2 02.7 14.8 16:26 SSW 28 15.0 19.5 13:53 11.4 07:25 03.9 00.0 00.0 01.6 29.6 18:15 S 29 16.8 20.4 16:53 13.9 23:00 02.1 00.0 00.0 03.6 24.1 17:03 NNE 30 15.4 22.0 15:04 10.6 07:36 03.5 00.0 00.0 01.7 16.7 18:57 NNW ---------------------------------------------------------------------------------------------------------------------------------------------------------- 19.9 (20.2) 36.3 day 07 08.5 day 26 025.3 054.9 000.0 04.3 51.8 day 08 SW Max > 30: 3 Min < 30: 30 Max Rain: 2.2 ON 17-08-18 Days of Rain: 3 (> .2mm) 1 (> 2mm) 0 (> 20mm)