NOAA-Style Climate Reports
Select a Year or Month report
2024: jan feb maa apr mei jun jul aug sep okt nov dec
2023: jan feb maa apr mei jun jul aug sep okt nov dec
2022: jan feb maa apr mei jun jul aug sep okt nov dec
2021: jan feb maa apr mei jun jul aug sep okt nov dec
2020: jan feb maa apr mei jun jul aug sep okt nov dec
2019: jan feb maa apr mei jun jul aug sep okt nov dec
2018: jan feb maa apr mei jun jul aug sep okt nov dec
2017: jan feb maa apr mei jun jul aug sep okt nov dec
2016: jan feb maa apr mei jun jul aug sep okt nov dec
2015: jan feb maa apr mei jun jul aug sep okt nov dec
2014: jan feb maa apr mei jun jul aug sep okt nov dec
2013: jan feb maa apr mei jun jul aug sep okt nov dec
2012: jan feb maa apr mei jun jul aug sep okt nov dec
2011: jan feb maa apr mei jun jul aug sep okt nov dec
2010: jan feb maa apr mei jun jul aug sep okt nov dec
2024: jan feb maa apr mei jun jul aug sep okt nov dec
2023: jan feb maa apr mei jun jul aug sep okt nov dec
2022: jan feb maa apr mei jun jul aug sep okt nov dec
2021: jan feb maa apr mei jun jul aug sep okt nov dec
2020: jan feb maa apr mei jun jul aug sep okt nov dec
2019: jan feb maa apr mei jun jul aug sep okt nov dec
2018: jan feb maa apr mei jun jul aug sep okt nov dec
2017: jan feb maa apr mei jun jul aug sep okt nov dec
2016: jan feb maa apr mei jun jul aug sep okt nov dec
2015: jan feb maa apr mei jun jul aug sep okt nov dec
2014: jan feb maa apr mei jun jul aug sep okt nov dec
2013: jan feb maa apr mei jun jul aug sep okt nov dec
2012: jan feb maa apr mei jun jul aug sep okt nov dec
2011: jan feb maa apr mei jun jul aug sep okt nov dec
2010: jan feb maa apr mei jun jul aug sep okt nov dec
Rapport voor 2017 oktober
Daily noaa report MONTHLY CLIMATOLOGICAL SUMMARY for OCT. 2017 NAME: Ekeren CITY: Antwerp STATE: Belgium ELEV: 14 LAT: 51:17:80 LONG: -4:25:20 TEMPERATURE ( °C), RAIN (mm), WIND SPEED (kmh) HEAT COOL AVG MEAN DEG DEG WIND DOM DAY TEMP HIGH TIME LOW TIME DAYS DAYS RAIN SPEED HIGH TIME DIR -------------------------------------------------------------------------------------------------------- 01 14.3 17.3 15:45 11.1 08:11 04.0 00.0 00.0 08.4 42.5 17:13 S 02 16.8 19.9 14:23 13.8 23:41 01.5 00.0 01.0 10.8 40.7 03:48 SSW 03 14.3 17.2 14:31 12.8 08:42 04.0 00.0 00.2 05.3 27.8 01:03 WSW 04 13.7 15.7 14:53 11.4 08:18 04.6 00.0 00.0 08.7 38.9 20:34 SSW 05 13.9 15.8 11:22 10.8 23:39 04.4 00.0 03.8 10.8 46.3 12:28 WSW 06 12.2 15.1 15:14 10.3 09:02 06.1 00.0 04.6 04.9 35.1 15:39 NNW 07 12.1 13.4 22:06 10.5 08:08 06.2 00.0 11.2 09.8 42.5 10:44 SSW 08 13.4 15.2 12:20 12.1 00:00 04.9 00.0 02.8 01.9 20.4 16:29 W 09 13.6 16.4 16:37 11.1 07:36 04.7 00.0 00.2 03.0 20.4 23:35 SSW 10 15.1 17.7 17:07 13.4 03:03 03.2 00.0 01.2 07.2 29.6 22:10 SSW 11 15.0 16.7 15:02 13.3 05:24 03.3 00.0 00.0 11.7 38.9 16:36 S 12 15.5 18.5 15:24 12.6 09:05 02.8 00.0 00.0 07.2 42.5 02:06 SSW 13 16.6 20.4 15:17 13.0 01:30 01.7 00.0 00.0 06.7 35.1 13:34 SSW 14 16.9 21.8 15:20 13.6 08:44 01.4 00.0 00.0 03.8 20.4 12:17 SSW 15 17.3 25.1 15:26 11.6 08:30 01.0 00.0 00.2 03.6 22.2 14:25 S 16 21.0 26.7 15:44 16.8 03:31 00.0 02.7 00.2 06.9 24.1 08:29 S 17 15.9 19.1 00:04 13.0 00:00 02.4 00.0 00.0 03.2 20.4 12:07 SSW 18 15.7 22.0 15:38 11.8 08:34 02.6 00.0 00.0 01.5 14.8 16:54 S 19 16.8 21.9 15:55 11.7 07:15 01.5 00.0 00.0 02.6 22.2 20:14 SSE 20 15.0 18.5 00:09 13.1 00:00 03.3 00.0 03.4 12.6 46.3 12:30 S 21 14.0 17.9 13:54 11.1 05:28 04.3 00.0 02.4 09.7 42.5 15:38 S 22 11.4 13.9 13:30 10.1 03:42 06.9 00.0 06.8 11.9 48.1 01:18 SSW 23 12.8 15.1 16:47 10.7 05:45 05.5 00.0 01.0 06.1 25.9 13:26 SSW 24 15.6 17.9 17:45 13.4 00:42 02.7 00.0 00.4 09.1 27.8 19:36 SSW 25 16.0 16.9 04:00 14.4 00:00 02.3 00.0 00.2 07.4 35.1 11:01 SSW 26 14.6 16.2 14:41 13.1 23:36 03.7 00.0 00.8 03.2 18.5 17:19 SW 27 12.9 15.5 14:51 10.4 00:00 05.4 00.0 00.6 04.5 27.8 12:54 NNW 28 11.8 15.2 00:00 09.8 09:34 06.5 00.0 00.6 07.6 44.4 23:23 SSW -------------------------------------------------------------------------------------------------------- 14.8 (15.1) 26.7 day 16 09.8 day 28 101.0 002.7 041.6 06.8 48.1 day 20 SSW Min < 30: 28 Max Rain: 11.2 ON 7-10-17 Days of Rain: 19 (> .2mm) 7 (> 2mm) 0 (> 20mm)