NOAA-Style Climate Reports
Select a Year or Month report
2024: jan feb maa apr mei jun jul aug sep okt nov dec
2023: jan feb maa apr mei jun jul aug sep okt nov dec
2022: jan feb maa apr mei jun jul aug sep okt nov dec
2021: jan feb maa apr mei jun jul aug sep okt nov dec
2020: jan feb maa apr mei jun jul aug sep okt nov dec
2019: jan feb maa apr mei jun jul aug sep okt nov dec
2018: jan feb maa apr mei jun jul aug sep okt nov dec
2017: jan feb maa apr mei jun jul aug sep okt nov dec
2016: jan feb maa apr mei jun jul aug sep okt nov dec
2015: jan feb maa apr mei jun jul aug sep okt nov dec
2014: jan feb maa apr mei jun jul aug sep okt nov dec
2013: jan feb maa apr mei jun jul aug sep okt nov dec
2012: jan feb maa apr mei jun jul aug sep okt nov dec
2011: jan feb maa apr mei jun jul aug sep okt nov dec
2010: jan feb maa apr mei jun jul aug sep okt nov dec
2024: jan feb maa apr mei jun jul aug sep okt nov dec
2023: jan feb maa apr mei jun jul aug sep okt nov dec
2022: jan feb maa apr mei jun jul aug sep okt nov dec
2021: jan feb maa apr mei jun jul aug sep okt nov dec
2020: jan feb maa apr mei jun jul aug sep okt nov dec
2019: jan feb maa apr mei jun jul aug sep okt nov dec
2018: jan feb maa apr mei jun jul aug sep okt nov dec
2017: jan feb maa apr mei jun jul aug sep okt nov dec
2016: jan feb maa apr mei jun jul aug sep okt nov dec
2015: jan feb maa apr mei jun jul aug sep okt nov dec
2014: jan feb maa apr mei jun jul aug sep okt nov dec
2013: jan feb maa apr mei jun jul aug sep okt nov dec
2012: jan feb maa apr mei jun jul aug sep okt nov dec
2011: jan feb maa apr mei jun jul aug sep okt nov dec
2010: jan feb maa apr mei jun jul aug sep okt nov dec
Rapport voor 2017 augustus
Daily noaa report MONTHLY CLIMATOLOGICAL SUMMARY for AUG. 2017 NAME: Ekeren CITY: Antwerp STATE: Belgium ELEV: 14 LAT: 51:17:80 LONG: -4:25:20 TEMPERATURE ( °C), RAIN (mm), WIND SPEED (kmh) HEAT COOL AVG MEAN DEG DEG WIND DOM DAY TEMP HIGH TIME LOW TIME DAYS DAYS RAIN SPEED HIGH TIME DIR -------------------------------------------------------------------------------------------------------- 08 16.3 17.8 20:01 15.0 07:00 02.0 00.0 05.4 02.0 20.4 14:37 SW 09 18.3 23.2 16:26 13.9 07:49 00.0 00.0 00.0 07.8 29.6 14:06 S 10 16.4 18.6 11:43 14.2 05:59 01.9 00.0 01.2 00.5 11.1 09:18 NNE 11 17.8 22.7 17:02 14.7 07:17 00.5 00.0 00.4 03.2 27.8 17:16 NW 12 17.8 22.3 15:52 14.9 04:37 00.5 00.0 01.8 06.3 24.1 09:19 SSW 13 18.1 22.8 15:12 13.4 06:16 00.2 00.0 00.0 02.1 11.1 18:08 WSW 14 19.8 28.0 17:41 12.1 05:44 00.0 01.5 00.0 01.8 20.4 13:15 SSE 15 18.7 23.8 16:43 14.8 07:21 00.0 00.4 04.6 02.0 22.2 18:34 S 16 19.1 24.8 15:08 13.9 05:22 00.0 00.8 00.0 02.8 20.4 16:39 SSW 17 18.2 21.5 19:28 14.7 01:30 00.1 00.0 00.8 06.1 33.3 16:19 S 18 18.8 22.2 17:03 15.8 00:00 00.0 00.5 04.6 07.7 33.3 19:11 SSW 19 17.0 21.4 18:02 13.6 05:26 01.3 00.0 00.2 08.7 29.6 07:20 SSW 20 16.8 20.4 17:59 13.8 07:56 01.5 00.0 00.0 05.2 25.9 17:38 SW 21 17.7 22.7 15:58 12.3 07:26 00.6 00.0 00.0 02.3 22.2 11:56 S -------------------------------------------------------------------------------------------------------- 17.9 (18.2) 28.0 day 14 12.1 day 14 008.6 003.3 028.6 04.2 33.3 day 18 SSW Min < 30: 14 Max Rain: 5.4 ON 8-08-17 Days of Rain: 8 (> .2mm) 3 (> 2mm) 0 (> 20mm)