NOAA-Style Climate Reports
Select a Year or Month report
2024: jan feb maa apr mei jun jul aug sep okt nov dec
2023: jan feb maa apr mei jun jul aug sep okt nov dec
2022: jan feb maa apr mei jun jul aug sep okt nov dec
2021: jan feb maa apr mei jun jul aug sep okt nov dec
2020: jan feb maa apr mei jun jul aug sep okt nov dec
2019: jan feb maa apr mei jun jul aug sep okt nov dec
2018: jan feb maa apr mei jun jul aug sep okt nov dec
2017: jan feb maa apr mei jun jul aug sep okt nov dec
2016: jan feb maa apr mei jun jul aug sep okt nov dec
2015: jan feb maa apr mei jun jul aug sep okt nov dec
2014: jan feb maa apr mei jun jul aug sep okt nov dec
2013: jan feb maa apr mei jun jul aug sep okt nov dec
2012: jan feb maa apr mei jun jul aug sep okt nov dec
2011: jan feb maa apr mei jun jul aug sep okt nov dec
2010: jan feb maa apr mei jun jul aug sep okt nov dec
2024: jan feb maa apr mei jun jul aug sep okt nov dec
2023: jan feb maa apr mei jun jul aug sep okt nov dec
2022: jan feb maa apr mei jun jul aug sep okt nov dec
2021: jan feb maa apr mei jun jul aug sep okt nov dec
2020: jan feb maa apr mei jun jul aug sep okt nov dec
2019: jan feb maa apr mei jun jul aug sep okt nov dec
2018: jan feb maa apr mei jun jul aug sep okt nov dec
2017: jan feb maa apr mei jun jul aug sep okt nov dec
2016: jan feb maa apr mei jun jul aug sep okt nov dec
2015: jan feb maa apr mei jun jul aug sep okt nov dec
2014: jan feb maa apr mei jun jul aug sep okt nov dec
2013: jan feb maa apr mei jun jul aug sep okt nov dec
2012: jan feb maa apr mei jun jul aug sep okt nov dec
2011: jan feb maa apr mei jun jul aug sep okt nov dec
2010: jan feb maa apr mei jun jul aug sep okt nov dec
Rapport voor 2017 juli
Daily noaa report MONTHLY CLIMATOLOGICAL SUMMARY for JUL. 2017 NAME: Ekeren CITY: Antwerp STATE: Belgium ELEV: 14 LAT: 51:17:80 LONG: -4:25:20 TEMPERATURE ( °C), RAIN (mm), WIND SPEED (kmh) HEAT COOL AVG MEAN DEG DEG WIND DOM DAY TEMP HIGH TIME LOW TIME DAYS DAYS RAIN SPEED HIGH TIME DIR -------------------------------------------------------------------------------------------------------- 01 16.3 18.2 17:09 14.4 07:35 02.0 00.0 12.2 05.2 29.6 16:28 NNW 02 16.7 19.2 18:00 13.6 00:00 01.6 00.0 02.8 04.9 27.8 18:30 NW 03 17.3 23.7 17:57 09.4 05:23 01.0 00.0 00.0 05.7 29.6 13:13 SW 04 20.4 25.9 17:27 15.8 06:39 00.0 02.1 00.0 04.0 20.4 17:03 SSW 05 21.2 27.3 15:23 15.3 06:11 00.0 02.9 00.0 03.1 20.4 20:38 NNW 06 21.4 27.8 12:41 14.7 06:26 00.0 03.1 00.2 02.1 20.4 15:34 ESE 07 22.4 28.1 13:37 17.4 05:17 00.0 04.1 01.4 04.5 31.4 13:17 WNW 08 21.1 26.1 13:18 17.3 00:00 00.0 02.8 00.0 04.6 31.4 17:08 NW 09 20.0 27.1 17:05 13.0 06:35 00.0 01.7 00.0 01.9 18.5 19:09 NNE 10 20.3 27.4 13:17 16.5 06:43 00.0 02.0 01.0 03.7 24.1 23:02 SSW 11 18.9 22.5 15:20 15.5 06:46 00.0 00.6 02.4 07.6 27.8 18:06 SSW 12 16.9 20.0 18:12 13.3 00:00 01.4 00.0 21.0 06.4 31.4 10:42 NNW 13 16.2 23.0 16:17 09.1 06:40 02.1 00.0 00.0 01.0 14.8 14:05 ENE 14 16.8 20.8 11:19 12.1 06:31 01.5 00.0 08.4 04.6 35.1 11:26 NW 15 18.5 22.6 16:39 14.8 03:05 00.0 00.2 00.0 04.1 22.2 23:24 SSW 16 19.7 23.8 18:33 16.8 00:59 00.0 01.4 00.0 05.2 20.4 15:23 SSW 17 21.2 26.3 17:24 17.3 07:58 00.0 02.9 03.8 01.9 18.5 17:46 NNE 18 22.4 30.3 16:30 14.4 04:16 00.0 04.1 00.0 02.0 20.4 15:27 ENE 19 24.4 30.9 18:40 19.8 06:32 00.0 06.1 01.4 05.8 55.5 13:17 S 20 20.8 26.6 14:26 16.8 00:00 00.0 02.5 01.8 07.3 44.4 16:21 SSW 21 20.3 27.3 18:39 12.6 07:05 00.0 02.0 00.0 04.0 22.2 14:14 S 22 19.5 23.2 12:35 15.8 07:04 00.0 01.2 00.0 05.1 33.3 14:15 S 23 16.5 19.6 14:17 13.8 06:07 01.8 00.0 21.2 05.9 35.1 12:17 SSW 24 16.8 20.6 14:34 14.5 06:36 01.5 00.0 03.0 05.5 29.6 18:49 W 25 17.4 21.0 13:52 14.6 06:48 00.9 00.0 02.4 06.8 42.5 14:23 NNW 26 19.7 25.2 16:46 14.6 07:09 00.0 01.4 00.0 05.8 33.3 20:22 SSW 27 19.5 23.0 17:32 17.0 07:52 00.0 01.2 00.0 06.8 27.8 00:42 SW 28 17.8 22.4 16:49 14.6 07:00 00.5 00.0 01.6 08.9 35.1 13:06 SSW 29 20.8 24.9 17:00 16.2 00:05 00.0 02.5 00.0 07.9 37.0 10:08 SSW -------------------------------------------------------------------------------------------------------- 19.3 (19.6) 30.9 day 19 09.1 day 13 014.4 044.8 084.6 04.9 55.5 day 19 SW Max > 30: 2 Min < 30: 29 Max Rain: 21.2 ON 23-07-17 Days of Rain: 15 (> .2mm) 9 (> 2mm) 2 (> 20mm)