NOAA-Style Climate Reports
Select a Year or Month report
2024: jan feb maa apr mei jun jul aug sep okt nov dec
2023: jan feb maa apr mei jun jul aug sep okt nov dec
2022: jan feb maa apr mei jun jul aug sep okt nov dec
2021: jan feb maa apr mei jun jul aug sep okt nov dec
2020: jan feb maa apr mei jun jul aug sep okt nov dec
2019: jan feb maa apr mei jun jul aug sep okt nov dec
2018: jan feb maa apr mei jun jul aug sep okt nov dec
2017: jan feb maa apr mei jun jul aug sep okt nov dec
2016: jan feb maa apr mei jun jul aug sep okt nov dec
2015: jan feb maa apr mei jun jul aug sep okt nov dec
2014: jan feb maa apr mei jun jul aug sep okt nov dec
2013: jan feb maa apr mei jun jul aug sep okt nov dec
2012: jan feb maa apr mei jun jul aug sep okt nov dec
2011: jan feb maa apr mei jun jul aug sep okt nov dec
2010: jan feb maa apr mei jun jul aug sep okt nov dec
2024: jan feb maa apr mei jun jul aug sep okt nov dec
2023: jan feb maa apr mei jun jul aug sep okt nov dec
2022: jan feb maa apr mei jun jul aug sep okt nov dec
2021: jan feb maa apr mei jun jul aug sep okt nov dec
2020: jan feb maa apr mei jun jul aug sep okt nov dec
2019: jan feb maa apr mei jun jul aug sep okt nov dec
2018: jan feb maa apr mei jun jul aug sep okt nov dec
2017: jan feb maa apr mei jun jul aug sep okt nov dec
2016: jan feb maa apr mei jun jul aug sep okt nov dec
2015: jan feb maa apr mei jun jul aug sep okt nov dec
2014: jan feb maa apr mei jun jul aug sep okt nov dec
2013: jan feb maa apr mei jun jul aug sep okt nov dec
2012: jan feb maa apr mei jun jul aug sep okt nov dec
2011: jan feb maa apr mei jun jul aug sep okt nov dec
2010: jan feb maa apr mei jun jul aug sep okt nov dec
Rapport voor 2017 mei
Daily noaa report MONTHLY CLIMATOLOGICAL SUMMARY for MAY. 2017 NAME: Ekeren CITY: Antwerp STATE: Belgium ELEV: 14 LAT: 51:17:80 LONG: -4:25:20 TEMPERATURE ( °C), RAIN (mm), WIND SPEED (kmh) HEAT COOL AVG MEAN DEG DEG WIND DOM DAY TEMP HIGH TIME LOW TIME DAYS DAYS RAIN SPEED HIGH TIME DIR -------------------------------------------------------------------------------------------------------- 01 12.8 16.4 00:11 09.3 00:00 05.5 00.0 00.0 08.2 38.9 11:24 S 02 09.6 12.8 11:33 04.7 07:08 08.7 00.0 02.2 02.0 16.6 18:42 N 03 11.0 15.6 19:38 07.9 07:34 07.3 00.0 03.0 01.3 14.8 19:36 NE 04 12.2 16.9 16:28 09.8 06:15 06.1 00.0 02.4 03.0 27.8 17:27 NNE 05 10.1 12.9 17:03 08.3 00:00 08.2 00.0 00.0 02.3 22.2 03:26 NE 06 14.1 22.8 16:33 06.6 04:52 04.2 00.0 00.0 02.6 22.2 14:26 NE 07 11.8 14.7 00:02 09.4 23:37 06.5 00.0 00.0 04.9 24.1 12:16 NNW 08 10.9 16.9 18:01 08.2 00:00 07.4 00.0 00.0 05.8 27.8 16:37 N 09 09.9 16.8 15:23 03.2 06:22 08.4 00.0 00.0 03.7 27.8 15:42 N 10 12.0 21.0 17:41 02.9 06:42 06.3 00.0 00.0 01.7 18.5 12:23 ENE 11 15.2 25.5 17:16 06.9 07:30 03.1 00.0 05.6 02.0 25.9 16:32 SE 12 16.7 22.8 17:55 13.8 00:00 01.6 00.0 02.8 06.6 33.3 17:27 S 13 15.5 19.7 14:07 12.7 00:00 02.8 00.0 01.0 04.9 27.8 15:05 SSW 14 15.0 20.3 16:29 10.2 06:47 03.3 00.0 00.0 05.3 33.3 13:36 SSW 15 16.2 23.2 15:31 07.8 06:31 02.1 00.0 00.0 04.5 25.9 14:14 SSW 16 22.2 28.2 15:45 17.0 02:54 00.0 03.9 00.0 05.7 29.6 16:36 SSW 17 24.0 31.2 17:18 17.1 05:50 00.0 05.7 00.0 03.7 37.0 23:50 S 18 17.9 24.9 00:05 14.6 09:49 00.4 00.0 02.6 03.4 33.3 00:03 W 19 13.7 17.7 00:37 10.0 00:00 04.6 00.0 15.8 07.7 40.7 04:30 SSW 20 13.5 19.6 19:04 09.2 04:49 04.8 00.0 01.8 05.9 27.8 11:37 S 21 16.2 22.8 18:47 08.3 06:28 02.1 00.0 00.0 01.8 18.5 19:04 SSE 22 19.2 27.1 16:11 09.4 06:47 00.0 00.9 00.0 02.1 27.8 16:20 SSE 23 17.9 21.9 16:48 13.5 06:20 00.4 00.0 00.0 03.8 27.8 14:04 NW 24 18.2 24.1 16:13 13.3 04:17 00.1 00.0 00.0 04.1 25.9 16:20 NW 25 19.6 27.6 18:00 11.8 06:29 00.0 01.3 00.0 02.0 18.5 21:00 NNE 26 22.4 30.1 16:39 14.3 06:34 00.0 04.1 00.0 02.8 24.1 17:19 ESE 27 23.8 33.1 16:51 16.3 06:21 00.0 05.5 00.0 04.8 29.6 14:50 S 28 22.9 29.3 16:08 17.3 06:52 00.0 04.6 00.4 01.8 16.6 17:14 NNW 29 23.1 32.6 14:43 17.7 07:30 00.0 04.8 00.2 03.8 25.9 16:09 NW 30 20.2 24.1 13:41 17.7 00:00 00.0 01.9 00.0 05.2 25.9 11:49 SW 31 18.8 25.2 15:23 13.5 06:13 00.0 00.5 00.0 04.8 22.2 18:15 WNW -------------------------------------------------------------------------------------------------------- 16.3 (16.8) 33.1 day 27 02.9 day 10 094.0 033.1 037.8 03.9 40.7 day 19 S Max > 30: 4 Min < 30: 31 Max Rain: 15.8 ON 19-05-17 Days of Rain: 11 (> .2mm) 7 (> 2mm) 0 (> 20mm)