NOAA-Style Climate Reports
Select a Year or Month report
2024: jan feb maa apr mei jun jul aug sep okt nov dec
2023: jan feb maa apr mei jun jul aug sep okt nov dec
2022: jan feb maa apr mei jun jul aug sep okt nov dec
2021: jan feb maa apr mei jun jul aug sep okt nov dec
2020: jan feb maa apr mei jun jul aug sep okt nov dec
2019: jan feb maa apr mei jun jul aug sep okt nov dec
2018: jan feb maa apr mei jun jul aug sep okt nov dec
2017: jan feb maa apr mei jun jul aug sep okt nov dec
2016: jan feb maa apr mei jun jul aug sep okt nov dec
2015: jan feb maa apr mei jun jul aug sep okt nov dec
2014: jan feb maa apr mei jun jul aug sep okt nov dec
2013: jan feb maa apr mei jun jul aug sep okt nov dec
2012: jan feb maa apr mei jun jul aug sep okt nov dec
2011: jan feb maa apr mei jun jul aug sep okt nov dec
2010: jan feb maa apr mei jun jul aug sep okt nov dec
2024: jan feb maa apr mei jun jul aug sep okt nov dec
2023: jan feb maa apr mei jun jul aug sep okt nov dec
2022: jan feb maa apr mei jun jul aug sep okt nov dec
2021: jan feb maa apr mei jun jul aug sep okt nov dec
2020: jan feb maa apr mei jun jul aug sep okt nov dec
2019: jan feb maa apr mei jun jul aug sep okt nov dec
2018: jan feb maa apr mei jun jul aug sep okt nov dec
2017: jan feb maa apr mei jun jul aug sep okt nov dec
2016: jan feb maa apr mei jun jul aug sep okt nov dec
2015: jan feb maa apr mei jun jul aug sep okt nov dec
2014: jan feb maa apr mei jun jul aug sep okt nov dec
2013: jan feb maa apr mei jun jul aug sep okt nov dec
2012: jan feb maa apr mei jun jul aug sep okt nov dec
2011: jan feb maa apr mei jun jul aug sep okt nov dec
2010: jan feb maa apr mei jun jul aug sep okt nov dec
Rapport voor 2017 april
Daily noaa report MONTHLY CLIMATOLOGICAL SUMMARY for APR. 2017 NAME: Ekeren CITY: Antwerp STATE: Belgium ELEV: 14 LAT: 51:17:80 LONG: -4:25:20 TEMPERATURE ( °C), RAIN (mm), WIND SPEED (kmh) HEAT COOL AVG MEAN DEG DEG WIND DOM DAY TEMP HIGH TIME LOW TIME DAYS DAYS RAIN SPEED HIGH TIME DIR -------------------------------------------------------------------------------------------------------- 01 12.1 15.2 13:36 09.7 06:44 06.2 00.0 02.2 02.5 22.2 13:19 S 02 11.3 17.3 15:45 05.2 08:12 07.0 00.0 00.2 02.9 24.1 18:13 WNW 03 09.9 17.0 17:39 05.9 06:20 08.4 00.0 00.2 01.2 12.9 15:48 SSE 04 10.3 16.4 13:38 04.4 07:47 08.0 00.0 00.0 02.7 22.2 17:18 NW 05 09.8 14.1 15:00 07.0 04:38 08.5 00.0 00.0 05.5 29.6 18:06 NNW 06 08.8 12.6 17:33 05.9 02:39 09.5 00.0 00.0 03.4 22.2 16:00 NNW 07 09.6 13.8 15:18 04.2 03:16 08.7 00.0 00.0 02.8 18.5 17:07 WNW 08 11.8 18.4 16:27 07.1 07:39 06.5 00.0 00.0 01.7 14.8 16:32 NW 09 14.1 24.3 16:35 04.0 08:02 04.2 00.0 00.0 02.6 18.5 17:14 SSW 10 11.8 15.9 03:21 07.0 00:00 06.5 00.0 00.0 05.8 22.2 17:03 NNW 11 09.8 16.3 14:10 05.1 04:10 08.5 00.0 00.0 02.7 24.1 12:14 WNW 12 10.6 13.5 14:05 07.7 07:14 07.7 00.0 00.0 06.9 29.6 16:05 SW 13 10.6 14.2 16:06 07.1 00:00 07.7 00.0 00.4 05.2 24.1 16:15 WNW 14 09.3 13.3 19:00 04.1 04:30 09.0 00.0 00.0 03.1 22.2 19:30 WSW 15 11.5 13.2 14:25 09.1 06:33 06.8 00.0 01.2 06.9 33.3 13:30 NW 16 10.7 12.9 15:00 07.2 05:00 07.6 00.0 02.8 06.0 33.3 14:00 NW 17 08.7 12.6 15:17 04.9 07:54 09.6 00.0 06.2 06.2 35.1 16:32 N 18 06.8 11.6 18:38 02.4 04:46 11.5 00.0 01.8 02.7 24.1 15:27 N 19 05.6 10.4 18:34 00.2 07:37 12.7 00.0 00.0 03.1 24.1 12:05 NNE 20 06.7 14.3 16:41 -01.3 07:18 11.6 00.0 00.0 02.1 18.5 17:48 NNW 21 11.4 15.6 15:20 06.3 00:41 06.9 00.0 00.0 04.7 27.8 14:25 WSW 22 10.0 13.0 15:14 06.6 08:19 08.3 00.0 00.2 05.3 27.8 16:15 NNW 23 08.6 13.0 19:14 04.1 07:30 09.7 00.0 00.0 02.7 22.2 16:19 N 24 10.6 16.1 15:25 04.7 01:38 07.7 00.0 00.4 05.9 27.8 14:21 SW 25 07.7 10.7 16:00 05.5 07:57 10.6 00.0 01.4 06.5 33.3 16:00 NW 26 07.2 11.9 17:40 03.1 06:51 11.1 00.0 01.4 04.0 33.3 20:00 NNW 27 06.8 11.3 18:30 00.9 07:14 11.5 00.0 00.0 03.3 38.9 13:31 NW 28 08.8 12.8 14:10 06.2 00:00 09.5 00.0 05.8 04.9 24.1 14:19 WNW 29 09.0 16.1 15:47 01.7 07:13 09.3 00.0 00.0 01.7 18.5 17:33 S 30 13.8 22.1 16:50 05.2 07:11 04.5 00.0 00.0 05.7 40.7 15:45 SE -------------------------------------------------------------------------------------------------------- 09.8 (9.9) 24.3 day 09 -01.3 day 20 255.3 000.0 024.2 04.0 40.7 day 25 NW Min < 30: 30 Max Rain: 6.2 ON 17-04-17 Days of Rain: 13 (> .2mm) 4 (> 2mm) 0 (> 20mm)