NOAA-Style Climate Reports
Select a Year or Month report
2024: jan feb maa apr mei jun jul aug sep okt nov dec
2023: jan feb maa apr mei jun jul aug sep okt nov dec
2022: jan feb maa apr mei jun jul aug sep okt nov dec
2021: jan feb maa apr mei jun jul aug sep okt nov dec
2020: jan feb maa apr mei jun jul aug sep okt nov dec
2019: jan feb maa apr mei jun jul aug sep okt nov dec
2018: jan feb maa apr mei jun jul aug sep okt nov dec
2017: jan feb maa apr mei jun jul aug sep okt nov dec
2016: jan feb maa apr mei jun jul aug sep okt nov dec
2015: jan feb maa apr mei jun jul aug sep okt nov dec
2014: jan feb maa apr mei jun jul aug sep okt nov dec
2013: jan feb maa apr mei jun jul aug sep okt nov dec
2012: jan feb maa apr mei jun jul aug sep okt nov dec
2011: jan feb maa apr mei jun jul aug sep okt nov dec
2010: jan feb maa apr mei jun jul aug sep okt nov dec
2024: jan feb maa apr mei jun jul aug sep okt nov dec
2023: jan feb maa apr mei jun jul aug sep okt nov dec
2022: jan feb maa apr mei jun jul aug sep okt nov dec
2021: jan feb maa apr mei jun jul aug sep okt nov dec
2020: jan feb maa apr mei jun jul aug sep okt nov dec
2019: jan feb maa apr mei jun jul aug sep okt nov dec
2018: jan feb maa apr mei jun jul aug sep okt nov dec
2017: jan feb maa apr mei jun jul aug sep okt nov dec
2016: jan feb maa apr mei jun jul aug sep okt nov dec
2015: jan feb maa apr mei jun jul aug sep okt nov dec
2014: jan feb maa apr mei jun jul aug sep okt nov dec
2013: jan feb maa apr mei jun jul aug sep okt nov dec
2012: jan feb maa apr mei jun jul aug sep okt nov dec
2011: jan feb maa apr mei jun jul aug sep okt nov dec
2010: jan feb maa apr mei jun jul aug sep okt nov dec
Rapport voor 2017 maart
Daily noaa report MONTHLY CLIMATOLOGICAL SUMMARY for MAR. 2017 NAME: Ekeren CITY: Antwerp STATE: Belgium ELEV: 14 LAT: 51:17:80 LONG: -4:25:20 TEMPERATURE ( °C), RAIN (mm), WIND SPEED (kmh) HEAT COOL AVG MEAN DEG DEG WIND DOM DAY TEMP HIGH TIME LOW TIME DAYS DAYS RAIN SPEED HIGH TIME DIR -------------------------------------------------------------------------------------------------------- 01 07.2 10.2 14:34 03.1 00:01 11.1 00.0 04.6 08.0 40.7 05:55 SSW 02 08.1 10.1 16:29 06.1 00:00 10.2 00.0 00.8 10.7 61.0 08:30 SW 03 07.2 11.8 17:02 02.6 07:33 11.1 00.0 00.0 03.6 22.2 16:06 SE 04 10.1 12.7 12:34 07.0 23:37 08.2 00.0 04.6 06.0 27.8 12:35 S 05 07.2 10.4 11:46 05.9 16:21 11.1 00.0 05.6 13.5 51.8 12:29 S 06 06.8 09.1 15:10 05.4 01:37 11.5 00.0 03.6 05.5 31.4 17:21 WSW 07 07.2 11.5 15:19 03.7 23:25 11.1 00.0 00.2 03.4 22.2 16:17 WNW 08 07.9 11.4 16:28 02.9 01:15 10.4 00.0 06.0 07.1 40.7 08:40 SSW 09 10.5 14.5 15:25 05.5 00:00 07.8 00.0 00.4 05.5 29.6 14:12 W 10 07.3 12.4 15:41 01.2 07:36 11.0 00.0 00.0 01.9 16.6 15:36 SE 11 08.4 14.6 14:57 02.2 06:33 09.9 00.0 00.0 01.3 14.8 16:18 ESE 12 10.5 18.9 15:59 03.6 07:56 07.8 00.0 00.0 01.7 18.5 13:05 SE 13 07.7 13.7 11:59 02.2 07:29 10.6 00.0 00.0 02.8 25.9 15:38 NW 14 09.1 15.3 13:26 04.2 02:02 09.2 00.0 00.0 04.5 24.1 12:38 SW 15 12.0 17.1 15:24 06.9 00:00 06.3 00.0 00.0 02.1 18.5 16:12 WNW 16 11.2 18.5 15:42 03.3 07:33 07.1 00.0 00.0 03.4 20.4 16:39 SSW 17 09.9 12.4 14:49 07.9 00:00 08.4 00.0 02.2 07.1 42.5 23:04 WSW 18 11.3 13.9 14:27 07.9 00:21 07.0 00.0 08.6 08.6 38.9 00:19 WSW 19 12.0 13.4 14:47 11.3 00:36 06.3 00.0 00.2 10.6 44.4 15:26 SW 20 10.9 12.1 13:02 09.8 09:05 07.4 00.0 01.2 13.1 46.3 13:33 SSW 21 09.5 11.2 16:43 07.0 00:00 08.8 00.0 00.0 06.7 40.7 01:40 SW 22 07.9 13.4 14:14 01.6 07:24 10.4 00.0 00.0 04.7 33.3 13:20 SE 23 10.0 16.6 16:04 03.6 07:17 08.3 00.0 00.0 04.5 24.1 23:19 ENE 24 09.8 15.7 16:08 05.8 06:48 08.5 00.0 00.0 05.2 27.8 17:16 NE 25 10.5 16.8 15:37 04.6 07:17 07.8 00.0 00.0 06.4 31.4 13:20 NE 26 10.2 16.3 17:24 05.1 08:19 08.1 00.0 00.0 04.1 20.4 17:26 NE 27 11.8 19.6 17:15 03.7 08:14 06.5 00.0 00.0 03.0 24.1 13:29 ESE 28 12.7 21.0 16:40 03.4 08:16 05.6 00.0 00.0 04.2 33.3 21:20 SSW 29 13.9 17.3 17:13 11.2 04:40 04.4 00.0 00.0 08.2 25.9 16:32 SSW 30 17.5 23.3 16:03 11.9 07:29 00.8 00.0 00.0 07.0 27.8 15:02 S -------------------------------------------------------------------------------------------------------- 09.9 (9.9) 23.3 day 30 01.2 day 10 252.8 000.0 038.2 05.8 61.1 day 20 SSW Min < 30: 30 Max Rain: 8.6 ON 18-03-17 Days of Rain: 12 (> .2mm) 7 (> 2mm) 0 (> 20mm)