NOAA-Style Climate Reports
Select a Year or Month report
2024: jan feb maa apr mei jun jul aug sep okt nov dec
2023: jan feb maa apr mei jun jul aug sep okt nov dec
2022: jan feb maa apr mei jun jul aug sep okt nov dec
2021: jan feb maa apr mei jun jul aug sep okt nov dec
2020: jan feb maa apr mei jun jul aug sep okt nov dec
2019: jan feb maa apr mei jun jul aug sep okt nov dec
2018: jan feb maa apr mei jun jul aug sep okt nov dec
2017: jan feb maa apr mei jun jul aug sep okt nov dec
2016: jan feb maa apr mei jun jul aug sep okt nov dec
2015: jan feb maa apr mei jun jul aug sep okt nov dec
2014: jan feb maa apr mei jun jul aug sep okt nov dec
2013: jan feb maa apr mei jun jul aug sep okt nov dec
2012: jan feb maa apr mei jun jul aug sep okt nov dec
2011: jan feb maa apr mei jun jul aug sep okt nov dec
2010: jan feb maa apr mei jun jul aug sep okt nov dec
2024: jan feb maa apr mei jun jul aug sep okt nov dec
2023: jan feb maa apr mei jun jul aug sep okt nov dec
2022: jan feb maa apr mei jun jul aug sep okt nov dec
2021: jan feb maa apr mei jun jul aug sep okt nov dec
2020: jan feb maa apr mei jun jul aug sep okt nov dec
2019: jan feb maa apr mei jun jul aug sep okt nov dec
2018: jan feb maa apr mei jun jul aug sep okt nov dec
2017: jan feb maa apr mei jun jul aug sep okt nov dec
2016: jan feb maa apr mei jun jul aug sep okt nov dec
2015: jan feb maa apr mei jun jul aug sep okt nov dec
2014: jan feb maa apr mei jun jul aug sep okt nov dec
2013: jan feb maa apr mei jun jul aug sep okt nov dec
2012: jan feb maa apr mei jun jul aug sep okt nov dec
2011: jan feb maa apr mei jun jul aug sep okt nov dec
2010: jan feb maa apr mei jun jul aug sep okt nov dec
Rapport voor 2017 february
Daily noaa report MONTHLY CLIMATOLOGICAL SUMMARY for FEB. 2017 NAME: Ekeren CITY: Antwerp STATE: Belgium ELEV: 14 LAT: 51:17:80 LONG: -4:25:20 TEMPERATURE ( °C), RAIN (mm), WIND SPEED (kmh) HEAT COOL AVG MEAN DEG DEG WIND DOM DAY TEMP HIGH TIME LOW TIME DAYS DAYS RAIN SPEED HIGH TIME DIR -------------------------------------------------------------------------------------------------------- 01 04.8 08.4 16:38 00.5 02:11 13.5 00.0 01.2 04.5 18.5 15:23 ESE 02 10.0 14.4 14:17 07.1 08:11 08.3 00.0 00.4 05.1 27.8 14:14 SE 03 10.1 11.9 15:16 07.8 21:15 08.2 00.0 00.2 08.0 25.9 13:14 S 04 05.9 08.1 00:02 03.9 08:19 12.4 00.0 06.0 03.5 24.1 01:12 S 05 06.0 08.5 15:09 04.2 09:24 12.3 00.0 00.0 03.3 18.5 21:49 NE 06 05.9 09.4 12:17 03.1 06:33 12.4 00.0 00.0 01.6 22.2 00:14 NNE 07 05.5 06.1 15:06 04.7 09:12 12.8 00.0 02.6 01.5 16.6 14:11 SE 08 02.9 05.7 00:20 00.9 00:00 15.4 00.0 00.4 03.9 18.5 04:58 NNE 09 00.8 02.4 16:24 -00.7 00:00 17.5 00.0 00.2 03.0 16.6 22:52 NE 10 -01.1 00.1 15:27 -02.9 08:13 19.4 00.0 00.0 02.8 16.6 12:54 NE 11 00.2 01.2 21:30 -00.7 08:26 18.1 00.0 01.0 02.7 14.8 10:00 NNE 12 03.1 06.4 17:16 00.9 02:14 15.2 00.0 00.2 02.5 22.2 15:36 ENE 13 04.4 09.4 15:25 00.6 08:17 13.9 00.0 00.0 04.5 27.8 18:08 E 14 06.5 13.6 15:21 00.7 08:30 11.8 00.0 00.0 03.6 22.2 01:10 ESE 15 08.8 16.1 15:00 03.1 08:32 09.5 00.0 00.0 02.6 18.5 15:29 SSE 16 08.7 11.8 14:12 06.3 08:06 09.6 00.0 00.0 03.7 16.6 11:29 SW 17 07.9 09.4 16:11 06.6 00:00 10.4 00.0 00.2 03.2 18.5 10:13 W 18 07.7 13.2 14:13 04.6 07:00 10.6 00.0 00.0 02.2 16.6 15:42 SSW 19 06.6 09.6 15:49 02.2 06:59 11.7 00.0 00.0 06.1 22.2 15:08 SSW 20 09.7 11.5 22:08 07.8 03:34 08.6 00.0 00.8 08.0 27.8 21:27 SSW 21 11.0 12.1 13:53 10.6 22:29 07.3 00.0 00.4 06.5 33.3 23:30 SW 22 10.8 11.6 12:14 10.4 09:34 07.5 00.0 09.2 12.6 44.4 04:03 SW 23 09.5 11.9 14:23 05.8 00:00 08.8 00.0 03.0 17.9 70.3 15:19 SW 24 05.9 08.8 14:37 04.5 05:56 12.4 00.0 01.6 05.3 48.1 00:11 WNW 25 06.5 09.6 17:54 03.6 06:14 11.8 00.0 00.0 11.4 35.1 15:39 SSW 26 09.1 11.3 00:00 07.2 08:02 09.2 00.0 00.8 12.3 37.0 19:59 SSW 27 09.7 11.4 11:57 05.9 00:00 08.6 00.0 08.6 15.5 62.9 11:10 S 28 05.4 08.3 13:28 02.6 23:03 12.9 00.0 08.6 12.2 51.8 07:07 SSW -------------------------------------------------------------------------------------------------------- 06.5 (6.7) 16.1 day 15 -02.9 day 10 329.8 000.0 045.6 06.1 70.3 day 23 S Min < 30: 28 Max Rain: 9.2 ON 22-02-17 Days of Rain: 18 (> .2mm) 6 (> 2mm) 0 (> 20mm)