NOAA-Style Climate Reports
Select a Year or Month report
2024: jan feb maa apr mei jun jul aug sep okt nov dec
2023: jan feb maa apr mei jun jul aug sep okt nov dec
2022: jan feb maa apr mei jun jul aug sep okt nov dec
2021: jan feb maa apr mei jun jul aug sep okt nov dec
2020: jan feb maa apr mei jun jul aug sep okt nov dec
2019: jan feb maa apr mei jun jul aug sep okt nov dec
2018: jan feb maa apr mei jun jul aug sep okt nov dec
2017: jan feb maa apr mei jun jul aug sep okt nov dec
2016: jan feb maa apr mei jun jul aug sep okt nov dec
2015: jan feb maa apr mei jun jul aug sep okt nov dec
2014: jan feb maa apr mei jun jul aug sep okt nov dec
2013: jan feb maa apr mei jun jul aug sep okt nov dec
2012: jan feb maa apr mei jun jul aug sep okt nov dec
2011: jan feb maa apr mei jun jul aug sep okt nov dec
2010: jan feb maa apr mei jun jul aug sep okt nov dec
2024: jan feb maa apr mei jun jul aug sep okt nov dec
2023: jan feb maa apr mei jun jul aug sep okt nov dec
2022: jan feb maa apr mei jun jul aug sep okt nov dec
2021: jan feb maa apr mei jun jul aug sep okt nov dec
2020: jan feb maa apr mei jun jul aug sep okt nov dec
2019: jan feb maa apr mei jun jul aug sep okt nov dec
2018: jan feb maa apr mei jun jul aug sep okt nov dec
2017: jan feb maa apr mei jun jul aug sep okt nov dec
2016: jan feb maa apr mei jun jul aug sep okt nov dec
2015: jan feb maa apr mei jun jul aug sep okt nov dec
2014: jan feb maa apr mei jun jul aug sep okt nov dec
2013: jan feb maa apr mei jun jul aug sep okt nov dec
2012: jan feb maa apr mei jun jul aug sep okt nov dec
2011: jan feb maa apr mei jun jul aug sep okt nov dec
2010: jan feb maa apr mei jun jul aug sep okt nov dec
Rapport voor 2017 januari
Daily noaa report MONTHLY CLIMATOLOGICAL SUMMARY for JAN. 2017 NAME: Ekeren CITY: Antwerp STATE: Belgium ELEV: 14 LAT: 51:17:80 LONG: -4:25:20 TEMPERATURE ( °C), RAIN (mm), WIND SPEED (kmh) HEAT COOL AVG MEAN DEG DEG WIND DOM DAY TEMP HIGH TIME LOW TIME DAYS DAYS RAIN SPEED HIGH TIME DIR -------------------------------------------------------------------------------------------------------- 22 -00.7 00.0 00:00 -02.0 21:00 19.0 00.0 00.2 00.0 00.0 00:00 N 23 01.9 04.5 15:30 00.0 22:30 16.4 00.0 00.0 01.6 16.6 16:30 WSW 24 01.7 03.0 16:48 00.8 06:28 16.6 00.0 00.8 01.6 14.8 00:44 S 25 -00.6 01.3 00:02 -04.1 00:00 18.9 00.0 00.0 01.7 18.5 15:26 ESE 26 -02.2 01.2 15:36 -04.8 02:41 20.5 00.0 00.0 03.1 20.4 11:31 SE 27 01.5 06.9 17:02 -04.0 05:37 16.8 00.0 00.0 03.2 22.2 13:45 SE 28 08.1 11.7 14:14 06.0 04:42 10.2 00.0 00.0 07.3 29.6 15:01 S 29 05.6 07.4 14:44 04.5 09:11 12.7 00.0 04.0 08.9 25.9 10:45 S 30 06.3 08.0 11:29 04.1 00:00 12.0 00.0 03.2 08.1 35.1 06:46 SSW 31 03.5 05.0 14:31 01.4 23:20 14.8 00.0 00.0 02.7 22.2 18:38 ESE -------------------------------------------------------------------------------------------------------- 02.5 (2.5) 11.7 day 28 -04.8 day 26 157.8 000.0 054.0 03.8 35.2 day 30 SSE Max < 0: 1 Min < 30: 10 Max Rain: 4.0 ON 29-01-17 Days of Rain: 4 (> .2mm) 2 (> 2mm) 0 (> 20mm)