NOAA-Style Climate Reports
Select a Year or Month report
2024: jan feb maa apr mei jun jul aug sep okt nov dec
2023: jan feb maa apr mei jun jul aug sep okt nov dec
2022: jan feb maa apr mei jun jul aug sep okt nov dec
2021: jan feb maa apr mei jun jul aug sep okt nov dec
2020: jan feb maa apr mei jun jul aug sep okt nov dec
2019: jan feb maa apr mei jun jul aug sep okt nov dec
2018: jan feb maa apr mei jun jul aug sep okt nov dec
2017: jan feb maa apr mei jun jul aug sep okt nov dec
2016: jan feb maa apr mei jun jul aug sep okt nov dec
2015: jan feb maa apr mei jun jul aug sep okt nov dec
2014: jan feb maa apr mei jun jul aug sep okt nov dec
2013: jan feb maa apr mei jun jul aug sep okt nov dec
2012: jan feb maa apr mei jun jul aug sep okt nov dec
2011: jan feb maa apr mei jun jul aug sep okt nov dec
2010: jan feb maa apr mei jun jul aug sep okt nov dec
2024: jan feb maa apr mei jun jul aug sep okt nov dec
2023: jan feb maa apr mei jun jul aug sep okt nov dec
2022: jan feb maa apr mei jun jul aug sep okt nov dec
2021: jan feb maa apr mei jun jul aug sep okt nov dec
2020: jan feb maa apr mei jun jul aug sep okt nov dec
2019: jan feb maa apr mei jun jul aug sep okt nov dec
2018: jan feb maa apr mei jun jul aug sep okt nov dec
2017: jan feb maa apr mei jun jul aug sep okt nov dec
2016: jan feb maa apr mei jun jul aug sep okt nov dec
2015: jan feb maa apr mei jun jul aug sep okt nov dec
2014: jan feb maa apr mei jun jul aug sep okt nov dec
2013: jan feb maa apr mei jun jul aug sep okt nov dec
2012: jan feb maa apr mei jun jul aug sep okt nov dec
2011: jan feb maa apr mei jun jul aug sep okt nov dec
2010: jan feb maa apr mei jun jul aug sep okt nov dec
Rapport voor 2016 oktober
Daily noaa report MONTHLY CLIMATOLOGICAL SUMMARY for OCT. 2016 NAME: Ekeren CITY: Antwerp STATE: Belgium ELEV: 14 LAT: 51:17:80 LONG: -4:25:20 TEMPERATURE ( °C), RAIN (mm), WIND SPEED (kmh) HEAT COOL AVG MEAN DEG DEG WIND DOM DAY TEMP HIGH TIME LOW TIME DAYS DAYS RAIN SPEED HIGH TIME DIR -------------------------------------------------------------------------------------------------------- 01 14.6 18.5 14:15 11.8 08:26 03.7 00.0 00.4 05.5 33.3 19:41 S 02 13.2 15.7 12:34 11.1 05:16 05.1 00.0 00.6 08.2 33.3 12:17 SW 03 15.4 19.8 14:17 12.4 00:00 02.9 00.0 01.6 03.9 24.1 03:00 NW 04 12.7 15.8 15:37 10.6 06:13 05.6 00.0 00.0 01.0 16.6 23:24 ENE 05 10.9 16.6 15:46 07.3 08:29 07.4 00.0 00.0 02.5 24.1 13:01 ENE 06 09.5 15.1 14:07 04.3 07:36 08.8 00.0 00.0 02.0 20.4 16:11 NE 07 11.8 14.2 14:08 08.3 00:00 06.5 00.0 00.0 01.4 18.5 13:39 NNE 08 11.5 17.3 15:48 07.6 01:28 06.8 00.0 00.0 01.2 16.6 14:44 NNE 09 10.1 15.4 15:51 06.2 05:19 08.2 00.0 00.0 01.2 16.6 16:30 N 10 10.4 16.3 15:50 05.7 00:00 07.9 00.0 00.0 00.8 16.6 17:18 N 11 08.0 15.1 14:34 02.1 08:15 10.3 00.0 00.0 01.1 18.5 15:33 NNE 12 09.8 11.1 14:41 08.6 00:00 08.5 00.0 00.2 01.6 18.5 13:01 NE 13 09.5 13.5 16:13 05.3 08:13 08.8 00.0 00.0 02.7 33.3 13:08 ENE 14 10.3 13.9 16:30 07.3 09:30 08.0 00.0 01.6 01.5 16.6 14:30 E 15 12.3 15.9 16:20 10.1 01:04 06.0 00.0 05.2 05.2 33.3 12:13 S 16 14.3 21.4 15:50 08.6 08:42 04.0 00.0 00.0 03.1 27.8 15:19 SSE 17 13.3 17.7 15:35 10.1 07:53 05.0 00.0 00.2 03.6 22.2 12:14 SSW 18 11.4 12.8 12:10 09.9 22:47 06.9 00.0 03.8 07.6 31.4 13:33 SSW 19 10.2 13.1 12:26 06.3 00:00 08.1 00.0 05.8 05.2 33.3 11:33 WSW 20 09.8 14.4 13:40 05.9 02:23 08.5 00.0 01.8 02.4 20.4 19:06 NNW 21 07.4 12.8 15:37 02.7 07:35 10.9 00.0 00.0 00.8 11.1 18:15 WNW 22 09.1 13.0 15:34 03.2 00:00 09.2 00.0 00.2 00.9 16.6 16:10 N 23 03.9 10.8 16:03 01.1 09:03 14.4 00.0 00.0 00.7 12.9 18:05 E 24 08.3 10.8 15:05 05.8 02:07 10.0 00.0 00.2 00.3 09.3 14:09 ENE -------------------------------------------------------------------------------------------------------- 10.7 (11.1) 21.4 day 16 01.1 day 23 181.5 000.0 021.6 02.7 33.3 day 15 S Min < 30: 24 Max Rain: 5.8 ON 19-10-16 Days of Rain: 12 (> .2mm) 3 (> 2mm) 0 (> 20mm)