NOAA-Style Climate Reports
Select a Year or Month report
2024: jan feb maa apr mei jun jul aug sep okt nov dec
2023: jan feb maa apr mei jun jul aug sep okt nov dec
2022: jan feb maa apr mei jun jul aug sep okt nov dec
2021: jan feb maa apr mei jun jul aug sep okt nov dec
2020: jan feb maa apr mei jun jul aug sep okt nov dec
2019: jan feb maa apr mei jun jul aug sep okt nov dec
2018: jan feb maa apr mei jun jul aug sep okt nov dec
2017: jan feb maa apr mei jun jul aug sep okt nov dec
2016: jan feb maa apr mei jun jul aug sep okt nov dec
2015: jan feb maa apr mei jun jul aug sep okt nov dec
2014: jan feb maa apr mei jun jul aug sep okt nov dec
2013: jan feb maa apr mei jun jul aug sep okt nov dec
2012: jan feb maa apr mei jun jul aug sep okt nov dec
2011: jan feb maa apr mei jun jul aug sep okt nov dec
2010: jan feb maa apr mei jun jul aug sep okt nov dec
2024: jan feb maa apr mei jun jul aug sep okt nov dec
2023: jan feb maa apr mei jun jul aug sep okt nov dec
2022: jan feb maa apr mei jun jul aug sep okt nov dec
2021: jan feb maa apr mei jun jul aug sep okt nov dec
2020: jan feb maa apr mei jun jul aug sep okt nov dec
2019: jan feb maa apr mei jun jul aug sep okt nov dec
2018: jan feb maa apr mei jun jul aug sep okt nov dec
2017: jan feb maa apr mei jun jul aug sep okt nov dec
2016: jan feb maa apr mei jun jul aug sep okt nov dec
2015: jan feb maa apr mei jun jul aug sep okt nov dec
2014: jan feb maa apr mei jun jul aug sep okt nov dec
2013: jan feb maa apr mei jun jul aug sep okt nov dec
2012: jan feb maa apr mei jun jul aug sep okt nov dec
2011: jan feb maa apr mei jun jul aug sep okt nov dec
2010: jan feb maa apr mei jun jul aug sep okt nov dec
Rapport voor 2016 september
Daily noaa report MONTHLY CLIMATOLOGICAL SUMMARY for SEP. 2016 NAME: Ekeren CITY: Antwerp STATE: Belgium ELEV: 14 LAT: 51:17:80 LONG: -4:25:20 TEMPERATURE ( °C), RAIN (mm), WIND SPEED (kmh) HEAT COOL AVG MEAN DEG DEG WIND DOM DAY TEMP HIGH TIME LOW TIME DAYS DAYS RAIN SPEED HIGH TIME DIR -------------------------------------------------------------------------------------------------------- 01 19.4 23.8 15:10 15.7 00:00 00.0 01.1 00.0 03.8 25.9 13:45 SW 02 17.6 23.1 17:00 13.1 05:00 00.7 00.0 01.8 04.7 31.4 16:00 SSW 03 19.1 23.8 17:18 15.3 04:04 00.0 00.8 00.2 07.4 29.6 15:32 SSW 04 19.5 22.3 13:53 17.9 00:00 00.0 01.2 01.0 09.3 40.7 11:25 SW 05 19.7 24.2 16:53 16.8 03:23 00.0 01.4 00.0 04.0 22.2 02:04 SW 06 20.2 24.4 18:32 17.6 07:52 00.0 01.9 00.0 02.1 18.5 13:24 S 07 21.3 29.6 17:00 14.1 08:07 00.0 03.0 00.0 01.3 18.5 15:19 SE 08 20.7 28.9 16:25 14.2 07:42 00.0 02.4 00.0 04.7 33.3 16:25 SSW 09 19.0 25.2 17:15 14.3 08:23 00.0 00.7 00.0 04.7 22.2 14:32 SSW 10 20.1 26.5 17:24 12.8 07:53 00.0 01.8 00.0 04.6 25.9 16:54 S 11 20.4 22.6 18:02 17.6 09:43 00.0 02.1 00.0 02.1 18.5 16:46 S 12 23.6 30.9 17:22 18.6 08:33 00.0 05.3 00.0 02.1 22.2 14:28 SSE 13 25.3 33.9 16:52 17.9 07:45 00.0 07.0 00.0 01.5 22.2 13:47 ESE 14 24.6 33.2 17:26 18.7 07:32 00.0 06.3 00.0 02.1 18.5 19:47 NE 15 22.0 29.5 14:08 17.0 08:15 00.0 03.7 01.8 04.7 29.6 20:30 S 16 18.4 22.5 17:07 15.9 08:17 00.0 00.1 00.0 09.1 37.0 12:40 S 17 18.2 22.5 17:09 15.8 05:12 00.1 00.0 03.2 04.3 22.2 04:32 SW 18 18.2 22.3 15:22 14.5 00:00 00.1 00.0 00.0 02.9 24.1 13:10 N 19 16.5 22.1 14:16 12.2 08:15 01.8 00.0 00.0 01.2 14.8 14:19 N 20 16.2 22.6 16:02 11.5 05:00 02.1 00.0 00.0 01.0 16.6 14:54 NE 21 15.3 22.9 17:07 09.3 07:56 03.0 00.0 00.0 00.9 14.8 16:42 SE 22 15.9 22.8 14:27 09.7 07:22 02.4 00.0 00.0 02.3 18.5 15:11 S 23 16.2 20.9 14:17 11.7 00:00 02.1 00.0 00.0 01.8 18.5 13:34 W 24 16.7 25.5 16:13 10.4 08:12 01.6 00.0 00.0 03.6 29.6 16:25 SSE 25 16.6 23.7 14:32 12.2 08:02 01.7 00.0 01.2 04.6 25.9 11:34 S 26 14.6 18.2 14:00 11.1 08:06 03.7 00.0 00.0 02.8 16.6 01:50 SSW 27 14.9 22.5 16:07 07.2 08:10 03.4 00.0 00.0 04.5 22.2 23:40 SSW 28 19.6 23.6 16:16 16.4 05:19 00.0 01.3 00.0 10.3 33.3 12:45 SSW 29 16.9 18.6 17:32 15.3 00:00 01.4 00.0 02.0 11.0 38.9 15:32 SSW 30 15.7 19.4 15:30 13.8 08:30 02.6 00.0 00.0 06.4 27.8 13:00 SSW -------------------------------------------------------------------------------------------------------- 18.7 (19.3) 33.9 day 13 07.2 day 27 026.8 040.2 011.2 04.2 40.7 day 29 SSW Max > 30: 3 Min < 30: 30 Max Rain: 3.2 ON 17-09-16 Days of Rain: 7 (> .2mm) 1 (> 2mm) 0 (> 20mm)