NOAA-Style Climate Reports
Select a Year or Month report
2024: jan feb maa apr mei jun jul aug sep okt nov dec
2023: jan feb maa apr mei jun jul aug sep okt nov dec
2022: jan feb maa apr mei jun jul aug sep okt nov dec
2021: jan feb maa apr mei jun jul aug sep okt nov dec
2020: jan feb maa apr mei jun jul aug sep okt nov dec
2019: jan feb maa apr mei jun jul aug sep okt nov dec
2018: jan feb maa apr mei jun jul aug sep okt nov dec
2017: jan feb maa apr mei jun jul aug sep okt nov dec
2016: jan feb maa apr mei jun jul aug sep okt nov dec
2015: jan feb maa apr mei jun jul aug sep okt nov dec
2014: jan feb maa apr mei jun jul aug sep okt nov dec
2013: jan feb maa apr mei jun jul aug sep okt nov dec
2012: jan feb maa apr mei jun jul aug sep okt nov dec
2011: jan feb maa apr mei jun jul aug sep okt nov dec
2010: jan feb maa apr mei jun jul aug sep okt nov dec
2024: jan feb maa apr mei jun jul aug sep okt nov dec
2023: jan feb maa apr mei jun jul aug sep okt nov dec
2022: jan feb maa apr mei jun jul aug sep okt nov dec
2021: jan feb maa apr mei jun jul aug sep okt nov dec
2020: jan feb maa apr mei jun jul aug sep okt nov dec
2019: jan feb maa apr mei jun jul aug sep okt nov dec
2018: jan feb maa apr mei jun jul aug sep okt nov dec
2017: jan feb maa apr mei jun jul aug sep okt nov dec
2016: jan feb maa apr mei jun jul aug sep okt nov dec
2015: jan feb maa apr mei jun jul aug sep okt nov dec
2014: jan feb maa apr mei jun jul aug sep okt nov dec
2013: jan feb maa apr mei jun jul aug sep okt nov dec
2012: jan feb maa apr mei jun jul aug sep okt nov dec
2011: jan feb maa apr mei jun jul aug sep okt nov dec
2010: jan feb maa apr mei jun jul aug sep okt nov dec
Rapport voor 2016 augustus
Daily noaa report MONTHLY CLIMATOLOGICAL SUMMARY for AUG. 2016 NAME: Ekeren CITY: Antwerp STATE: Belgium ELEV: 14 LAT: 51:17:80 LONG: -4:25:20 TEMPERATURE ( °C), RAIN (mm), WIND SPEED (kmh) HEAT COOL AVG MEAN DEG DEG WIND DOM DAY TEMP HIGH TIME LOW TIME DAYS DAYS RAIN SPEED HIGH TIME DIR -------------------------------------------------------------------------------------------------------- 01 16.6 20.7 15:52 13.2 03:22 01.7 00.0 00.0 01.7 24.1 11:00 SW 02 18.3 18.9 17:35 16.2 11:06 00.0 00.0 07.4 09.8 35.1 16:15 SSW 03 18.7 19.4 15:54 17.3 00:00 00.0 00.4 09.0 10.6 37.0 23:27 SSW 04 18.3 22.8 17:59 15.4 06:15 00.0 00.0 00.0 10.1 38.9 11:20 SSW 05 18.4 23.5 15:05 14.3 05:29 00.0 00.1 00.0 05.3 31.4 17:12 WSW 06 18.4 23.4 16:57 14.9 06:54 00.0 00.1 00.0 06.0 27.8 09:27 WSW 07 19.4 24.7 15:17 13.6 04:02 00.0 01.1 00.0 09.0 42.5 22:58 SSW 08 18.9 22.4 13:51 16.1 06:26 00.0 00.6 00.0 07.6 38.9 01:06 WSW 09 15.7 19.7 12:16 12.2 06:55 02.6 00.0 03.6 05.9 29.6 12:33 WNW 10 16.6 16.6 00:00 16.6 00:00 01.7 00.0 00.0 09.3 03.7 00:00 WNW 11 16.6 16.6 00:00 16.6 00:00 01.7 00.0 00.0 09.3 03.7 00:00 WNW 12 16.3 25.1 18:24 10.7 07:30 02.0 00.0 02.8 05.4 25.9 18:27 WNW 13 19.5 23.9 14:21 14.9 06:15 00.0 01.2 00.0 05.4 25.9 13:56 SW 14 18.8 24.0 14:17 15.4 05:32 00.0 00.5 00.2 02.2 20.4 18:48 NNW 15 18.4 24.6 18:00 13.4 07:23 00.0 00.1 00.0 02.0 20.4 18:30 NNE 16 18.9 25.8 17:12 12.3 07:07 00.0 00.6 00.0 02.2 25.9 12:27 NE 17 19.9 28.8 17:13 12.3 07:30 00.0 01.6 00.0 01.8 20.4 14:02 ENE 18 19.5 26.8 17:06 12.6 07:18 00.0 01.2 00.0 01.9 18.5 17:48 N 19 19.4 24.3 14:31 13.9 07:19 00.0 01.1 00.0 04.1 37.0 20:31 S 20 19.2 24.1 17:34 16.2 07:06 00.0 00.9 00.4 10.4 50.0 18:57 SSW 21 17.6 21.8 18:03 14.8 08:32 00.7 00.0 02.8 10.9 40.7 11:24 SSW 22 19.7 25.7 17:47 15.4 04:31 00.0 01.4 00.4 07.7 31.4 18:12 SSW 23 21.7 31.5 18:00 12.3 07:29 00.0 03.4 00.0 01.9 20.4 14:41 S 24 25.2 35.1 17:01 16.2 07:30 00.0 06.9 00.0 01.8 18.5 18:40 SE 25 26.4 35.6 17:08 17.6 07:34 00.0 08.1 00.0 02.1 18.5 16:25 SSE 26 24.2 28.8 17:00 20.6 07:56 00.0 05.9 00.0 03.0 20.4 18:21 NNW 27 23.9 31.6 16:26 17.8 07:09 00.0 05.6 00.0 01.8 20.4 12:54 ENE 28 22.9 26.2 13:58 19.1 00:00 00.0 04.6 00.0 05.6 31.4 18:36 SW 29 19.2 23.2 15:32 15.1 00:00 00.0 00.9 01.0 04.3 25.9 15:32 NW -------------------------------------------------------------------------------------------------------- 19.5 (19.9) 35.6 day 25 10.7 day 10 010.4 046.2 027.6 05.5 50.0 day 21 SW Max > 30: 4 Min < 30: 29 Max Rain: 9.0 ON 3-08-16 Days of Rain: 9 (> .2mm) 5 (> 2mm) 0 (> 20mm)