NOAA-Style Climate Reports
Select a Year or Month report
2024: jan feb maa apr mei jun jul aug sep okt nov dec
2023: jan feb maa apr mei jun jul aug sep okt nov dec
2022: jan feb maa apr mei jun jul aug sep okt nov dec
2021: jan feb maa apr mei jun jul aug sep okt nov dec
2020: jan feb maa apr mei jun jul aug sep okt nov dec
2019: jan feb maa apr mei jun jul aug sep okt nov dec
2018: jan feb maa apr mei jun jul aug sep okt nov dec
2017: jan feb maa apr mei jun jul aug sep okt nov dec
2016: jan feb maa apr mei jun jul aug sep okt nov dec
2015: jan feb maa apr mei jun jul aug sep okt nov dec
2014: jan feb maa apr mei jun jul aug sep okt nov dec
2013: jan feb maa apr mei jun jul aug sep okt nov dec
2012: jan feb maa apr mei jun jul aug sep okt nov dec
2011: jan feb maa apr mei jun jul aug sep okt nov dec
2010: jan feb maa apr mei jun jul aug sep okt nov dec
2024: jan feb maa apr mei jun jul aug sep okt nov dec
2023: jan feb maa apr mei jun jul aug sep okt nov dec
2022: jan feb maa apr mei jun jul aug sep okt nov dec
2021: jan feb maa apr mei jun jul aug sep okt nov dec
2020: jan feb maa apr mei jun jul aug sep okt nov dec
2019: jan feb maa apr mei jun jul aug sep okt nov dec
2018: jan feb maa apr mei jun jul aug sep okt nov dec
2017: jan feb maa apr mei jun jul aug sep okt nov dec
2016: jan feb maa apr mei jun jul aug sep okt nov dec
2015: jan feb maa apr mei jun jul aug sep okt nov dec
2014: jan feb maa apr mei jun jul aug sep okt nov dec
2013: jan feb maa apr mei jun jul aug sep okt nov dec
2012: jan feb maa apr mei jun jul aug sep okt nov dec
2011: jan feb maa apr mei jun jul aug sep okt nov dec
2010: jan feb maa apr mei jun jul aug sep okt nov dec
Rapport voor 2016 juni
Daily noaa report MONTHLY CLIMATOLOGICAL SUMMARY for JUN. 2016 NAME: Ekeren CITY: Antwerp STATE: Belgium ELEV: 14 LAT: 51:17:80 LONG: -4:25:20 TEMPERATURE ( °C), RAIN (mm), WIND SPEED (kmh) HEAT COOL AVG MEAN DEG DEG WIND DOM DAY TEMP HIGH TIME LOW TIME DAYS DAYS RAIN SPEED HIGH TIME DIR -------------------------------------------------------------------------------------------------------- 01 16.4 18.2 21:00 14.6 10:35 01.9 00.0 00.4 03.7 22.2 21:09 NW 02 15.1 17.1 15:30 12.8 00:00 03.2 00.0 00.0 07.6 33.3 05:55 N 03 15.0 20.0 17:33 12.4 04:10 03.3 00.0 02.6 04.0 22.2 20:10 NNW 04 16.0 22.2 18:11 12.8 01:51 02.3 00.0 00.0 03.8 18.5 18:28 WNW 05 18.9 29.3 15:31 13.3 06:11 00.0 00.6 15.4 02.3 22.2 17:25 WNW 06 21.1 29.8 17:09 13.1 06:19 00.0 02.8 00.0 02.7 18.5 17:35 NNE 07 22.8 30.2 16:29 17.9 07:43 00.0 04.5 00.0 03.3 22.2 20:21 NNE 08 19.3 24.9 14:44 13.6 00:00 00.0 01.0 00.0 04.6 27.8 18:16 NNW 09 16.9 22.1 15:39 12.6 03:18 01.4 00.0 00.2 04.8 22.2 19:14 NNW 10 17.4 25.7 16:47 09.6 06:49 00.9 00.0 00.0 02.5 16.6 21:03 NNW 11 18.1 22.0 16:16 15.2 10:11 00.2 00.0 01.6 01.4 14.8 14:03 NNE 12 18.4 22.9 15:01 16.3 06:28 00.0 00.1 03.0 03.3 35.1 16:35 SSW 13 16.6 20.0 13:27 14.7 00:00 01.7 00.0 17.2 05.5 27.8 16:54 SW 14 16.3 19.9 14:00 14.0 07:22 02.0 00.0 01.4 08.9 35.1 14:54 SSW 15 15.5 18.9 12:00 13.1 00:00 02.8 00.0 04.4 04.5 16.6 18:00 SSW 16 15.1 20.8 15:32 10.3 06:16 03.2 00.0 04.6 01.3 12.9 17:25 S 17 16.2 19.8 13:30 13.3 01:15 02.1 00.0 02.0 02.5 27.8 13:43 SW 18 14.8 17.3 15:02 12.5 00:00 03.5 00.0 06.4 04.9 35.1 17:33 NW 19 15.9 19.9 17:49 12.2 07:14 02.4 00.0 00.2 04.5 18.5 22:07 W 20 16.3 17.7 12:55 14.8 08:13 02.0 00.0 08.2 11.0 40.7 17:03 S 21 17.7 20.7 15:49 15.8 05:20 00.6 00.0 04.2 05.9 27.8 15:08 SSW 22 21.3 28.7 18:29 13.6 07:04 00.0 03.0 00.0 04.1 22.2 15:07 S 23 25.1 30.2 23:13 19.5 06:20 00.0 06.8 03.8 02.9 12.9 14:47 SE 24 20.7 23.6 18:01 16.9 00:00 00.0 02.4 00.0 04.1 22.2 16:44 NW 25 16.6 19.9 17:37 13.4 22:57 01.7 00.0 01.4 02.7 22.2 18:22 W 26 15.1 18.7 17:40 12.8 01:25 03.2 00.0 13.6 06.7 24.1 10:59 SSW 27 16.0 19.8 18:39 13.4 05:40 02.3 00.0 00.2 07.2 29.6 10:49 SSW 28 18.5 22.8 15:30 14.5 00:00 00.0 00.2 14.2 06.1 29.6 18:37 S 29 16.8 21.3 16:28 14.2 07:09 01.5 00.0 03.8 08.9 44.4 12:00 SSW 30 17.3 21.0 20:13 15.2 09:38 01.0 00.0 01.6 10.1 35.1 15:29 S -------------------------------------------------------------------------------------------------------- 17.6 (18.1) 30.2 day 23 09.6 day 10 043.2 021.3 110.4 04.9 44.4 day 30 SW Max > 30: 2 Min < 30: 30 Max Rain: 17.2 ON 13-06-16 Days of Rain: 22 (> .2mm) 13 (> 2mm) 0 (> 20mm)