NOAA-Style Climate Reports
Select a Year or Month report
2024: jan feb maa apr mei jun jul aug sep okt nov dec
2023: jan feb maa apr mei jun jul aug sep okt nov dec
2022: jan feb maa apr mei jun jul aug sep okt nov dec
2021: jan feb maa apr mei jun jul aug sep okt nov dec
2020: jan feb maa apr mei jun jul aug sep okt nov dec
2019: jan feb maa apr mei jun jul aug sep okt nov dec
2018: jan feb maa apr mei jun jul aug sep okt nov dec
2017: jan feb maa apr mei jun jul aug sep okt nov dec
2016: jan feb maa apr mei jun jul aug sep okt nov dec
2015: jan feb maa apr mei jun jul aug sep okt nov dec
2014: jan feb maa apr mei jun jul aug sep okt nov dec
2013: jan feb maa apr mei jun jul aug sep okt nov dec
2012: jan feb maa apr mei jun jul aug sep okt nov dec
2011: jan feb maa apr mei jun jul aug sep okt nov dec
2010: jan feb maa apr mei jun jul aug sep okt nov dec
2024: jan feb maa apr mei jun jul aug sep okt nov dec
2023: jan feb maa apr mei jun jul aug sep okt nov dec
2022: jan feb maa apr mei jun jul aug sep okt nov dec
2021: jan feb maa apr mei jun jul aug sep okt nov dec
2020: jan feb maa apr mei jun jul aug sep okt nov dec
2019: jan feb maa apr mei jun jul aug sep okt nov dec
2018: jan feb maa apr mei jun jul aug sep okt nov dec
2017: jan feb maa apr mei jun jul aug sep okt nov dec
2016: jan feb maa apr mei jun jul aug sep okt nov dec
2015: jan feb maa apr mei jun jul aug sep okt nov dec
2014: jan feb maa apr mei jun jul aug sep okt nov dec
2013: jan feb maa apr mei jun jul aug sep okt nov dec
2012: jan feb maa apr mei jun jul aug sep okt nov dec
2011: jan feb maa apr mei jun jul aug sep okt nov dec
2010: jan feb maa apr mei jun jul aug sep okt nov dec
Rapport voor 2016 mei
Daily noaa report MONTHLY CLIMATOLOGICAL SUMMARY for MAY. 2016 NAME: Ekeren CITY: Antwerp STATE: Belgium ELEV: 14 LAT: 51:17:80 LONG: -4:25:20 TEMPERATURE ( °C), RAIN (mm), WIND SPEED (kmh) HEAT COOL AVG MEAN DEG DEG WIND DOM DAY TEMP HIGH TIME LOW TIME DAYS DAYS RAIN SPEED HIGH TIME DIR -------------------------------------------------------------------------------------------------------- 01 09.3 16.3 16:40 02.2 06:49 09.0 00.0 00.2 04.1 24.1 12:51 N 02 12.0 19.3 15:52 03.2 06:45 06.3 00.0 00.0 05.5 29.6 16:31 SSW 03 11.8 15.3 15:22 07.2 00:00 06.5 00.0 00.0 06.9 33.3 02:17 NW 04 11.5 19.4 17:03 03.6 06:03 06.8 00.0 00.2 02.1 18.5 13:22 ESE 05 14.6 23.1 16:25 05.3 07:06 03.7 00.0 00.0 02.7 27.8 13:36 ESE 06 18.4 26.4 17:09 09.2 06:34 00.0 00.1 00.0 03.6 29.6 17:23 SSE 07 20.3 29.3 16:54 11.0 06:45 00.0 02.0 00.0 02.4 24.1 14:01 SSE 08 21.9 30.3 15:08 13.3 06:00 00.0 03.6 00.0 03.2 27.8 18:01 ESE 09 22.7 27.3 13:08 15.5 06:56 00.0 04.4 00.0 06.9 29.6 13:25 SE 10 22.6 27.1 18:30 16.3 00:00 00.0 04.3 00.6 05.3 29.6 15:00 SE 11 20.5 28.2 15:55 14.5 06:47 00.0 02.2 00.2 02.1 16.6 18:40 ESE 12 21.2 27.3 18:10 13.8 06:45 00.0 02.9 00.2 02.4 22.2 12:03 E 13 18.8 30.2 11:24 11.3 00:00 00.0 00.5 01.6 05.7 35.1 18:49 N 14 10.0 12.9 14:31 07.4 00:00 08.3 00.0 00.6 08.7 46.3 16:08 N 15 09.8 12.9 14:06 07.4 00:19 08.5 00.0 00.0 06.6 31.4 11:28 NNW 16 10.6 14.8 16:26 05.2 06:50 07.7 00.0 00.0 03.4 20.4 19:04 NNW 17 13.8 19.6 15:03 08.4 00:27 04.5 00.0 00.0 04.7 24.1 14:51 SW 18 15.0 19.0 15:00 11.4 06:13 03.3 00.0 00.8 07.4 37.0 15:00 S 19 14.8 20.7 17:01 09.9 07:23 03.5 00.0 00.2 05.5 27.8 15:33 SSW 20 15.4 20.6 17:51 12.2 04:11 02.9 00.0 00.4 09.4 33.3 16:52 SSW 21 18.9 24.3 17:18 13.4 05:02 00.0 00.6 00.2 08.8 44.4 16:11 S 22 16.4 19.1 00:38 13.1 00:00 01.9 00.0 14.0 03.6 20.4 23:08 SSW 23 12.2 13.8 15:42 11.1 07:11 06.1 00.0 08.4 07.6 27.8 00:50 NNW 24 12.3 16.0 16:22 10.4 00:00 06.0 00.0 00.0 06.1 24.1 18:12 NNW 25 12.8 18.4 18:23 10.2 04:00 05.5 00.0 00.0 02.6 16.6 11:58 W 26 16.3 23.5 16:09 09.3 03:43 02.0 00.0 00.0 02.2 20.4 17:17 NNE 27 18.0 24.1 17:26 13.9 07:04 00.3 00.0 00.2 02.5 20.4 19:12 NNE 28 18.6 25.2 15:40 12.7 06:34 00.0 00.3 00.0 03.4 20.4 19:56 N 29 17.5 21.7 12:24 15.3 06:30 00.8 00.0 01.8 03.6 20.4 19:01 N 30 14.6 15.5 00:02 13.9 00:00 03.7 00.0 30.2 07.5 29.6 12:21 N -------------------------------------------------------------------------------------------------------- 15.7 (15.9) 30.9 day 13 02.2 day 01 097.5 020.8 060.2 04.9 46.3 day 21 SE Max > 30: 2 Min < 30: 30 Max Rain: 30.2 ON 30-05-16 Days of Rain: 16 (> .2mm) 3 (> 2mm) 1 (> 20mm)