NOAA-Style Climate Reports
Select a Year or Month report
2024: jan feb maa apr mei jun jul aug sep okt nov dec
2023: jan feb maa apr mei jun jul aug sep okt nov dec
2022: jan feb maa apr mei jun jul aug sep okt nov dec
2021: jan feb maa apr mei jun jul aug sep okt nov dec
2020: jan feb maa apr mei jun jul aug sep okt nov dec
2019: jan feb maa apr mei jun jul aug sep okt nov dec
2018: jan feb maa apr mei jun jul aug sep okt nov dec
2017: jan feb maa apr mei jun jul aug sep okt nov dec
2016: jan feb maa apr mei jun jul aug sep okt nov dec
2015: jan feb maa apr mei jun jul aug sep okt nov dec
2014: jan feb maa apr mei jun jul aug sep okt nov dec
2013: jan feb maa apr mei jun jul aug sep okt nov dec
2012: jan feb maa apr mei jun jul aug sep okt nov dec
2011: jan feb maa apr mei jun jul aug sep okt nov dec
2010: jan feb maa apr mei jun jul aug sep okt nov dec
2024: jan feb maa apr mei jun jul aug sep okt nov dec
2023: jan feb maa apr mei jun jul aug sep okt nov dec
2022: jan feb maa apr mei jun jul aug sep okt nov dec
2021: jan feb maa apr mei jun jul aug sep okt nov dec
2020: jan feb maa apr mei jun jul aug sep okt nov dec
2019: jan feb maa apr mei jun jul aug sep okt nov dec
2018: jan feb maa apr mei jun jul aug sep okt nov dec
2017: jan feb maa apr mei jun jul aug sep okt nov dec
2016: jan feb maa apr mei jun jul aug sep okt nov dec
2015: jan feb maa apr mei jun jul aug sep okt nov dec
2014: jan feb maa apr mei jun jul aug sep okt nov dec
2013: jan feb maa apr mei jun jul aug sep okt nov dec
2012: jan feb maa apr mei jun jul aug sep okt nov dec
2011: jan feb maa apr mei jun jul aug sep okt nov dec
2010: jan feb maa apr mei jun jul aug sep okt nov dec
Rapport voor 2016 april
Daily noaa report MONTHLY CLIMATOLOGICAL SUMMARY for APR. 2016 NAME: Ekeren CITY: Antwerp STATE: Belgium ELEV: 14 LAT: 51:17:80 LONG: -4:25:20 TEMPERATURE ( °C), RAIN (mm), WIND SPEED (kmh) HEAT COOL AVG MEAN DEG DEG WIND DOM DAY TEMP HIGH TIME LOW TIME DAYS DAYS RAIN SPEED HIGH TIME DIR -------------------------------------------------------------------------------------------------------- 08 10.6 14.3 14:52 06.1 00:00 07.7 00.0 01.2 02.8 20.4 13:25 WSW 09 09.9 15.7 17:50 03.5 06:34 08.4 00.0 00.6 05.4 29.6 13:08 S 10 11.5 16.9 16:20 05.7 07:56 06.8 00.0 01.8 03.7 22.2 17:02 SE 11 15.1 21.8 15:11 09.5 07:53 03.2 00.0 00.0 06.2 33.3 15:51 SE 12 13.1 18.2 14:16 08.7 00:00 05.2 00.0 00.0 06.8 29.6 13:00 S 13 10.9 16.3 17:59 05.6 07:34 07.4 00.0 00.0 02.9 20.4 14:38 SSE 14 11.9 19.1 17:16 04.9 06:17 06.4 00.0 00.0 03.7 25.9 23:59 SSE 15 12.0 16.3 17:03 09.8 06:26 06.3 00.0 11.2 07.9 44.4 17:08 SSW 16 09.8 11.8 11:44 05.9 00:00 08.5 00.0 00.8 08.5 40.7 02:08 SW 17 07.9 11.7 16:52 05.0 07:02 10.4 00.0 00.2 05.0 33.3 16:55 NNW 18 08.4 13.9 15:43 02.1 06:16 09.9 00.0 00.0 05.4 29.6 18:39 WSW 19 11.2 15.6 16:28 06.9 00:00 07.1 00.0 00.0 06.1 29.6 10:51 NW 20 10.0 16.7 17:30 02.9 07:27 08.3 00.0 00.0 03.1 27.8 18:25 NE 21 12.8 21.3 15:27 04.8 07:21 05.5 00.0 00.0 03.6 20.4 18:19 NE 22 11.1 14.7 16:12 07.6 08:07 07.2 00.0 00.0 05.1 24.1 17:42 NNE 23 07.8 11.4 15:58 04.9 00:00 10.5 00.0 00.0 06.6 38.9 14:45 N 24 05.5 09.4 17:10 03.5 07:37 12.8 00.0 02.0 06.2 44.4 15:49 NNW 25 05.7 09.1 15:56 03.1 01:14 12.6 00.0 00.4 07.3 33.3 16:06 SW 26 05.9 08.3 13:06 03.7 06:10 12.4 00.0 00.2 10.5 46.3 13:34 WNW 27 06.6 09.2 14:25 03.7 06:30 11.7 00.0 00.4 10.2 51.8 17:30 WNW 28 06.1 10.8 12:23 01.1 06:57 12.2 00.0 00.2 03.7 38.9 13:08 SSW 29 08.5 11.3 18:22 06.6 05:36 09.8 00.0 00.0 11.8 44.4 07:01 SSW -------------------------------------------------------------------------------------------------------- 09.7 (9.8) 21.8 day 11 01.1 day 28 190.1 000.0 029.0 06.0 51.8 day 26 WSW Min < 30: 22 Max Rain: 11.2 ON 15-04-16 Days of Rain: 11 (> .2mm) 1 (> 2mm) 0 (> 20mm)