NOAA-Style Climate Reports
Select a Year or Month report
2024: jan feb maa apr mei jun jul aug sep okt nov dec
2023: jan feb maa apr mei jun jul aug sep okt nov dec
2022: jan feb maa apr mei jun jul aug sep okt nov dec
2021: jan feb maa apr mei jun jul aug sep okt nov dec
2020: jan feb maa apr mei jun jul aug sep okt nov dec
2019: jan feb maa apr mei jun jul aug sep okt nov dec
2018: jan feb maa apr mei jun jul aug sep okt nov dec
2017: jan feb maa apr mei jun jul aug sep okt nov dec
2016: jan feb maa apr mei jun jul aug sep okt nov dec
2015: jan feb maa apr mei jun jul aug sep okt nov dec
2014: jan feb maa apr mei jun jul aug sep okt nov dec
2013: jan feb maa apr mei jun jul aug sep okt nov dec
2012: jan feb maa apr mei jun jul aug sep okt nov dec
2011: jan feb maa apr mei jun jul aug sep okt nov dec
2010: jan feb maa apr mei jun jul aug sep okt nov dec
2024: jan feb maa apr mei jun jul aug sep okt nov dec
2023: jan feb maa apr mei jun jul aug sep okt nov dec
2022: jan feb maa apr mei jun jul aug sep okt nov dec
2021: jan feb maa apr mei jun jul aug sep okt nov dec
2020: jan feb maa apr mei jun jul aug sep okt nov dec
2019: jan feb maa apr mei jun jul aug sep okt nov dec
2018: jan feb maa apr mei jun jul aug sep okt nov dec
2017: jan feb maa apr mei jun jul aug sep okt nov dec
2016: jan feb maa apr mei jun jul aug sep okt nov dec
2015: jan feb maa apr mei jun jul aug sep okt nov dec
2014: jan feb maa apr mei jun jul aug sep okt nov dec
2013: jan feb maa apr mei jun jul aug sep okt nov dec
2012: jan feb maa apr mei jun jul aug sep okt nov dec
2011: jan feb maa apr mei jun jul aug sep okt nov dec
2010: jan feb maa apr mei jun jul aug sep okt nov dec
Rapport voor 2016 maart
Daily noaa report MONTHLY CLIMATOLOGICAL SUMMARY for MAR. 2016 NAME: Ekeren CITY: Antwerp STATE: Belgium ELEV: 14 LAT: 51:17:80 LONG: -4:25:20 TEMPERATURE ( °C), RAIN (mm), WIND SPEED (kmh) HEAT COOL AVG MEAN DEG DEG WIND DOM DAY TEMP HIGH TIME LOW TIME DAYS DAYS RAIN SPEED HIGH TIME DIR -------------------------------------------------------------------------------------------------------- 01 03.0 08.7 00:00 -02.4 04:34 15.3 00.0 04.0 10.5 50.0 12:54 S 02 06.6 09.3 13:00 03.5 21:48 11.7 00.0 11.4 11.1 46.3 15:21 SW 03 04.4 09.6 15:11 01.2 08:05 13.9 00.0 02.4 04.4 29.6 03:41 NW 04 03.8 06.6 16:21 00.0 00:00 14.5 00.0 05.6 04.8 33.3 06:53 SSE 05 02.5 07.3 15:51 -01.9 05:46 15.8 00.0 00.6 01.3 18.5 22:40 SW 06 04.8 07.1 12:52 02.8 23:47 13.5 00.0 01.6 04.9 33.3 16:29 NW 07 03.6 08.1 15:39 00.4 00:00 14.7 00.0 02.4 02.3 18.5 15:20 NW 08 03.6 06.9 11:54 00.1 01:09 14.7 00.0 03.8 02.0 18.5 12:46 SW 09 06.2 08.9 16:55 03.7 08:11 12.1 00.0 00.0 09.0 40.7 11:59 SE 10 05.8 12.0 15:18 -00.1 07:50 12.5 00.0 00.0 02.4 20.4 13:23 ENE 11 05.7 11.3 15:23 00.8 07:57 12.6 00.0 00.0 02.7 20.4 16:46 NE 12 04.8 11.8 16:17 -00.7 07:27 13.5 00.0 00.2 02.3 24.1 13:22 NE 13 04.9 11.1 15:39 -00.7 07:24 13.4 00.0 00.0 05.1 27.8 14:01 NE 14 04.7 10.2 14:47 -00.3 07:26 13.6 00.0 00.0 05.2 29.6 09:30 NE 15 05.6 10.1 13:27 01.1 07:37 12.7 00.0 00.0 04.6 29.6 13:27 NNE 16 05.7 09.4 13:29 01.7 07:57 12.6 00.0 00.0 05.8 33.3 17:06 NE 17 06.5 12.6 15:50 00.6 07:29 11.8 00.0 00.0 04.6 29.6 12:27 NE 18 05.0 07.1 16:21 02.4 07:02 13.3 00.0 00.0 03.9 20.4 22:18 N 19 06.7 08.3 15:12 05.6 07:29 11.6 00.0 00.0 04.3 22.2 14:43 NNE 20 07.3 10.1 14:35 05.7 07:20 11.0 00.0 00.0 04.3 20.4 16:47 N 21 07.9 10.7 15:23 06.1 01:38 10.4 00.0 00.4 04.2 20.4 19:36 NW 22 08.2 13.0 14:09 04.4 06:19 10.1 00.0 00.0 04.2 29.6 13:05 NW -------------------------------------------------------------------------------------------------------- 06.4 (5.5) 16.3 day 26 -02.4 day 01 368.4 000.0 058.8 06.0 66.6 day 28 S Min < 30: 31 Max Rain: 11.4 ON 2-03-16 Days of Rain: 19 (> .2mm) 10 (> 2mm) 0 (> 20mm)