NOAA-Style Climate Reports
Select a Year or Month report
2024: jan feb maa apr mei jun jul aug sep okt nov dec
2023: jan feb maa apr mei jun jul aug sep okt nov dec
2022: jan feb maa apr mei jun jul aug sep okt nov dec
2021: jan feb maa apr mei jun jul aug sep okt nov dec
2020: jan feb maa apr mei jun jul aug sep okt nov dec
2019: jan feb maa apr mei jun jul aug sep okt nov dec
2018: jan feb maa apr mei jun jul aug sep okt nov dec
2017: jan feb maa apr mei jun jul aug sep okt nov dec
2016: jan feb maa apr mei jun jul aug sep okt nov dec
2015: jan feb maa apr mei jun jul aug sep okt nov dec
2014: jan feb maa apr mei jun jul aug sep okt nov dec
2013: jan feb maa apr mei jun jul aug sep okt nov dec
2012: jan feb maa apr mei jun jul aug sep okt nov dec
2011: jan feb maa apr mei jun jul aug sep okt nov dec
2010: jan feb maa apr mei jun jul aug sep okt nov dec
2024: jan feb maa apr mei jun jul aug sep okt nov dec
2023: jan feb maa apr mei jun jul aug sep okt nov dec
2022: jan feb maa apr mei jun jul aug sep okt nov dec
2021: jan feb maa apr mei jun jul aug sep okt nov dec
2020: jan feb maa apr mei jun jul aug sep okt nov dec
2019: jan feb maa apr mei jun jul aug sep okt nov dec
2018: jan feb maa apr mei jun jul aug sep okt nov dec
2017: jan feb maa apr mei jun jul aug sep okt nov dec
2016: jan feb maa apr mei jun jul aug sep okt nov dec
2015: jan feb maa apr mei jun jul aug sep okt nov dec
2014: jan feb maa apr mei jun jul aug sep okt nov dec
2013: jan feb maa apr mei jun jul aug sep okt nov dec
2012: jan feb maa apr mei jun jul aug sep okt nov dec
2011: jan feb maa apr mei jun jul aug sep okt nov dec
2010: jan feb maa apr mei jun jul aug sep okt nov dec
Rapport voor 2015 november
Daily noaa report MONTHLY CLIMATOLOGICAL SUMMARY for NOV. 2015 NAME: Ekeren CITY: Antwerp STATE: Belgium ELEV: 14 LAT: 51:17:80 LONG: -4:25:20 TEMPERATURE ( °C), RAIN (mm), WIND SPEED (kmh) HEAT COOL AVG MEAN DEG DEG WIND DOM DAY TEMP HIGH TIME LOW TIME DAYS DAYS RAIN SPEED HIGH TIME DIR -------------------------------------------------------------------------------------------------------- 01 10.3 19.2 14:44 05.0 07:37 08.0 00.0 00.2 00.7 12.9 11:26 SE 02 08.4 16.6 14:55 03.6 07:28 09.9 00.0 00.0 00.8 12.9 13:19 SE 03 09.6 17.4 15:13 03.1 07:40 08.7 00.0 00.2 00.8 12.9 21:51 SSE 04 13.4 16.4 14:45 10.2 05:20 04.9 00.0 00.0 07.1 40.7 10:58 S 05 14.1 17.4 15:26 10.5 06:02 04.2 00.0 01.6 04.5 29.6 23:36 S 06 16.2 17.6 23:28 14.9 03:39 02.1 00.0 00.4 11.5 37.0 12:58 S 07 17.6 19.7 14:27 15.1 00:00 00.7 00.0 02.2 09.3 31.4 19:30 SSW 08 14.8 17.9 23:29 10.4 08:39 03.5 00.0 00.0 04.9 33.3 23:18 S 09 15.0 17.7 00:27 13.8 11:14 03.3 00.0 00.8 10.8 46.3 16:25 SSW 10 14.1 15.4 16:00 13.0 09:18 04.2 00.0 00.0 12.3 44.4 19:21 SSW 11 13.0 14.2 13:20 12.3 08:02 05.3 00.0 00.2 10.3 31.4 19:22 SSW 12 13.9 16.3 13:57 12.7 06:31 04.4 00.0 00.0 07.2 27.8 23:53 SSW 13 12.5 15.2 14:40 08.8 00:00 05.8 00.0 02.6 10.3 50.0 14:42 SSW 14 09.7 11.4 00:00 08.4 03:10 08.6 00.0 02.4 11.4 48.1 22:27 SSW 15 14.7 16.4 15:17 11.4 00:02 03.6 00.0 01.0 14.0 55.5 11:33 SW 16 13.2 14.1 00:01 12.7 00:00 05.1 00.0 01.2 12.8 44.4 13:53 SSW 17 14.7 16.3 20:27 12.7 00:35 03.6 00.0 05.4 14.2 62.9 23:29 SSW 18 14.0 15.2 01:08 12.9 21:18 04.3 00.0 00.6 14.9 66.6 00:43 SSW 19 11.7 14.2 03:14 08.9 19:20 06.6 00.0 07.6 07.5 51.8 01:32 SW 20 09.1 10.2 03:45 06.7 00:00 09.2 00.0 01.0 05.6 25.9 23:15 SW 21 04.9 07.3 14:15 02.4 11:46 13.4 00.0 05.4 07.1 37.0 00:28 WSW 22 03.3 05.8 13:55 01.2 00:00 15.0 00.0 04.4 02.5 22.2 04:31 WNW 23 03.1 08.1 13:53 -01.3 08:38 15.2 00.0 00.2 04.2 24.1 23:59 SSW 24 04.4 06.8 00:00 02.4 01:24 13.9 00.0 04.8 15.4 51.8 12:54 S 25 06.8 08.2 11:01 05.0 00:00 11.5 00.0 02.6 03.4 25.9 14:16 W 26 04.9 10.8 14:27 01.7 00:00 13.4 00.0 00.4 00.5 16.6 00:21 NW 27 04.7 06.8 16:04 01.6 00:34 13.6 00.0 00.4 10.6 44.4 23:58 S 28 07.1 08.8 14:07 05.1 00:01 11.2 00.0 04.0 13.0 55.5 23:55 SSW 29 11.0 13.6 21:56 07.7 00:22 07.3 00.0 09.6 15.1 61.0 18:44 SSW 30 10.8 12.3 23:39 08.8 09:45 07.5 00.0 06.8 11.5 55.5 15:57 WSW -------------------------------------------------------------------------------------------------------- 10.7 (10.8) 19.7 day 07 -01.3 day 23 228.1 000.0 066.0 08.5 66.6 day 28 SSW Min < 30: 30 Max Rain: 9.6 ON 29-11-15 Days of Rain: 25 (> .2mm) 12 (> 2mm) 0 (> 20mm)