NOAA-Style Climate Reports
Select a Year or Month report
2024: jan feb maa apr mei jun jul aug sep okt nov dec
2023: jan feb maa apr mei jun jul aug sep okt nov dec
2022: jan feb maa apr mei jun jul aug sep okt nov dec
2021: jan feb maa apr mei jun jul aug sep okt nov dec
2020: jan feb maa apr mei jun jul aug sep okt nov dec
2019: jan feb maa apr mei jun jul aug sep okt nov dec
2018: jan feb maa apr mei jun jul aug sep okt nov dec
2017: jan feb maa apr mei jun jul aug sep okt nov dec
2016: jan feb maa apr mei jun jul aug sep okt nov dec
2015: jan feb maa apr mei jun jul aug sep okt nov dec
2014: jan feb maa apr mei jun jul aug sep okt nov dec
2013: jan feb maa apr mei jun jul aug sep okt nov dec
2012: jan feb maa apr mei jun jul aug sep okt nov dec
2011: jan feb maa apr mei jun jul aug sep okt nov dec
2010: jan feb maa apr mei jun jul aug sep okt nov dec
2024: jan feb maa apr mei jun jul aug sep okt nov dec
2023: jan feb maa apr mei jun jul aug sep okt nov dec
2022: jan feb maa apr mei jun jul aug sep okt nov dec
2021: jan feb maa apr mei jun jul aug sep okt nov dec
2020: jan feb maa apr mei jun jul aug sep okt nov dec
2019: jan feb maa apr mei jun jul aug sep okt nov dec
2018: jan feb maa apr mei jun jul aug sep okt nov dec
2017: jan feb maa apr mei jun jul aug sep okt nov dec
2016: jan feb maa apr mei jun jul aug sep okt nov dec
2015: jan feb maa apr mei jun jul aug sep okt nov dec
2014: jan feb maa apr mei jun jul aug sep okt nov dec
2013: jan feb maa apr mei jun jul aug sep okt nov dec
2012: jan feb maa apr mei jun jul aug sep okt nov dec
2011: jan feb maa apr mei jun jul aug sep okt nov dec
2010: jan feb maa apr mei jun jul aug sep okt nov dec
Rapport voor 2015 september
Daily noaa report MONTHLY CLIMATOLOGICAL SUMMARY for SEP. 2015 NAME: Ekeren CITY: Antwerp STATE: Belgium ELEV: 14 LAT: 51:17:80 LONG: -4:25:20 TEMPERATURE ( °C), RAIN (mm), WIND SPEED (kmh) HEAT COOL AVG MEAN DEG DEG WIND DOM DAY TEMP HIGH TIME LOW TIME DAYS DAYS RAIN SPEED HIGH TIME DIR -------------------------------------------------------------------------------------------------------- 05 12.1 20.2 21:00 11.4 00:00 06.2 00.0 00.6 02.5 14.8 22:35 N 06 13.3 17.0 17:03 10.7 07:43 05.0 00.0 02.0 05.9 25.9 14:29 N 07 15.3 19.2 15:20 12.8 05:38 03.0 00.0 00.2 04.7 25.9 14:17 N 08 15.6 18.9 13:12 13.2 07:19 02.7 00.0 00.0 02.0 16.6 17:08 N 09 16.3 22.5 15:58 11.4 07:45 02.0 00.0 00.0 01.9 24.1 16:17 N 10 15.4 22.8 16:40 09.2 07:39 02.9 00.0 00.0 02.2 22.2 14:51 N 11 15.2 23.5 16:59 09.1 08:02 03.1 00.0 00.0 01.2 18.5 14:59 NE 12 16.0 21.3 14:27 12.4 01:31 02.3 00.0 00.8 03.3 27.8 14:47 SSE 13 16.6 21.3 14:59 11.9 09:00 01.7 00.0 00.8 03.6 35.1 21:22 S 14 14.7 19.8 13:32 12.5 05:10 03.6 00.0 05.4 08.0 59.2 18:13 S 15 14.1 16.9 13:17 11.7 03:31 04.2 00.0 00.0 14.5 57.4 15:58 S 16 15.0 19.7 13:51 12.0 03:26 03.3 00.0 05.6 05.1 42.5 13:17 SSE 17 15.4 17.3 02:03 13.5 00:00 02.9 00.0 04.2 11.0 64.8 02:16 SSW 18 14.8 18.4 17:45 11.2 07:55 03.5 00.0 00.2 09.0 37.0 12:11 S 19 14.7 17.7 17:11 11.9 23:46 03.6 00.0 02.0 04.3 24.1 15:35 WNW 20 14.4 20.0 16:12 09.3 08:13 03.9 00.0 00.0 01.7 18.5 11:51 WNW 21 14.0 18.5 14:48 09.3 03:55 04.3 00.0 02.4 07.3 35.1 14:13 SSW 22 13.3 17.1 12:53 11.7 20:58 05.0 00.0 05.0 06.7 27.8 01:42 SSW 23 13.5 16.4 17:35 11.9 04:53 04.8 00.0 17.2 05.3 27.8 17:33 WSW 24 13.8 16.2 13:12 12.3 03:02 04.5 00.0 00.8 09.9 35.1 13:44 SSW 25 13.6 18.1 13:28 09.7 00:00 04.7 00.0 00.0 04.8 20.4 15:58 SW 26 11.7 19.1 15:07 05.4 08:32 06.6 00.0 00.0 01.5 20.4 13:57 N 27 12.8 20.3 15:10 07.8 07:57 05.5 00.0 00.2 02.0 24.1 15:33 NE 28 12.3 18.9 13:59 07.9 08:08 06.0 00.0 00.2 01.8 18.5 17:16 NE 29 12.7 20.9 14:43 07.3 08:09 05.6 00.0 00.0 02.6 24.1 16:09 NE 30 13.0 20.2 14:37 07.7 08:22 05.3 00.0 00.0 02.8 29.6 14:59 NE -------------------------------------------------------------------------------------------------------- 14.2 (15.0) 23.5 day 11 05.4 day 26 106.1 000.0 087.2 04.8 64.8 day 17 SSW Min < 30: 26 Max Rain: 17.2 ON 23-09-15 Days of Rain: 16 (> .2mm) 6 (> 2mm) 0 (> 20mm)