NOAA-Style Climate Reports
Select a Year or Month report
2024: jan feb maa apr mei jun jul aug sep okt nov dec
2023: jan feb maa apr mei jun jul aug sep okt nov dec
2022: jan feb maa apr mei jun jul aug sep okt nov dec
2021: jan feb maa apr mei jun jul aug sep okt nov dec
2020: jan feb maa apr mei jun jul aug sep okt nov dec
2019: jan feb maa apr mei jun jul aug sep okt nov dec
2018: jan feb maa apr mei jun jul aug sep okt nov dec
2017: jan feb maa apr mei jun jul aug sep okt nov dec
2016: jan feb maa apr mei jun jul aug sep okt nov dec
2015: jan feb maa apr mei jun jul aug sep okt nov dec
2014: jan feb maa apr mei jun jul aug sep okt nov dec
2013: jan feb maa apr mei jun jul aug sep okt nov dec
2012: jan feb maa apr mei jun jul aug sep okt nov dec
2011: jan feb maa apr mei jun jul aug sep okt nov dec
2010: jan feb maa apr mei jun jul aug sep okt nov dec
2024: jan feb maa apr mei jun jul aug sep okt nov dec
2023: jan feb maa apr mei jun jul aug sep okt nov dec
2022: jan feb maa apr mei jun jul aug sep okt nov dec
2021: jan feb maa apr mei jun jul aug sep okt nov dec
2020: jan feb maa apr mei jun jul aug sep okt nov dec
2019: jan feb maa apr mei jun jul aug sep okt nov dec
2018: jan feb maa apr mei jun jul aug sep okt nov dec
2017: jan feb maa apr mei jun jul aug sep okt nov dec
2016: jan feb maa apr mei jun jul aug sep okt nov dec
2015: jan feb maa apr mei jun jul aug sep okt nov dec
2014: jan feb maa apr mei jun jul aug sep okt nov dec
2013: jan feb maa apr mei jun jul aug sep okt nov dec
2012: jan feb maa apr mei jun jul aug sep okt nov dec
2011: jan feb maa apr mei jun jul aug sep okt nov dec
2010: jan feb maa apr mei jun jul aug sep okt nov dec
Rapport voor 2015 juni
Daily noaa report MONTHLY CLIMATOLOGICAL SUMMARY for JUN. 2015 NAME: Ekeren CITY: Antwerp STATE: Belgium ELEV: 14 LAT: 51:17:80 LONG: -4:25:20 TEMPERATURE ( °C), RAIN (mm), WIND SPEED (kmh) HEAT COOL AVG MEAN DEG DEG WIND DOM DAY TEMP HIGH TIME LOW TIME DAYS DAYS RAIN SPEED HIGH TIME DIR -------------------------------------------------------------------------------------------------------- 01 13.8 17.4 17:20 10.4 06:16 04.5 00.0 00.0 06.5 29.6 18:44 SSW 02 15.6 18.9 21:06 12.0 06:36 02.7 00.0 01.8 17.2 55.5 14:01 SSW 03 15.6 18.5 18:35 11.8 00:00 02.7 00.0 00.6 06.8 46.3 02:43 WSW 04 17.1 25.2 17:46 07.8 06:20 01.2 00.0 00.0 02.2 20.4 19:16 ESE 05 22.0 34.3 16:42 13.1 06:09 00.0 03.7 10.4 04.3 44.4 18:55 SSE 06 17.1 20.4 17:26 13.9 07:58 01.2 00.0 00.2 05.8 25.9 14:34 WNW 07 15.9 21.6 17:14 10.9 00:00 02.4 00.0 00.0 05.2 29.6 16:16 NNW 08 13.3 19.8 15:10 07.5 05:30 05.0 00.0 00.0 05.1 29.6 17:43 NNE 09 12.6 17.9 16:46 08.3 06:41 05.7 00.0 00.0 04.9 27.8 19:37 NNE 10 16.4 24.2 18:22 08.7 05:51 01.9 00.0 00.0 04.2 29.6 14:43 NNE 11 20.0 27.3 17:13 12.7 06:33 00.0 01.7 00.0 03.2 20.4 16:29 NE 12 22.7 30.1 15:59 14.9 05:50 00.0 04.4 00.2 02.9 22.2 18:49 SE 13 19.3 23.1 16:57 15.2 09:59 00.0 01.0 00.6 09.9 37.0 07:33 SSW 14 16.9 22.4 15:12 13.2 06:04 01.4 00.0 00.0 04.5 25.9 17:03 NW 15 16.1 20.8 15:52 12.4 00:00 02.2 00.0 00.0 04.6 33.3 14:51 NNE 16 13.8 20.4 16:00 08.1 06:09 04.5 00.0 00.0 02.7 20.4 17:22 NNE 17 17.0 24.3 15:11 08.4 06:01 01.3 00.0 00.0 06.1 29.6 23:27 SSW 18 15.8 19.1 00:01 13.1 22:55 02.5 00.0 05.8 07.2 37.0 16:04 NW 19 14.0 16.3 18:03 11.9 09:49 04.3 00.0 04.6 05.2 35.1 15:44 NNW 20 14.5 18.6 17:08 11.2 03:01 03.8 00.0 01.0 03.0 20.4 01:40 NW 21 17.0 21.4 15:45 13.8 03:29 01.3 00.0 00.0 06.9 31.4 13:49 SW 22 13.5 16.4 15:02 11.2 23:51 04.8 00.0 02.8 06.5 29.6 14:28 SSW 23 13.7 17.6 13:47 11.2 00:02 04.6 00.0 00.8 06.9 33.3 17:25 NNW 24 17.3 22.6 17:23 12.7 05:22 01.0 00.0 00.0 04.8 27.8 12:42 SW 25 19.6 26.3 15:05 13.4 06:12 00.0 01.3 00.0 02.9 20.4 18:33 WNW 26 21.6 28.6 16:46 14.1 05:14 00.0 03.3 00.0 03.8 31.4 17:19 SW 27 20.3 24.2 14:52 16.3 00:00 00.0 02.0 00.0 05.8 31.4 10:51 WNW 28 19.6 26.1 17:36 12.2 06:13 00.0 01.3 00.0 03.5 25.9 15:12 S 29 20.5 25.4 17:02 16.3 06:21 00.0 02.2 00.0 04.2 25.9 15:20 NW 30 22.9 33.0 17:29 12.7 06:17 00.0 04.6 00.0 02.0 18.5 19:41 ESE -------------------------------------------------------------------------------------------------------- 17.2 (17.4) 34.3 day 05 07.5 day 08 058.7 025.4 028.8 05.3 55.5 day 02 WSW Max > 30: 3 Min < 30: 30 Max Rain: 10.4 ON 5-06-15 Days of Rain: 11 (> .2mm) 4 (> 2mm) 0 (> 20mm)