NOAA-Style Climate Reports
Select a Year or Month report
2024: jan feb maa apr mei jun jul aug sep okt nov dec
2023: jan feb maa apr mei jun jul aug sep okt nov dec
2022: jan feb maa apr mei jun jul aug sep okt nov dec
2021: jan feb maa apr mei jun jul aug sep okt nov dec
2020: jan feb maa apr mei jun jul aug sep okt nov dec
2019: jan feb maa apr mei jun jul aug sep okt nov dec
2018: jan feb maa apr mei jun jul aug sep okt nov dec
2017: jan feb maa apr mei jun jul aug sep okt nov dec
2016: jan feb maa apr mei jun jul aug sep okt nov dec
2015: jan feb maa apr mei jun jul aug sep okt nov dec
2014: jan feb maa apr mei jun jul aug sep okt nov dec
2013: jan feb maa apr mei jun jul aug sep okt nov dec
2012: jan feb maa apr mei jun jul aug sep okt nov dec
2011: jan feb maa apr mei jun jul aug sep okt nov dec
2010: jan feb maa apr mei jun jul aug sep okt nov dec
2024: jan feb maa apr mei jun jul aug sep okt nov dec
2023: jan feb maa apr mei jun jul aug sep okt nov dec
2022: jan feb maa apr mei jun jul aug sep okt nov dec
2021: jan feb maa apr mei jun jul aug sep okt nov dec
2020: jan feb maa apr mei jun jul aug sep okt nov dec
2019: jan feb maa apr mei jun jul aug sep okt nov dec
2018: jan feb maa apr mei jun jul aug sep okt nov dec
2017: jan feb maa apr mei jun jul aug sep okt nov dec
2016: jan feb maa apr mei jun jul aug sep okt nov dec
2015: jan feb maa apr mei jun jul aug sep okt nov dec
2014: jan feb maa apr mei jun jul aug sep okt nov dec
2013: jan feb maa apr mei jun jul aug sep okt nov dec
2012: jan feb maa apr mei jun jul aug sep okt nov dec
2011: jan feb maa apr mei jun jul aug sep okt nov dec
2010: jan feb maa apr mei jun jul aug sep okt nov dec
Rapport voor 2015 maart
Daily noaa report MONTHLY CLIMATOLOGICAL SUMMARY for MAR. 2015 NAME: Ekeren CITY: Antwerp STATE: Belgium ELEV: 14 LAT: 51:17:80 LONG: -4:25:20 TEMPERATURE ( °C), RAIN (mm), WIND SPEED (kmh) HEAT COOL AVG MEAN DEG DEG WIND DOM DAY TEMP HIGH TIME LOW TIME DAYS DAYS RAIN SPEED HIGH TIME DIR ---------------------------------------------------------------------------------------------------------------------------------------------------------- 01 09.6 12.3 13:00 06.8 02:45 08.7 00.0 02.0 14.4 48.1 22:47 SSW 02 06.4 09.2 12:29 04.7 14:00 11.9 00.0 02.8 09.0 44.4 13:38 WSW 03 05.3 08.0 16:18 03.2 06:13 13.0 00.0 02.2 09.7 46.3 19:10 SSW 04 05.7 08.3 13:38 03.1 07:07 12.6 00.0 00.2 08.0 44.4 17:35 W 05 05.8 10.7 13:04 01.6 07:10 12.5 00.0 00.0 02.8 20.4 17:10 WNW 06 07.1 10.2 15:17 05.1 04:28 11.2 00.0 00.0 06.0 20.4 23:28 SSW 07 09.4 14.7 16:46 05.4 05:27 08.9 00.0 00.0 10.7 37.0 11:53 S 08 10.6 17.5 14:47 07.0 07:11 07.7 00.0 00.0 07.0 25.9 13:51 SSW 09 09.8 13.6 15:22 06.8 08:06 08.5 00.0 00.0 04.2 20.4 22:47 S 10 09.6 13.1 12:13 04.0 00:00 08.7 00.0 00.2 04.9 24.1 14:42 NW 11 05.3 11.6 15:55 00.8 05:37 13.0 00.0 00.2 02.5 20.4 13:27 ESE 12 07.2 14.6 15:38 00.3 07:12 11.1 00.0 00.0 03.4 25.9 14:13 ESE 13 06.6 12.1 14:27 01.7 07:36 11.7 00.0 00.0 03.5 24.1 17:05 ENE 14 04.6 07.5 15:16 01.0 07:29 13.7 00.0 00.0 04.9 22.2 16:25 NE 15 05.8 07.3 15:37 04.7 05:29 12.5 00.0 00.4 04.0 20.4 03:08 NE 16 07.4 13.6 15:14 02.5 07:48 10.9 00.0 00.0 02.5 16.6 15:22 E 17 09.7 18.6 14:25 01.2 06:42 08.6 00.0 00.0 01.7 16.6 14:25 ENE 18 07.1 10.2 14:49 05.1 05:26 11.2 00.0 00.0 05.0 25.9 16:58 NNW 19 06.9 08.7 16:18 05.7 08:04 11.4 00.0 00.0 02.9 22.2 03:34 N 20 05.4 06.6 01:56 04.2 06:53 12.9 00.0 00.0 02.4 16.6 22:54 N 21 06.8 09.3 15:02 04.1 02:27 11.5 00.0 00.2 07.7 46.3 11:34 NNW 22 05.6 08.4 16:08 01.2 00:00 12.7 00.0 00.0 04.9 25.9 01:38 NE 23 04.8 11.4 15:07 -00.9 07:04 13.5 00.0 00.2 02.2 20.4 13:36 NNW 24 05.8 12.5 13:23 -00.5 07:22 12.5 00.0 04.6 02.3 18.5 08:31 SW 25 06.3 07.4 17:31 05.1 22:58 12.0 00.0 04.2 03.6 24.1 18:02 NNW 26 05.3 07.8 22:51 01.7 06:35 13.0 00.0 03.0 08.5 46.3 13:13 SSW 27 07.6 10.8 15:36 02.8 00:00 10.7 00.0 00.0 05.9 37.0 00:42 W 28 08.1 13.0 17:08 01.9 03:11 10.2 00.0 02.0 09.5 53.6 16:43 SSW 29 10.7 12.5 18:47 09.3 23:01 07.6 00.0 06.6 14.5 57.4 16:49 SW 30 08.7 10.4 17:46 07.1 23:42 09.6 00.0 00.8 11.1 42.5 13:24 WSW 31 10.6 12.8 13:16 07.1 22:12 07.7 00.0 05.8 17.2 74.0 10:18 WSW ---------------------------------------------------------------------------------------------------------------------------------------------------------- 07.3 (7.4) 18.6 day 17 -00.9 day 23 341.7 000.0 035.4 06.3 74.0 day 31 SW Min < 30: 31 Max Rain: 6.6 ON 29-03-15 Days of Rain: 16 (> .2mm) 7 (> 2mm) 0 (> 20mm)