NOAA-Style Climate Reports
Select a Year or Month report
2024: jan feb maa apr mei jun jul aug sep okt nov dec
2023: jan feb maa apr mei jun jul aug sep okt nov dec
2022: jan feb maa apr mei jun jul aug sep okt nov dec
2021: jan feb maa apr mei jun jul aug sep okt nov dec
2020: jan feb maa apr mei jun jul aug sep okt nov dec
2019: jan feb maa apr mei jun jul aug sep okt nov dec
2018: jan feb maa apr mei jun jul aug sep okt nov dec
2017: jan feb maa apr mei jun jul aug sep okt nov dec
2016: jan feb maa apr mei jun jul aug sep okt nov dec
2015: jan feb maa apr mei jun jul aug sep okt nov dec
2014: jan feb maa apr mei jun jul aug sep okt nov dec
2013: jan feb maa apr mei jun jul aug sep okt nov dec
2012: jan feb maa apr mei jun jul aug sep okt nov dec
2011: jan feb maa apr mei jun jul aug sep okt nov dec
2010: jan feb maa apr mei jun jul aug sep okt nov dec
2024: jan feb maa apr mei jun jul aug sep okt nov dec
2023: jan feb maa apr mei jun jul aug sep okt nov dec
2022: jan feb maa apr mei jun jul aug sep okt nov dec
2021: jan feb maa apr mei jun jul aug sep okt nov dec
2020: jan feb maa apr mei jun jul aug sep okt nov dec
2019: jan feb maa apr mei jun jul aug sep okt nov dec
2018: jan feb maa apr mei jun jul aug sep okt nov dec
2017: jan feb maa apr mei jun jul aug sep okt nov dec
2016: jan feb maa apr mei jun jul aug sep okt nov dec
2015: jan feb maa apr mei jun jul aug sep okt nov dec
2014: jan feb maa apr mei jun jul aug sep okt nov dec
2013: jan feb maa apr mei jun jul aug sep okt nov dec
2012: jan feb maa apr mei jun jul aug sep okt nov dec
2011: jan feb maa apr mei jun jul aug sep okt nov dec
2010: jan feb maa apr mei jun jul aug sep okt nov dec
Rapport voor 2015 february
Daily noaa report MONTHLY CLIMATOLOGICAL SUMMARY for FEB. 2015 NAME: Ekeren CITY: Antwerp STATE: Belgium ELEV: 14 LAT: 51:17:80 LONG: -4:25:20 TEMPERATURE ( °C), RAIN (mm), WIND SPEED (kmh) HEAT COOL AVG MEAN DEG DEG WIND DOM DAY TEMP HIGH TIME LOW TIME DAYS DAYS RAIN SPEED HIGH TIME DIR ---------------------------------------------------------------------------------------------------------------------------------------------------------- 01 03.6 05.3 14:06 01.6 01:03 14.7 00.0 03.2 05.9 33.3 05:40 W 02 02.0 04.0 00:04 01.3 11:20 16.3 00.0 06.0 03.8 24.1 05:07 W 03 01.8 04.7 15:22 00.1 23:59 16.5 00.0 00.2 02.5 14.8 08:27 WSW 04 01.4 06.4 14:11 -02.1 09:02 16.9 00.0 00.2 01.9 20.4 14:36 N 05 -00.5 02.3 14:35 -02.7 05:59 18.8 00.0 00.4 03.7 27.8 15:41 NNE 06 00.1 03.3 15:15 -01.7 06:42 18.2 00.0 00.0 08.0 35.1 14:47 NE 07 01.8 06.3 14:21 -02.5 07:43 16.5 00.0 00.0 03.7 18.5 14:45 N 08 05.0 07.2 16:16 03.2 22:10 13.3 00.0 00.2 06.0 37.0 04:38 N 09 04.6 06.4 14:29 03.3 04:04 13.7 00.0 00.0 03.4 20.4 13:59 W 10 06.0 06.5 17:02 05.7 00:00 12.3 00.0 00.2 01.6 09.3 00:00 ENE 11 04.4 05.7 00:59 00.8 22:59 13.9 00.0 00.0 02.3 16.6 03:29 SE 12 03.8 08.0 15:29 01.3 22:41 14.5 00.0 00.0 01.7 16.6 14:59 SSE 13 06.1 12.2 15:12 00.5 05:55 12.2 00.0 00.0 06.7 35.1 16:47 SSE 14 08.1 10.3 15:47 05.6 00:00 10.2 00.0 01.2 04.3 24.1 12:24 SE 15 06.6 11.8 14:13 01.3 06:00 11.7 00.0 00.0 02.5 14.8 20:01 NE 16 03.8 07.6 13:22 -01.6 08:17 14.5 00.0 00.8 05.4 24.1 23:01 S 17 05.2 09.0 14:47 00.8 00:00 13.1 00.0 00.4 03.8 25.9 15:51 W 18 01.5 07.1 14:50 -01.9 07:56 16.8 00.0 00.2 02.2 16.6 15:49 SSE 19 04.1 07.3 12:53 00.7 01:17 14.2 00.0 00.0 13.1 42.5 15:24 SSW 20 06.2 07.2 13:48 04.4 03:55 12.1 00.0 08.6 14.4 46.3 05:43 S 21 04.2 06.5 00:01 03.6 08:23 14.1 00.0 02.8 03.3 22.2 01:31 WNW 22 05.0 07.5 13:57 03.2 10:10 13.3 00.0 02.2 09.4 61.0 22:58 SSW 23 06.3 11.4 14:03 04.0 02:12 12.0 00.0 03.6 14.2 61.0 02:34 SSW 24 06.1 09.5 14:59 04.2 02:08 12.2 00.0 02.4 10.9 48.1 04:21 SSW 25 05.0 06.5 19:41 02.9 05:54 13.3 00.0 01.0 06.4 33.3 10:48 SSW 26 07.3 09.8 14:22 04.5 05:15 11.0 00.0 04.0 08.8 35.1 12:34 S 27 05.7 08.7 12:45 02.2 23:12 12.6 00.0 00.0 05.5 25.9 12:43 NW 28 05.7 10.1 14:47 01.6 01:10 12.6 00.0 00.0 14.2 61.0 19:44 S ---------------------------------------------------------------------------------------------------------------------------------------------------------- 04.3 (4.5) 12.2 day 13 -02.7 day 05 391.3 000.0 037.6 06.1 61.1 day 28 S Min < 30: 28 Max Rain: 8.6 ON 20-02-15 Days of Rain: 18 (> .2mm) 8 (> 2mm) 0 (> 20mm)