NOAA-Style Climate Reports
Select a Year or Month report
2024: jan feb maa apr mei jun jul aug sep okt nov dec
2023: jan feb maa apr mei jun jul aug sep okt nov dec
2022: jan feb maa apr mei jun jul aug sep okt nov dec
2021: jan feb maa apr mei jun jul aug sep okt nov dec
2020: jan feb maa apr mei jun jul aug sep okt nov dec
2019: jan feb maa apr mei jun jul aug sep okt nov dec
2018: jan feb maa apr mei jun jul aug sep okt nov dec
2017: jan feb maa apr mei jun jul aug sep okt nov dec
2016: jan feb maa apr mei jun jul aug sep okt nov dec
2015: jan feb maa apr mei jun jul aug sep okt nov dec
2014: jan feb maa apr mei jun jul aug sep okt nov dec
2013: jan feb maa apr mei jun jul aug sep okt nov dec
2012: jan feb maa apr mei jun jul aug sep okt nov dec
2011: jan feb maa apr mei jun jul aug sep okt nov dec
2010: jan feb maa apr mei jun jul aug sep okt nov dec
2024: jan feb maa apr mei jun jul aug sep okt nov dec
2023: jan feb maa apr mei jun jul aug sep okt nov dec
2022: jan feb maa apr mei jun jul aug sep okt nov dec
2021: jan feb maa apr mei jun jul aug sep okt nov dec
2020: jan feb maa apr mei jun jul aug sep okt nov dec
2019: jan feb maa apr mei jun jul aug sep okt nov dec
2018: jan feb maa apr mei jun jul aug sep okt nov dec
2017: jan feb maa apr mei jun jul aug sep okt nov dec
2016: jan feb maa apr mei jun jul aug sep okt nov dec
2015: jan feb maa apr mei jun jul aug sep okt nov dec
2014: jan feb maa apr mei jun jul aug sep okt nov dec
2013: jan feb maa apr mei jun jul aug sep okt nov dec
2012: jan feb maa apr mei jun jul aug sep okt nov dec
2011: jan feb maa apr mei jun jul aug sep okt nov dec
2010: jan feb maa apr mei jun jul aug sep okt nov dec
Rapport voor 2014 september
Daily noaa report MONTHLY CLIMATOLOGICAL SUMMARY for SEP. 2014 NAME: CITY: STATE: ELEV: LAT: LONG: TEMPERATURE ( °C), RAIN (mm), WIND SPEED (kmh) HEAT COOL AVG MEAN DEG DEG WIND DOM DAY TEMP HIGH TIME LOW TIME DAYS DAYS RAIN SPEED HIGH TIME DIR ---------------------------------------------------------------------------------------------------------------------------------------------------------- 01 16.0 22.2 16:50 10.2 07:33 02.3 00.0 00.2 01.0 20.4 13:47 WNW 02 17.7 23.6 16:59 12.9 06:48 00.6 00.0 00.0 00.6 14.8 17:55 NNE 03 17.7 23.3 15:16 13.7 05:27 00.6 00.0 00.0 01.6 22.2 16:30 NE 04 18.8 24.4 16:31 13.3 03:18 00.0 00.5 00.0 01.0 18.5 16:32 E 05 20.3 23.9 15:20 17.8 07:02 00.0 02.0 00.0 01.0 16.6 15:28 NE 06 18.3 20.2 16:18 14.9 23:56 00.0 00.0 00.0 01.5 16.6 14:08 NW 07 17.4 22.2 15:36 13.7 06:55 00.9 00.0 00.0 00.7 16.6 20:02 NNW 08 16.3 21.9 16:04 12.2 23:59 02.0 00.0 00.0 01.9 20.4 17:58 N 09 14.2 18.2 13:38 10.2 06:58 04.1 00.0 00.0 01.1 22.2 16:52 N 10 15.4 21.0 15:37 12.2 06:57 02.9 00.0 00.0 01.2 20.4 14:18 NNE 11 15.3 22.0 16:04 09.7 06:28 03.0 00.0 00.0 01.5 20.4 18:03 N 12 16.1 22.7 15:03 10.3 07:32 02.2 00.0 00.0 01.7 24.1 12:21 N 13 16.9 22.9 16:12 12.8 05:19 01.4 00.0 00.0 01.7 22.2 14:39 NNE 14 16.6 21.6 16:40 13.8 02:48 01.7 00.0 00.0 01.3 20.4 15:56 NE 15 17.5 24.2 15:23 12.7 05:46 00.8 00.0 00.0 00.5 18.5 15:39 ENE 16 18.1 25.3 15:15 12.3 07:57 00.2 00.0 00.0 00.6 14.8 14:17 ESE 17 19.0 26.8 16:22 12.5 07:22 00.0 00.7 00.0 00.7 14.8 17:15 SE 18 20.0 25.7 14:36 14.8 06:41 00.0 01.7 00.8 01.0 20.4 14:30 ESE 19 20.1 25.9 15:32 15.5 07:39 00.0 01.8 00.0 00.0 05.5 02:04 WNW 20 18.8 22.3 16:48 15.8 07:18 00.0 00.5 00.0 00.9 16.6 16:48 NNW 21 16.7 19.3 15:26 13.8 00:00 01.6 00.0 00.4 04.2 31.4 15:44 N 22 14.6 17.9 14:03 10.2 23:46 03.7 00.0 00.0 04.9 29.6 13:11 NNW 26 13.7 18.8 16:35 08.9 06:35 04.6 00.0 01.2 01.3 29.6 15:37 NW 27 16.9 21.9 15:46 13.2 00:00 01.4 00.0 00.0 00.0 11.1 17:59 SSW 28 16.5 23.2 14:36 11.5 07:59 01.8 00.0 00.0 00.5 18.5 14:55 SE 29 16.1 19.0 11:55 12.8 06:19 02.2 00.0 04.2 01.7 29.6 13:08 NNE 30 17.6 21.3 15:10 12.6 18:31 00.7 00.0 00.4 03.8 22.2 06:42 NNW ---------------------------------------------------------------------------------------------------------------------------------------------------------- 17.1 (17.5) 26.8 day 17 08.9 day 23 038.7 007.1 007.2 01.4 31.5 day 29 N Min < 30: 27 Max Rain: 4.2 ON 29-09-14 Days of Rain: 6 (> .2mm) 1 (> 2mm) 0 (> 20mm)