NOAA-Style Climate Reports
Select a Year or Month report
2024: jan feb maa apr mei jun jul aug sep okt nov dec
2023: jan feb maa apr mei jun jul aug sep okt nov dec
2022: jan feb maa apr mei jun jul aug sep okt nov dec
2021: jan feb maa apr mei jun jul aug sep okt nov dec
2020: jan feb maa apr mei jun jul aug sep okt nov dec
2019: jan feb maa apr mei jun jul aug sep okt nov dec
2018: jan feb maa apr mei jun jul aug sep okt nov dec
2017: jan feb maa apr mei jun jul aug sep okt nov dec
2016: jan feb maa apr mei jun jul aug sep okt nov dec
2015: jan feb maa apr mei jun jul aug sep okt nov dec
2014: jan feb maa apr mei jun jul aug sep okt nov dec
2013: jan feb maa apr mei jun jul aug sep okt nov dec
2012: jan feb maa apr mei jun jul aug sep okt nov dec
2011: jan feb maa apr mei jun jul aug sep okt nov dec
2010: jan feb maa apr mei jun jul aug sep okt nov dec
2024: jan feb maa apr mei jun jul aug sep okt nov dec
2023: jan feb maa apr mei jun jul aug sep okt nov dec
2022: jan feb maa apr mei jun jul aug sep okt nov dec
2021: jan feb maa apr mei jun jul aug sep okt nov dec
2020: jan feb maa apr mei jun jul aug sep okt nov dec
2019: jan feb maa apr mei jun jul aug sep okt nov dec
2018: jan feb maa apr mei jun jul aug sep okt nov dec
2017: jan feb maa apr mei jun jul aug sep okt nov dec
2016: jan feb maa apr mei jun jul aug sep okt nov dec
2015: jan feb maa apr mei jun jul aug sep okt nov dec
2014: jan feb maa apr mei jun jul aug sep okt nov dec
2013: jan feb maa apr mei jun jul aug sep okt nov dec
2012: jan feb maa apr mei jun jul aug sep okt nov dec
2011: jan feb maa apr mei jun jul aug sep okt nov dec
2010: jan feb maa apr mei jun jul aug sep okt nov dec
Rapport voor 2014 augustus
Daily noaa report MONTHLY CLIMATOLOGICAL SUMMARY for AUG. 2014 NAME: CITY: STATE: ELEV: LAT: LONG: TEMPERATURE ( °C), RAIN (mm), WIND SPEED (kmh) HEAT COOL AVG MEAN DEG DEG WIND DOM DAY TEMP HIGH TIME LOW TIME DAYS DAYS RAIN SPEED HIGH TIME DIR ---------------------------------------------------------------------------------------------------------------------------------------------------------- 01 21.3 27.6 16:00 14.9 06:01 00.0 03.0 00.0 02.2 20.4 19:30 N 02 22.2 26.3 13:01 17.8 06:00 00.0 03.9 00.8 05.5 37.0 19:30 N 03 21.1 26.3 14:31 17.3 07:30 00.0 02.8 00.0 03.2 24.1 15:00 NNW 04 19.8 24.3 18:31 15.7 07:30 00.0 01.5 00.0 02.5 22.2 17:00 NNW 05 19.5 25.3 15:31 13.5 07:01 00.0 01.2 00.0 02.3 22.2 15:30 NNW 06 18.2 21.0 13:01 15.8 06:30 00.1 00.0 04.6 04.5 33.3 15:30 N 07 18.9 26.4 15:01 16.1 06:30 00.0 00.6 15.0 02.8 22.2 17:00 N 08 18.3 20.6 14:31 15.9 06:01 00.0 00.0 11.9 00.8 18.5 18:30 E 09 20.1 24.0 15:31 16.1 07:30 00.0 01.8 02.5 08.3 50.0 15:00 N 10 18.7 23.3 11:31 15.9 03:31 00.0 00.4 38.1 06.5 53.6 19:30 N 11 17.7 22.4 13:31 14.6 07:30 00.6 00.0 01.8 12.8 44.4 18:30 N 12 16.5 20.4 13:31 14.3 07:00 01.8 00.0 15.0 09.9 46.3 12:30 N 13 17.4 21.8 17:01 12.9 07:31 00.9 00.0 00.0 05.9 25.9 18:30 N 14 16.4 20.6 16:31 13.9 23:00 01.9 00.0 16.8 05.4 33.3 19:00 N 15 16.1 20.7 15:01 12.9 02:01 02.2 00.0 00.5 05.1 38.9 19:00 NNW 16 16.9 19.6 14:30 14.2 07:00 01.4 00.0 06.1 03.7 40.7 15:30 WNW 17 15.5 17.8 18:01 14.1 07:01 02.8 00.0 11.9 11.7 51.8 16:30 N 18 14.9 18.1 16:31 12.6 22:01 03.4 00.0 02.5 07.7 38.9 11:00 NNW 19 14.5 17.6 13:31 11.3 00:00 03.8 00.0 02.3 06.3 42.5 14:30 NW 20 13.7 18.1 12:31 08.8 05:31 04.6 00.0 00.3 02.7 27.8 15:00 N 21 15.1 20.5 15:01 10.6 03:01 03.2 00.0 00.0 05.8 35.1 15:00 N 22 14.7 16.7 19:01 13.1 03:31 03.6 00.0 01.3 08.7 38.9 14:30 N 23 15.0 18.9 15:31 11.1 07:31 03.3 00.0 00.5 04.7 31.4 14:30 NW 24 13.4 18.3 13:30 10.5 07:31 04.9 00.0 02.0 03.4 25.9 14:00 N 25 13.4 18.5 12:34 08.4 07:10 04.9 00.0 10.2 02.0 22.2 13:57 NE 26 14.1 14.8 15:00 13.6 03:33 04.2 00.0 20.2 00.9 20.4 17:10 E 27 15.8 22.6 16:18 08.8 06:59 02.5 00.0 00.0 01.1 20.4 14:54 E 28 17.5 23.2 17:02 13.9 07:03 00.8 00.0 01.4 03.7 31.4 12:51 NNE 29 18.3 22.3 16:57 15.5 07:37 00.0 00.0 00.0 07.7 33.3 16:31 NNW 30 17.1 18.9 14:54 16.2 23:57 01.2 00.0 04.6 08.7 35.1 15:04 NNW 31 16.0 19.2 16:13 14.1 23:50 02.3 00.0 12.2 04.1 29.6 17:28 NNW ---------------------------------------------------------------------------------------------------------------------------------------------------------- 17.0 (17.4) 27.6 day 01 08.4 day 25 054.5 015.3 182.5 05.2 53.7 day 30 N Min < 30: 31 Max Rain: 38.1 ON 10-08-14 Days of Rain: 23 (> .2mm) 15 (> 2mm) 2 (> 20mm)