NOAA-Style Climate Reports
Select a Year or Month report
2024: jan feb maa apr mei jun jul aug sep okt nov dec
2023: jan feb maa apr mei jun jul aug sep okt nov dec
2022: jan feb maa apr mei jun jul aug sep okt nov dec
2021: jan feb maa apr mei jun jul aug sep okt nov dec
2020: jan feb maa apr mei jun jul aug sep okt nov dec
2019: jan feb maa apr mei jun jul aug sep okt nov dec
2018: jan feb maa apr mei jun jul aug sep okt nov dec
2017: jan feb maa apr mei jun jul aug sep okt nov dec
2016: jan feb maa apr mei jun jul aug sep okt nov dec
2015: jan feb maa apr mei jun jul aug sep okt nov dec
2014: jan feb maa apr mei jun jul aug sep okt nov dec
2013: jan feb maa apr mei jun jul aug sep okt nov dec
2012: jan feb maa apr mei jun jul aug sep okt nov dec
2011: jan feb maa apr mei jun jul aug sep okt nov dec
2010: jan feb maa apr mei jun jul aug sep okt nov dec
2024: jan feb maa apr mei jun jul aug sep okt nov dec
2023: jan feb maa apr mei jun jul aug sep okt nov dec
2022: jan feb maa apr mei jun jul aug sep okt nov dec
2021: jan feb maa apr mei jun jul aug sep okt nov dec
2020: jan feb maa apr mei jun jul aug sep okt nov dec
2019: jan feb maa apr mei jun jul aug sep okt nov dec
2018: jan feb maa apr mei jun jul aug sep okt nov dec
2017: jan feb maa apr mei jun jul aug sep okt nov dec
2016: jan feb maa apr mei jun jul aug sep okt nov dec
2015: jan feb maa apr mei jun jul aug sep okt nov dec
2014: jan feb maa apr mei jun jul aug sep okt nov dec
2013: jan feb maa apr mei jun jul aug sep okt nov dec
2012: jan feb maa apr mei jun jul aug sep okt nov dec
2011: jan feb maa apr mei jun jul aug sep okt nov dec
2010: jan feb maa apr mei jun jul aug sep okt nov dec
Rapport voor 2014 juli
Daily noaa report MONTHLY CLIMATOLOGICAL SUMMARY for JUL. 2014 NAME: CITY: STATE: ELEV: LAT: LONG: TEMPERATURE ( °C), RAIN (mm), WIND SPEED (kmh) HEAT COOL AVG MEAN DEG DEG WIND DOM DAY TEMP HIGH TIME LOW TIME DAYS DAYS RAIN SPEED HIGH TIME DIR ---------------------------------------------------------------------------------------------------------------------------------------------------------- 01 15.2 21.1 16:38 08.6 06:04 03.1 00.0 00.0 02.8 24.1 17:24 N 02 16.4 22.8 16:23 09.4 05:45 01.9 00.0 00.0 02.0 20.4 17:41 N 03 20.4 27.9 17:16 11.2 05:11 00.0 02.1 01.0 05.3 33.3 15:11 NNW 04 21.9 29.4 14:15 13.8 06:00 00.0 03.6 00.0 04.4 31.4 21:18 NNW 05 20.6 23.2 17:01 18.2 10:34 00.0 02.3 08.1 09.6 38.9 09:27 NNW 06 19.2 24.1 12:35 15.4 23:52 00.0 00.9 08.4 09.0 48.1 14:05 NW 07 17.9 23.7 15:33 13.2 06:05 00.4 00.0 00.0 04.6 22.2 13:46 NNW 08 15.3 17.6 00:01 14.1 22:23 03.0 00.0 17.0 02.8 22.2 14:59 NNW 09 15.1 16.6 23:46 13.7 10:04 03.2 00.0 15.2 08.6 44.4 16:04 NNW 10 18.5 20.3 15:01 16.6 00:05 00.0 00.2 00.3 04.9 22.2 00:22 WNW 11 17.4 19.3 17:30 16.3 07:32 00.9 00.0 00.3 02.2 20.4 21:30 W 12 17.5 18.6 17:47 16.8 05:54 00.8 00.0 00.8 01.8 18.5 15:44 W 13 18.1 20.8 17:10 16.2 07:40 00.2 00.0 07.9 04.3 22.2 23:43 NNW 14 19.1 22.5 12:56 15.6 00:00 00.0 00.8 00.5 04.7 24.1 13:58 NW 15 18.3 22.3 15:23 15.0 06:01 00.0 00.0 00.0 07.1 27.8 10:43 N 16 20.8 26.9 18:42 14.2 06:58 00.0 02.5 00.0 03.2 29.6 11:18 NNW 17 23.3 30.4 16:07 17.3 06:30 00.0 05.0 00.0 01.2 20.4 15:44 N 18 27.0 35.4 17:07 18.8 06:44 00.0 08.7 00.0 01.3 20.4 14:19 ESE 19 27.2 34.3 14:49 21.8 04:50 00.0 08.9 00.8 03.6 33.3 17:48 SE 20 22.5 26.7 14:41 19.2 07:06 00.0 04.2 01.0 03.9 33.3 01:34 NW 21 19.5 21.3 13:49 18.3 05:03 00.0 01.2 00.3 04.7 27.8 16:01 NNW 22 23.0 28.6 19:06 18.5 06:12 00.0 04.7 09.1 03.6 22.2 17:09 N 23 24.7 29.6 14:10 18.5 06:40 00.0 06.4 00.0 02.2 20.4 12:58 NE 24 23.1 28.9 15:14 17.8 06:51 00.0 04.8 00.0 01.8 20.4 15:52 NE 25 20.2 24.6 12:36 16.1 06:06 00.0 01.9 00.0 01.8 20.4 18:28 NE 26 21.4 26.9 16:51 16.7 06:43 00.0 03.1 00.0 02.9 20.4 19:10 NNW 27 21.6 27.3 16:04 18.9 07:14 00.0 03.3 05.3 02.1 24.1 18:15 NW 28 19.4 22.9 17:00 17.1 10:09 00.0 01.1 12.2 01.6 20.4 18:19 NNW 29 21.3 25.5 17:44 18.1 05:52 00.0 03.0 00.0 03.9 29.6 17:07 NNW 30 19.1 23.4 15:08 15.8 23:59 00.0 00.8 00.0 03.5 24.1 17:41 NNW 31 19.9 26.5 17:01 13.2 05:47 00.0 01.6 00.0 03.3 20.4 18:26 NNW ---------------------------------------------------------------------------------------------------------------------------------------------------------- 20.2 (20.4) 35.4 day 18 08.6 day 01 013.6 071.2 088.2 03.8 48.1 day 06 NNW Max > 30: 3 Min < 30: 31 Max Rain: 17.0 ON 8-07-14 Days of Rain: 16 (> .2mm) 8 (> 2mm) 0 (> 20mm)