NOAA-Style Climate Reports
Select a Year or Month report
2024: jan feb maa apr mei jun jul aug sep okt nov dec
2023: jan feb maa apr mei jun jul aug sep okt nov dec
2022: jan feb maa apr mei jun jul aug sep okt nov dec
2021: jan feb maa apr mei jun jul aug sep okt nov dec
2020: jan feb maa apr mei jun jul aug sep okt nov dec
2019: jan feb maa apr mei jun jul aug sep okt nov dec
2018: jan feb maa apr mei jun jul aug sep okt nov dec
2017: jan feb maa apr mei jun jul aug sep okt nov dec
2016: jan feb maa apr mei jun jul aug sep okt nov dec
2015: jan feb maa apr mei jun jul aug sep okt nov dec
2014: jan feb maa apr mei jun jul aug sep okt nov dec
2013: jan feb maa apr mei jun jul aug sep okt nov dec
2012: jan feb maa apr mei jun jul aug sep okt nov dec
2011: jan feb maa apr mei jun jul aug sep okt nov dec
2010: jan feb maa apr mei jun jul aug sep okt nov dec
2024: jan feb maa apr mei jun jul aug sep okt nov dec
2023: jan feb maa apr mei jun jul aug sep okt nov dec
2022: jan feb maa apr mei jun jul aug sep okt nov dec
2021: jan feb maa apr mei jun jul aug sep okt nov dec
2020: jan feb maa apr mei jun jul aug sep okt nov dec
2019: jan feb maa apr mei jun jul aug sep okt nov dec
2018: jan feb maa apr mei jun jul aug sep okt nov dec
2017: jan feb maa apr mei jun jul aug sep okt nov dec
2016: jan feb maa apr mei jun jul aug sep okt nov dec
2015: jan feb maa apr mei jun jul aug sep okt nov dec
2014: jan feb maa apr mei jun jul aug sep okt nov dec
2013: jan feb maa apr mei jun jul aug sep okt nov dec
2012: jan feb maa apr mei jun jul aug sep okt nov dec
2011: jan feb maa apr mei jun jul aug sep okt nov dec
2010: jan feb maa apr mei jun jul aug sep okt nov dec
Rapport voor 2014 juni
Daily noaa report MONTHLY CLIMATOLOGICAL SUMMARY for JUN. 2014 NAME: CITY: STATE: ELEV: LAT: LONG: TEMPERATURE ( °C), RAIN (mm), WIND SPEED (kmh) HEAT COOL AVG MEAN DEG DEG WIND DOM DAY TEMP HIGH TIME LOW TIME DAYS DAYS RAIN SPEED HIGH TIME DIR ---------------------------------------------------------------------------------------------------------------------------------------------------------- 01 14.6 20.5 17:20 08.6 05:26 03.7 00.0 00.0 01.5 14.8 18:09 N 02 15.9 22.2 15:08 09.7 06:02 02.4 00.0 00.0 02.8 20.4 16:46 NNW 03 15.5 21.8 16:10 10.6 04:08 02.8 00.0 03.0 01.7 20.4 17:04 NNW 04 14.5 18.9 16:33 12.1 00:00 03.8 00.0 10.2 04.0 33.3 21:43 WNW 05 14.0 19.6 17:36 09.7 04:35 04.3 00.0 02.0 09.2 38.9 14:13 NW 06 18.0 25.8 17:53 08.5 04:35 00.3 00.0 00.0 01.6 20.4 12:14 SE 07 21.7 28.7 18:43 14.6 06:13 00.0 03.4 00.3 02.0 29.6 13:27 NE 08 21.3 27.7 17:54 16.4 04:35 00.0 03.0 00.0 01.5 16.6 14:57 N 09 21.8 27.6 15:53 17.1 06:09 00.0 03.5 13.7 01.9 29.6 11:44 NNE 10 20.4 25.8 12:54 17.2 00:00 00.0 02.1 10.9 03.4 29.6 03:45 NNW 11 19.0 23.2 14:33 14.5 00:00 00.0 00.7 00.0 03.5 27.8 18:07 NNW 12 14.8 21.6 12:00 10.2 06:01 03.5 00.0 00.0 00.7 12.9 00:00 NNW 13 18.5 24.1 15:11 12.7 06:00 00.0 00.2 00.0 03.7 25.9 17:45 N 14 16.8 21.1 15:56 13.7 00:00 01.5 00.0 00.0 05.0 25.9 15:27 N 15 15.7 21.1 17:10 11.0 04:22 02.6 00.0 00.0 04.1 24.1 15:42 N 16 14.5 18.8 16:07 09.9 03:55 03.8 00.0 00.0 03.8 27.8 15:18 N 17 16.1 20.2 17:16 13.1 00:00 02.2 00.0 00.0 04.9 25.9 18:48 N 18 15.3 20.8 17:53 09.0 05:50 03.0 00.0 00.0 03.0 22.2 20:08 N 19 15.2 19.1 14:38 11.3 03:17 03.1 00.0 00.0 03.3 20.4 18:11 NNW 20 15.3 18.3 17:07 12.2 23:48 03.0 00.0 00.0 04.6 27.8 16:21 NNW 21 16.4 23.5 16:52 09.2 06:06 01.9 00.0 00.0 02.4 29.6 17:59 NW 22 17.3 23.1 16:32 11.2 05:58 01.0 00.0 00.0 02.7 22.2 16:30 N 23 17.3 24.0 17:32 09.6 05:33 01.0 00.0 00.0 01.7 20.4 16:56 NNE 24 18.3 24.3 15:11 11.9 05:44 00.0 00.0 00.0 03.9 27.8 17:19 NNW 25 15.9 20.2 15:54 10.7 06:39 02.4 00.0 00.0 02.5 20.4 20:54 NNE 26 17.4 23.9 16:04 11.9 04:58 00.9 00.0 00.0 01.2 20.4 13:42 N 27 18.0 24.0 13:36 14.5 04:41 00.3 00.0 01.3 03.4 33.3 12:27 NNW 28 16.8 21.0 13:50 14.7 04:13 01.5 00.0 16.8 03.9 20.4 03:28 NNW 29 15.7 19.9 15:37 13.3 06:11 02.6 00.0 16.8 02.7 22.2 19:20 WNW 30 16.5 20.4 16:02 11.9 00:00 01.8 00.0 00.0 04.7 25.9 15:38 NNW ---------------------------------------------------------------------------------------------------------------------------------------------------------- 17.0 (17.2) 28.7 day 07 08.5 day 06 053.2 012.8 074.9 03.2 38.9 day 05 NNW Min < 30: 30 Max Rain: 16.8 ON 29-06-14 Days of Rain: 9 (> .2mm) 7 (> 2mm) 0 (> 20mm)