NOAA-Style Climate Reports
Select a Year or Month report
2024: jan feb maa apr mei jun jul aug sep okt nov dec
2023: jan feb maa apr mei jun jul aug sep okt nov dec
2022: jan feb maa apr mei jun jul aug sep okt nov dec
2021: jan feb maa apr mei jun jul aug sep okt nov dec
2020: jan feb maa apr mei jun jul aug sep okt nov dec
2019: jan feb maa apr mei jun jul aug sep okt nov dec
2018: jan feb maa apr mei jun jul aug sep okt nov dec
2017: jan feb maa apr mei jun jul aug sep okt nov dec
2016: jan feb maa apr mei jun jul aug sep okt nov dec
2015: jan feb maa apr mei jun jul aug sep okt nov dec
2014: jan feb maa apr mei jun jul aug sep okt nov dec
2013: jan feb maa apr mei jun jul aug sep okt nov dec
2012: jan feb maa apr mei jun jul aug sep okt nov dec
2011: jan feb maa apr mei jun jul aug sep okt nov dec
2010: jan feb maa apr mei jun jul aug sep okt nov dec
2024: jan feb maa apr mei jun jul aug sep okt nov dec
2023: jan feb maa apr mei jun jul aug sep okt nov dec
2022: jan feb maa apr mei jun jul aug sep okt nov dec
2021: jan feb maa apr mei jun jul aug sep okt nov dec
2020: jan feb maa apr mei jun jul aug sep okt nov dec
2019: jan feb maa apr mei jun jul aug sep okt nov dec
2018: jan feb maa apr mei jun jul aug sep okt nov dec
2017: jan feb maa apr mei jun jul aug sep okt nov dec
2016: jan feb maa apr mei jun jul aug sep okt nov dec
2015: jan feb maa apr mei jun jul aug sep okt nov dec
2014: jan feb maa apr mei jun jul aug sep okt nov dec
2013: jan feb maa apr mei jun jul aug sep okt nov dec
2012: jan feb maa apr mei jun jul aug sep okt nov dec
2011: jan feb maa apr mei jun jul aug sep okt nov dec
2010: jan feb maa apr mei jun jul aug sep okt nov dec
Rapport voor 2014 mei
Daily noaa report MONTHLY CLIMATOLOGICAL SUMMARY for MAY. 2014 NAME: CITY: STATE: ELEV: LAT: LONG: TEMPERATURE ( °C), RAIN (mm), WIND SPEED (kmh) HEAT COOL AVG MEAN DEG DEG WIND DOM DAY TEMP HIGH TIME LOW TIME DAYS DAYS RAIN SPEED HIGH TIME DIR ---------------------------------------------------------------------------------------------------------------------------------------------------------- 01 13.1 20.1 14:43 08.1 05:22 05.2 00.0 00.0 01.4 20.4 15:40 NW 02 11.7 13.5 11:27 09.8 23:59 06.6 00.0 00.0 04.6 27.8 18:52 NNE 03 10.0 15.2 13:33 04.8 07:10 08.3 00.0 00.0 03.4 22.2 11:01 N 06 14.2 20.7 15:38 04.5 02:59 04.1 00.0 03.0 05.9 27.8 15:30 NNW 07 13.3 17.2 16:39 10.4 04:17 05.0 00.0 03.6 09.5 42.5 12:49 NW 08 12.5 14.3 22:16 11.4 12:09 05.8 00.0 08.1 12.2 48.1 22:42 NNW 09 14.4 17.2 13:43 12.2 08:26 03.9 00.0 01.0 11.9 50.0 14:47 NW 10 12.2 16.1 18:35 10.2 09:35 06.1 00.0 06.6 12.1 50.0 20:47 NNW 11 11.7 13.3 14:09 10.2 07:34 06.6 00.0 01.5 13.0 50.0 04:44 NW 12 11.8 15.1 18:22 09.4 06:27 06.5 00.0 01.3 07.7 33.3 11:55 NW 13 11.3 15.6 15:54 08.4 23:59 07.0 00.0 02.8 04.5 24.1 15:37 NNW 14 10.4 16.5 14:20 04.9 06:12 07.9 00.0 01.0 03.8 35.1 16:54 NNW 15 10.9 17.2 17:37 03.8 05:54 07.4 00.0 00.0 01.9 24.1 15:08 NNE 16 13.7 20.1 17:07 05.8 07:00 04.6 00.0 00.0 02.1 18.5 18:30 NE 17 15.6 22.9 16:17 08.4 06:05 02.7 00.0 00.0 01.8 16.6 17:14 NNE 18 17.6 25.1 17:05 09.4 06:07 00.7 00.0 00.0 01.5 20.4 16:21 E 19 19.9 27.2 16:39 11.6 06:26 00.0 01.6 00.0 02.0 27.8 16:15 SE 20 20.2 26.2 15:48 14.9 05:37 00.0 01.9 03.6 05.1 33.3 13:46 NNE 21 17.6 21.5 21:24 13.9 03:21 00.7 00.0 06.3 01.6 20.4 20:54 ENE 22 18.6 23.8 14:34 15.2 08:18 00.0 00.3 02.5 08.0 38.9 06:54 NNE 23 17.1 22.4 16:39 13.8 03:25 01.2 00.0 00.0 04.7 33.3 19:47 N 24 16.1 19.4 17:25 13.8 09:20 02.2 00.0 00.3 07.6 35.1 15:47 N 25 16.9 22.4 17:14 12.7 07:08 01.4 00.0 00.0 04.8 24.1 01:06 N 26 16.4 22.2 12:47 13.2 05:33 01.9 00.0 01.5 01.0 20.4 12:47 NNE 27 15.2 17.3 12:10 13.6 03:32 03.1 00.0 31.0 01.8 20.4 23:05 N 28 14.6 16.3 13:33 13.2 07:03 03.7 00.0 00.0 05.6 20.4 14:46 N 29 15.0 20.0 15:06 11.4 05:07 03.3 00.0 00.0 02.4 16.6 21:11 N 30 13.9 19.7 17:01 09.8 07:17 04.4 00.0 00.0 01.5 18.5 19:25 ENE 31 14.4 20.0 16:13 08.3 04:00 03.9 00.0 00.0 02.7 25.9 17:55 N ---------------------------------------------------------------------------------------------------------------------------------------------------------- 14.5 (14.8) 27.2 day 19 03.8 day 15 114.2 003.8 074.2 05.0 50.0 day 11 NNW Min < 30: 29 Max Rain: 31.0 ON 27-05-14 Days of Rain: 15 (> .2mm) 9 (> 2mm) 1 (> 20mm)