NOAA-Style Climate Reports
Select a Year or Month report
2024: jan feb maa apr mei jun jul aug sep okt nov dec
2023: jan feb maa apr mei jun jul aug sep okt nov dec
2022: jan feb maa apr mei jun jul aug sep okt nov dec
2021: jan feb maa apr mei jun jul aug sep okt nov dec
2020: jan feb maa apr mei jun jul aug sep okt nov dec
2019: jan feb maa apr mei jun jul aug sep okt nov dec
2018: jan feb maa apr mei jun jul aug sep okt nov dec
2017: jan feb maa apr mei jun jul aug sep okt nov dec
2016: jan feb maa apr mei jun jul aug sep okt nov dec
2015: jan feb maa apr mei jun jul aug sep okt nov dec
2014: jan feb maa apr mei jun jul aug sep okt nov dec
2013: jan feb maa apr mei jun jul aug sep okt nov dec
2012: jan feb maa apr mei jun jul aug sep okt nov dec
2011: jan feb maa apr mei jun jul aug sep okt nov dec
2010: jan feb maa apr mei jun jul aug sep okt nov dec
2024: jan feb maa apr mei jun jul aug sep okt nov dec
2023: jan feb maa apr mei jun jul aug sep okt nov dec
2022: jan feb maa apr mei jun jul aug sep okt nov dec
2021: jan feb maa apr mei jun jul aug sep okt nov dec
2020: jan feb maa apr mei jun jul aug sep okt nov dec
2019: jan feb maa apr mei jun jul aug sep okt nov dec
2018: jan feb maa apr mei jun jul aug sep okt nov dec
2017: jan feb maa apr mei jun jul aug sep okt nov dec
2016: jan feb maa apr mei jun jul aug sep okt nov dec
2015: jan feb maa apr mei jun jul aug sep okt nov dec
2014: jan feb maa apr mei jun jul aug sep okt nov dec
2013: jan feb maa apr mei jun jul aug sep okt nov dec
2012: jan feb maa apr mei jun jul aug sep okt nov dec
2011: jan feb maa apr mei jun jul aug sep okt nov dec
2010: jan feb maa apr mei jun jul aug sep okt nov dec
Rapport voor 2014 april
Daily noaa report MONTHLY CLIMATOLOGICAL SUMMARY for APR. 2014 NAME: CITY: STATE: ELEV: LAT: LONG: TEMPERATURE ( °C), RAIN (mm), WIND SPEED (kmh) HEAT COOL AVG MEAN DEG DEG WIND DOM DAY TEMP HIGH TIME LOW TIME DAYS DAYS RAIN SPEED HIGH TIME DIR ---------------------------------------------------------------------------------------------------------------------------------------------------------- 01 16.9 22.6 16:48 12.6 08:00 01.4 00.0 00.0 02.7 18.5 14:21 NNW 02 16.1 23.1 17:30 09.7 05:40 02.2 00.0 00.0 01.5 18.5 15:19 ESE 03 15.9 22.5 14:23 10.7 06:30 02.4 00.0 00.0 02.9 24.1 14:24 N 04 14.1 16.2 02:23 12.0 23:58 04.2 00.0 00.0 01.5 12.9 18:25 NW 05 14.0 19.6 16:58 10.1 08:14 04.3 00.0 00.0 03.1 20.4 19:08 NNW 06 14.6 18.9 15:09 09.1 03:33 03.7 00.0 00.8 06.9 33.3 14:18 N 07 17.3 22.7 16:56 14.1 07:04 01.0 00.0 05.6 09.4 35.1 16:00 N 08 11.4 14.5 01:57 09.3 07:53 06.9 00.0 01.3 09.4 42.5 13:08 WNW 09 12.9 17.0 15:58 08.3 10:00 05.4 00.0 00.0 04.3 24.1 11:52 WNW 10 12.5 18.9 14:55 08.0 07:35 05.8 00.0 00.0 03.4 18.5 17:53 NNW 11 12.5 17.3 13:22 09.4 07:38 05.8 00.0 00.0 03.0 20.4 20:13 N 12 11.2 16.3 13:32 04.7 07:57 07.1 00.0 00.0 02.7 20.4 22:56 NW 13 11.8 15.4 13:51 09.3 03:20 06.5 00.0 00.0 04.8 29.6 12:59 WNW 14 10.3 12.9 13:27 06.8 00:00 08.0 00.0 00.0 09.1 37.0 12:04 NNW 15 07.9 12.8 17:02 02.8 07:34 10.4 00.0 00.0 03.4 22.2 16:20 N 16 09.7 18.3 17:08 01.3 06:55 08.6 00.0 00.0 02.2 20.4 19:00 ESE 17 12.5 19.7 16:19 05.9 07:46 05.8 00.0 01.0 06.3 33.3 15:51 NNW 18 09.9 13.5 15:45 06.6 07:13 08.4 00.0 00.0 05.7 27.8 13:48 N 19 11.6 18.7 16:43 05.6 03:28 06.7 00.0 00.0 02.7 31.4 17:36 NE 20 15.7 22.8 16:16 10.1 07:04 02.6 00.0 00.0 02.8 29.6 14:06 ESE 21 14.9 21.6 14:07 09.1 07:04 03.4 00.0 00.0 01.9 20.4 20:02 E 22 14.9 19.4 16:06 10.7 07:27 03.4 00.0 00.0 05.1 29.6 13:23 N 23 16.0 22.4 17:15 10.4 07:29 02.3 00.0 00.0 01.9 20.4 15:13 N 24 14.4 18.3 18:15 11.1 03:53 03.9 00.0 01.8 01.7 16.6 19:07 N 25 17.5 25.7 14:10 11.5 06:53 00.8 00.0 00.3 04.7 35.1 18:19 NNE 26 14.5 19.1 14:13 09.8 07:26 03.8 00.0 00.0 07.5 31.4 16:08 N 27 14.3 19.2 13:54 10.1 07:01 04.0 00.0 00.0 03.1 24.1 15:45 NE 28 14.3 20.3 13:33 08.6 07:00 04.0 00.0 00.0 00.6 16.6 12:34 ESE 29 14.1 16.4 15:14 12.5 23:55 04.2 00.0 01.3 00.6 11.1 20:54 NW 30 12.5 17.9 15:25 09.5 07:10 05.8 00.0 00.0 02.6 20.4 16:26 NW ---------------------------------------------------------------------------------------------------------------------------------------------------------- 13.5 (13.9) 25.7 day 25 01.3 day 16 142.9 000.0 011.9 03.9 42.6 day 25 NNW Min < 30: 30 Max Rain: 5.6 ON 7-04-14 Days of Rain: 7 (> .2mm) 1 (> 2mm) 0 (> 20mm)