NOAA-Style Climate Reports
Select a Year or Month report
2024: jan feb maa apr mei jun jul aug sep okt nov dec
2023: jan feb maa apr mei jun jul aug sep okt nov dec
2022: jan feb maa apr mei jun jul aug sep okt nov dec
2021: jan feb maa apr mei jun jul aug sep okt nov dec
2020: jan feb maa apr mei jun jul aug sep okt nov dec
2019: jan feb maa apr mei jun jul aug sep okt nov dec
2018: jan feb maa apr mei jun jul aug sep okt nov dec
2017: jan feb maa apr mei jun jul aug sep okt nov dec
2016: jan feb maa apr mei jun jul aug sep okt nov dec
2015: jan feb maa apr mei jun jul aug sep okt nov dec
2014: jan feb maa apr mei jun jul aug sep okt nov dec
2013: jan feb maa apr mei jun jul aug sep okt nov dec
2012: jan feb maa apr mei jun jul aug sep okt nov dec
2011: jan feb maa apr mei jun jul aug sep okt nov dec
2010: jan feb maa apr mei jun jul aug sep okt nov dec
2024: jan feb maa apr mei jun jul aug sep okt nov dec
2023: jan feb maa apr mei jun jul aug sep okt nov dec
2022: jan feb maa apr mei jun jul aug sep okt nov dec
2021: jan feb maa apr mei jun jul aug sep okt nov dec
2020: jan feb maa apr mei jun jul aug sep okt nov dec
2019: jan feb maa apr mei jun jul aug sep okt nov dec
2018: jan feb maa apr mei jun jul aug sep okt nov dec
2017: jan feb maa apr mei jun jul aug sep okt nov dec
2016: jan feb maa apr mei jun jul aug sep okt nov dec
2015: jan feb maa apr mei jun jul aug sep okt nov dec
2014: jan feb maa apr mei jun jul aug sep okt nov dec
2013: jan feb maa apr mei jun jul aug sep okt nov dec
2012: jan feb maa apr mei jun jul aug sep okt nov dec
2011: jan feb maa apr mei jun jul aug sep okt nov dec
2010: jan feb maa apr mei jun jul aug sep okt nov dec
Rapport voor 2013 juni
Daily noaa report MONTHLY CLIMATOLOGICAL SUMMARY for JUN. 2013 NAME: Ekeren CITY: Antwerp STATE: ELEV: 40 LAT: 051:16:50 LONG: -004:25:14 TEMPERATURE ( °C), RAIN (mm), WIND SPEED (kmh) HEAT COOL AVG MEAN DEG DEG WIND DOM DAY TEMP HIGH TIME LOW TIME DAYS DAYS RAIN SPEED HIGH TIME DIR ---------------------------------------------------------------------------------------------------------------------------------------------------------- 01 11.4 15.5 13:37 09.2 05:23 06.9 00.0 00.0 07.1 31.4 14:51 NNW 02 12.7 18.3 14:39 06.7 05:33 05.6 00.0 00.2 05.3 29.6 12:44 N 03 11.5 16.7 15:39 06.9 06:27 06.8 00.0 00.0 03.5 25.9 20:18 NNE 04 13.8 21.9 18:18 06.3 04:43 04.5 00.0 00.0 02.6 20.4 20:44 NNE 05 17.5 24.9 17:11 09.8 06:17 00.8 00.0 00.0 02.3 20.4 20:18 NNE 06 19.4 27.7 16:59 11.9 06:27 00.0 01.1 00.0 02.5 20.4 19:14 NNE 07 20.2 27.0 15:34 12.9 06:09 00.0 01.9 00.0 03.0 24.1 17:07 NNE 08 16.9 24.1 15:38 10.7 06:22 01.4 00.0 00.0 04.5 24.1 22:34 NNE 09 14.4 19.8 16:43 09.9 06:01 03.9 00.0 00.0 04.6 25.9 14:14 NNE 10 12.8 17.8 16:00 08.5 04:50 05.5 00.0 00.0 02.6 20.4 16:02 NNW 11 15.8 23.2 15:40 06.9 05:45 02.5 00.0 00.0 03.7 20.4 21:22 SSW 12 19.5 23.4 17:12 17.2 06:55 00.0 01.2 00.8 09.4 35.1 23:57 SSW 13 17.7 19.8 01:32 14.2 00:00 00.6 00.0 01.0 10.7 37.0 22:26 SSW 14 15.1 20.0 15:52 11.3 06:39 03.2 00.0 00.0 06.7 25.9 12:20 SSW 15 16.1 20.2 14:17 11.2 06:00 02.2 00.0 00.0 08.5 48.1 20:00 SW 16 15.8 20.5 14:29 12.3 05:45 02.5 00.0 00.0 06.5 33.3 02:51 SW 17 18.7 25.4 17:02 12.0 04:52 00.0 00.4 00.4 01.4 16.6 15:11 NE 18 24.1 31.8 15:28 16.7 05:57 00.0 05.8 00.0 02.1 14.8 12:21 WSW 19 22.3 26.9 18:08 18.9 00:00 00.0 04.0 00.4 03.1 27.8 12:56 N 20 21.7 26.6 18:18 17.9 01:39 00.0 03.4 00.6 03.0 25.9 13:34 S 21 17.4 21.6 00:34 15.4 08:00 00.9 00.0 17.0 08.6 37.0 16:01 SSW 22 16.3 19.3 11:40 14.2 00:00 02.0 00.0 00.8 13.0 46.3 17:01 SSW 23 15.3 19.3 17:21 12.9 07:15 03.0 00.0 01.0 12.4 46.3 15:47 SSW 24 13.4 14.8 13:17 12.0 00:00 04.9 00.0 04.0 05.3 27.8 10:47 WSW 25 14.3 19.7 16:24 11.1 05:35 04.0 00.0 00.2 02.4 24.1 17:06 NNW 26 14.1 19.6 16:08 07.7 05:27 04.2 00.0 01.6 03.0 20.4 19:07 NW 27 13.5 16.2 15:05 11.2 04:46 04.8 00.0 05.6 04.2 24.1 15:08 NNW 28 14.3 16.9 17:28 12.3 00:57 04.0 00.0 03.8 05.2 22.2 22:14 SW 29 15.7 18.9 15:49 11.1 00:00 02.6 00.0 06.0 05.6 24.1 02:26 NNW 30 17.3 23.1 16:25 09.7 02:17 01.0 00.0 00.0 05.9 24.1 22:38 SW ---------------------------------------------------------------------------------------------------------------------------------------------------------- 16.3 (16.5) 31.8 day 18 06.3 day 04 077.8 017.8 043.4 05.3 48.1 day 22 WSW Max > 30: 1 Min < 30: 30 Max Rain: 17.0 ON 21-06-13 Days of Rain: 15 (> .2mm) 5 (> 2mm) 0 (> 20mm)