NOAA-Style Climate Reports
Select a Year or Month report
2024: jan feb maa apr mei jun jul aug sep okt nov dec
2023: jan feb maa apr mei jun jul aug sep okt nov dec
2022: jan feb maa apr mei jun jul aug sep okt nov dec
2021: jan feb maa apr mei jun jul aug sep okt nov dec
2020: jan feb maa apr mei jun jul aug sep okt nov dec
2019: jan feb maa apr mei jun jul aug sep okt nov dec
2018: jan feb maa apr mei jun jul aug sep okt nov dec
2017: jan feb maa apr mei jun jul aug sep okt nov dec
2016: jan feb maa apr mei jun jul aug sep okt nov dec
2015: jan feb maa apr mei jun jul aug sep okt nov dec
2014: jan feb maa apr mei jun jul aug sep okt nov dec
2013: jan feb maa apr mei jun jul aug sep okt nov dec
2012: jan feb maa apr mei jun jul aug sep okt nov dec
2011: jan feb maa apr mei jun jul aug sep okt nov dec
2010: jan feb maa apr mei jun jul aug sep okt nov dec
2024: jan feb maa apr mei jun jul aug sep okt nov dec
2023: jan feb maa apr mei jun jul aug sep okt nov dec
2022: jan feb maa apr mei jun jul aug sep okt nov dec
2021: jan feb maa apr mei jun jul aug sep okt nov dec
2020: jan feb maa apr mei jun jul aug sep okt nov dec
2019: jan feb maa apr mei jun jul aug sep okt nov dec
2018: jan feb maa apr mei jun jul aug sep okt nov dec
2017: jan feb maa apr mei jun jul aug sep okt nov dec
2016: jan feb maa apr mei jun jul aug sep okt nov dec
2015: jan feb maa apr mei jun jul aug sep okt nov dec
2014: jan feb maa apr mei jun jul aug sep okt nov dec
2013: jan feb maa apr mei jun jul aug sep okt nov dec
2012: jan feb maa apr mei jun jul aug sep okt nov dec
2011: jan feb maa apr mei jun jul aug sep okt nov dec
2010: jan feb maa apr mei jun jul aug sep okt nov dec
Rapport voor 2013 february
Daily noaa report MONTHLY CLIMATOLOGICAL SUMMARY for FEB. 2013 NAME: Ekeren CITY: Antwerp STATE: ELEV: 40 LAT: 051:16:50 LONG: -004:25:14 TEMPERATURE ( °C), RAIN (mm), WIND SPEED (kmh) HEAT COOL AVG MEAN DEG DEG WIND DOM DAY TEMP HIGH TIME LOW TIME DAYS DAYS RAIN SPEED HIGH TIME DIR ---------------------------------------------------------------------------------------------------------------------------------------------------------- 01 06.4 08.2 02:23 04.0 19:25 11.9 00.0 08.4 06.6 29.6 04:32 SW 02 04.6 06.6 12:35 02.8 14:00 13.7 00.0 00.8 06.3 40.7 08:08 NNW 03 04.8 07.7 23:59 03.4 04:30 13.5 00.0 00.8 06.8 40.7 16:23 SW 04 08.8 10.6 11:13 07.1 00:00 09.5 00.0 01.4 07.8 31.5 15:26 WSW 05 04.6 07.1 00:01 02.1 23:58 13.7 00.0 05.2 09.5 59.2 05:54 SW 06 03.3 05.9 16:08 01.4 08:46 15.0 00.0 02.0 07.2 35.2 00:57 NNW 07 03.1 05.6 12:00 00.8 00:00 15.2 00.0 01.8 04.8 33.3 13:58 NW 08 01.9 05.0 15:29 -00.7 23:20 16.4 00.0 02.8 02.3 20.4 17:06 NNW 09 00.9 03.1 16:16 -01.5 02:45 17.4 00.0 00.2 02.9 20.4 22:48 SSW 10 01.1 03.6 15:03 -00.8 08:41 17.2 00.0 00.0 08.9 38.9 16:43 SSE 11 -00.1 01.1 16:40 -01.4 08:59 18.4 00.0 00.0 05.5 25.9 01:15 E 12 -00.9 00.6 15:08 -03.1 08:41 19.2 00.0 00.0 02.6 16.7 16:25 NE 13 00.4 03.2 16:02 -01.0 08:30 17.9 00.0 00.0 01.6 14.8 15:06 ESE 14 00.3 02.4 00:00 -01.5 03:18 18.0 00.0 03.0 07.4 38.9 09:37 S 15 05.0 08.1 15:09 02.4 04:06 13.3 00.0 00.6 01.8 16.7 16:48 WSW 16 05.5 06.6 14:29 04.5 00:00 12.8 00.0 00.2 00.5 09.3 15:58 W 17 03.5 05.3 15:56 01.0 00:00 14.8 00.0 00.2 00.9 13.0 15:15 SE 18 02.4 07.9 14:03 -01.8 07:42 15.9 00.0 00.2 00.7 13.0 14:49 ENE 19 03.0 06.6 15:41 -01.3 04:33 15.3 00.0 00.0 01.3 16.7 23:47 N 20 01.2 04.6 13:35 -01.6 00:00 17.1 00.0 00.0 04.7 27.8 16:52 ENE 21 -00.8 02.3 14:09 -03.0 05:43 19.1 00.0 00.0 04.8 25.9 14:35 NE 22 -01.5 00.1 14:47 -03.3 08:06 19.8 00.0 00.0 05.8 27.8 12:24 NE 23 -01.5 00.8 17:04 -04.3 07:14 19.8 00.0 00.0 07.6 29.6 12:43 NNE 24 00.3 01.3 15:51 -00.9 02:31 18.0 00.0 01.8 06.1 25.9 11:07 NNE 26 02.0 04.8 19:51 00.7 01:38 16.3 00.0 01.2 05.4 20.4 21:47 NNE 27 01.6 03.8 00:29 00.9 09:58 16.7 00.0 00.0 03.9 20.4 15:07 NE 28 01.9 03.2 16:18 01.0 00:12 16.4 00.0 00.0 01.8 14.8 10:09 ENE ---------------------------------------------------------------------------------------------------------------------------------------------------------- 02.3 (2.4) 10.6 day 04 -04.3 day 23 432.1 000.0 030.6 04.6 59.2 day 05 NE Min < 30: 27 Max Rain: 8.4 ON 1-02-13 Days of Rain: 12 (> .2mm) 4 (> 2mm) 0 (> 20mm)